{"id":32,"date":"2012-09-26T15:07:59","date_gmt":"2012-09-26T15:07:59","guid":{"rendered":"http:\/\/www.manuelrojas.cl\/?page_id=32"},"modified":"2023-06-22T23:09:04","modified_gmt":"2023-06-22T23:09:04","slug":"poesia","status":"publish","type":"page","link":"https:\/\/manuelrojas.cl\/index.php\/manuel-rojas\/obra\/poesia\/","title":{"rendered":"Poes\u00eda"},"content":{"rendered":"<p>[et_pb_section admin_label=&#8221;section&#8221;]<br \/>\n\t\t\t[et_pb_row admin_label=&#8221;row&#8221;]<br \/>\n\t\t\t\t[et_pb_column type=&#8221;4_4&#8243;][et_pb_text admin_label=&#8221;Text&#8221;]<\/p>\n<p class=\"dropcap\" style=\"text-align: justify;\">Poeta perseverante de juventud e intermitente en a\u00f1os posteriores, la l\u00edrica estar\u00eda siempre presente en el quehacer literario de Manuel Rojas. Se inicia con tempranos versos de inspiraci\u00f3n modernista, de los cuales dir\u00eda a\u00f1os despu\u00e9s: <i>\u00abempec\u00e9 a escribir poes\u00edas y produje las peores que se hayan escrito en el hemisferio sur\u00bb<\/i>. La publicaci\u00f3n de su soneto <span style=\"color: #0f4b81;\"><i>Gusano<\/i><\/span>, en 1917, le otorga un primer reconocimiento de la cr\u00edtica y lo alienta para publicar, en la ciudad de Mendoza, una primera colecci\u00f3n de 9 poemas con el t\u00edtulo de <span style=\"color: #0f4b81;\"><i>Po\u00e9ticas<\/i><\/span>.<\/p>\n<p style=\"text-align: justify;\">Posteriormente en Chile, una treintena de poes\u00edas aparecieron dispersas en revistas y peri\u00f3dicos, siendo reunidas en 1927 en el libro <span style=\"color: #0f4b81;\"><i>Tonada del transe\u00fante<\/i><\/span>. M\u00e1s tarde publica su poema mayor y m\u00e1s extenso, con el nombre de <span style=\"color: #0f4b81;\"><i>Deshecha rosa<\/i><\/span>, dedicado a su mujer ya fallecida Mar\u00eda Baeza \u2013ella misma poeta\u2013 y a la que le hab\u00eda compuesto a mano su desconocida obra: <span style=\"color: #0f4b81;\"><i>Canciones para ellos<\/i><\/span>.<\/p>\n<p style=\"text-align: justify;\">Los poemas de Manuel Rojas terminaron siendo alabados y destacados por los principales autores y cr\u00edticos de la \u00e9poca.<\/p>\n<table class=\"table\" style=\"width: 100%;\">\n<tbody>\n<tr>\n<td>\n<p><a title=\"Po\u00e9ticas\" href=\"http:\/\/www.manuelrojas.cl\/poeticas\/\" data-wplink-edit=\"true\"><img loading=\"lazy\" decoding=\"async\" class=\"margin-top: 5px;margin-bottom: 5px;margin-right: 5px;margin-left: 5px; wp-image-5208 alignnone\" src=\"http:\/\/www.manuelrojas.cl\/wp-content\/uploads\/poeticas_chica.jpg\" alt=\"Po\u00e9ticas\" width=\"150\" height=\"225\" \/><\/a><\/p>\n<h5><a href=\"http:\/\/www.manuelrojas.cl\/poeticas\/\">Po\u00e9ticas<\/a><\/h5>\n<\/td>\n<td>\n<p><a title=\"Tonada del transe\u00fante\" href=\"http:\/\/www.manuelrojas.cl\/tonada-del-transeunte\/\"><img loading=\"lazy\" decoding=\"async\" class=\"margin-top: 5px;margin-bottom: 5px;margin-right: 5px;margin-left: 5px; wp-image-5208 alignnone\" src=\"http:\/\/www.manuelrojas.cl\/wp-content\/uploads\/manuelrojastonadadeltranseunte_chica.jpg\" alt=\"Tonada del transe\u00fante\" width=\"150\" height=\"225\" \/><\/a><\/p>\n<h5><a href=\"http:\/\/www.manuelrojas.cl\/tonada-del-transeunte\/\">Tonada del transe\u00fante<\/a><\/h5>\n<\/td>\n<td>\n<p><a title=\"Deshecha rosa\" href=\"http:\/\/www.manuelrojas.cl\/deshecha-rosa\/\"><img loading=\"lazy\" decoding=\"async\" class=\"margin-top: 5px;margin-bottom: 5px;margin-right: 5px;margin-left: 5px; wp-image-5208 alignnone\" src=\"http:\/\/www.manuelrojas.cl\/wp-content\/uploads\/libro7dr_r93491_ch.jpg\" alt=\"Deshecha rosa\" width=\"150\" height=\"225\" \/><\/a><\/p>\n<h5><a href=\"http:\/\/www.manuelrojas.cl\/deshecha-rosa\/\">Deshecha rosa<\/a><\/h5>\n<\/td>\n<td>\n<p><a title=\"Canciones para ellos\" href=\"http:\/\/www.manuelrojas.cl\/canciones-para-ellos\/\"><img loading=\"lazy\" decoding=\"async\" class=\"margin-top: 5px;margin-bottom: 5px;margin-right: 5px;margin-left: 5px; wp-image-5208 alignnone\" src=\"http:\/\/www.manuelrojas.cl\/wp-content\/uploads\/Maria-Baeza-Canciones-para-ellos-scaled.jpg\" alt=\"Canciones para ellos\" width=\"150\" height=\"225\" \/><\/a><\/p>\n<h5><a href=\"http:\/\/www.manuelrojas.cl\/canciones-para-ellos\/\">Canciones para ellos<\/a><\/h5>\n<\/td>\n<\/tr>\n<\/tbody>\n<\/table>\n<p>[\/et_pb_text][\/et_pb_column]<br \/>\n\t\t\t[\/et_pb_row]<br \/>\n\t\t[\/et_pb_section]<\/p>\n","protected":false},"excerpt":{"rendered":"<p>Poeta perseverante de juventud e intermitente en a\u00f1os posteriores, la l\u00edrica estar\u00eda siempre presente en el quehacer literario de Manuel Rojas. Se inicia con tempranos versos de inspiraci\u00f3n modernista, de los cuales dir\u00eda a\u00f1os despu\u00e9s: \u00abempec\u00e9 a escribir poes\u00edas y produje las peores que se hayan escrito en el hemisferio sur\u00bb. La publicaci\u00f3n de su [&hellip;]<\/p>\n","protected":false},"author":1,"featured_media":4398,"parent":114,"menu_order":2,"comment_status":"closed","ping_status":"closed","template":"","meta":{"_et_pb_use_builder":"on","_et_pb_old_content":"<p class=\"dropcap\" style=\"text-align: justify;\">Poeta perseverante de juventud e intermitente en a\u00f1os posteriores, la l\u00edrica estar\u00eda siempre presente en el quehacer literario de Manuel Rojas. Se inicia con tempranos versos de inspiraci\u00f3n modernista, de los cuales dir\u00eda a\u00f1os despu\u00e9s: <i>\u00abempec\u00e9 a escribir poes\u00edas y produje las peores que se hayan escrito en el hemisferio sur\u00bb<\/i>. La publicaci\u00f3n de su soneto <span style=\"color: #0f4b81;\"><i>Gusano<\/i><\/span>, en 1917, le otorga un primer reconocimiento de la cr\u00edtica y lo alienta para publicar, en la ciudad de Mendoza, una primera colecci\u00f3n de 9 poemas con el t\u00edtulo de <span style=\"color: #0f4b81;\"><i>Po\u00e9ticas<\/i><\/span>.<\/p>\n<p style=\"text-align: justify;\">Posteriormente en Chile, una treintena de poes\u00edas aparecieron dispersas en revistas y peri\u00f3dicos, siendo reunidas en 1927 en el libro <span style=\"color: #0f4b81;\"><i>Tonada del transe\u00fante<\/i><\/span>. M\u00e1s tarde publica su poema mayor y m\u00e1s extenso, con el nombre de <span style=\"color: #0f4b81;\"><i>Deshecha rosa<\/i><\/span>, dedicado a su mujer ya fallecida Mar\u00eda Baeza \u2013ella misma poeta\u2013 y a la que le hab\u00eda compuesto a mano su desconocida obra: <span style=\"color: #0f4b81;\"><i>Canciones para ellos<\/i><\/span>.<\/p>\n<p style=\"text-align: justify;\">Los poemas de Manuel Rojas terminaron siendo alabados y destacados por los principales autores y cr\u00edticos de la \u00e9poca.<\/p>\n\n<table class=\"table\" style=\"width: 100%;\">\n<tbody>\n<tr>\n<td>\n\n<a title=\"Po\u00e9ticas\" href=\"http:\/\/www.manuelrojas.cl\/poeticas\/\" data-wplink-edit=\"true\"><img class=\"margin-top: 5px;margin-bottom: 5px;margin-right: 5px;margin-left: 5px; wp-image-5208 alignnone\" src=\"http:\/\/www.manuelrojas.cl\/wp-content\/uploads\/poeticas_chica.jpg\" alt=\"Po\u00e9ticas\" width=\"150\" height=\"225\" \/><\/a>\n<h5><a href=\"http:\/\/www.manuelrojas.cl\/poeticas\/\">Po\u00e9ticas<\/a><\/h5>\n<\/td>\n<td>\n\n<a title=\"Tonada del transe\u00fante\" href=\"http:\/\/www.manuelrojas.cl\/tonada-del-transeunte\/\"><img class=\"margin-top: 5px;margin-bottom: 5px;margin-right: 5px;margin-left: 5px; wp-image-5208 alignnone\" src=\"http:\/\/www.manuelrojas.cl\/wp-content\/uploads\/manuelrojastonadadeltranseunte_chica.jpg\" alt=\"Tonada del transe\u00fante\" width=\"150\" height=\"225\" \/><\/a>\n<h5><a href=\"http:\/\/www.manuelrojas.cl\/tonada-del-transeunte\/\">Tonada del transe\u00fante<\/a><\/h5>\n<\/td>\n<td>\n\n<a title=\"Deshecha rosa\" href=\"http:\/\/www.manuelrojas.cl\/deshecha-rosa\/\"><img class=\"margin-top: 5px;margin-bottom: 5px;margin-right: 5px;margin-left: 5px; wp-image-5208 alignnone\" src=\"http:\/\/www.manuelrojas.cl\/wp-content\/uploads\/libro7dr_r93491_ch.jpg\" alt=\"Deshecha rosa\" width=\"150\" height=\"225\" \/><\/a>\n<h5><a href=\"http:\/\/www.manuelrojas.cl\/deshecha-rosa\/\">Deshecha rosa<\/a><\/h5>\n<\/td>\n<td>\n\n<a title=\"Canciones para ellos\" href=\"http:\/\/www.manuelrojas.cl\/canciones-para-ellos\/\"><img class=\"margin-top: 5px;margin-bottom: 5px;margin-right: 5px;margin-left: 5px; wp-image-5208 alignnone\" src=\"http:\/\/www.manuelrojas.cl\/wp-content\/uploads\/Maria-Baeza-Canciones-para-ellos-scaled.jpg\" alt=\"Canciones para ellos\" width=\"150\" height=\"225\" \/><\/a>\n<h5><a href=\"http:\/\/www.manuelrojas.cl\/canciones-para-ellos\/\">Canciones para ellos<\/a><\/h5>\n<\/td>\n<\/tr>\n<\/tbody>\n<\/table>","_et_gb_content_width":"","footnotes":""},"class_list":["post-32","page","type-page","status-publish","has-post-thumbnail","hentry"],"_links":{"self":[{"href":"https:\/\/manuelrojas.cl\/index.php\/wp-json\/wp\/v2\/pages\/32","targetHints":{"allow":["GET"]}}],"collection":[{"href":"https:\/\/manuelrojas.cl\/index.php\/wp-json\/wp\/v2\/pages"}],"about":[{"href":"https:\/\/manuelrojas.cl\/index.php\/wp-json\/wp\/v2\/types\/page"}],"author":[{"embeddable":true,"href":"https:\/\/manuelrojas.cl\/index.php\/wp-json\/wp\/v2\/users\/1"}],"replies":[{"embeddable":true,"href":"https:\/\/manuelrojas.cl\/index.php\/wp-json\/wp\/v2\/comments?post=32"}],"version-history":[{"count":2,"href":"https:\/\/manuelrojas.cl\/index.php\/wp-json\/wp\/v2\/pages\/32\/revisions"}],"predecessor-version":[{"id":10901,"href":"https:\/\/manuelrojas.cl\/index.php\/wp-json\/wp\/v2\/pages\/32\/revisions\/10901"}],"up":[{"embeddable":true,"href":"https:\/\/manuelrojas.cl\/index.php\/wp-json\/wp\/v2\/pages\/114"}],"wp:featuredmedia":[{"embeddable":true,"href":"https:\/\/manuelrojas.cl\/index.php\/wp-json\/"}],"wp:attachment":[{"href":"https:\/\/manuelrojas.cl\/index.php\/wp-json\/wp\/v2\/media?parent=32"}],"curies":[{"name":"wp","href":"https:\/\/api.w.org\/{rel}","templated":true}]}}