{"id":4857,"date":"2015-04-20T11:48:02","date_gmt":"2015-04-20T14:48:02","guid":{"rendered":"http:\/\/www.manuelrojas.cl\/?page_id=4857"},"modified":"2024-11-15T16:30:25","modified_gmt":"2024-11-15T16:30:25","slug":"poeticas","status":"publish","type":"page","link":"https:\/\/manuelrojas.cl\/index.php\/poeticas\/","title":{"rendered":"Po\u00e9ticas"},"content":{"rendered":"<p>[et_pb_section fb_built=&#8221;1&#8243; _builder_version=&#8221;4.17.4&#8243; _module_preset=&#8221;default&#8221; background_color=&#8221;RGBA(255,255,255,0)&#8221; custom_margin=&#8221;0px||0px||false|false&#8221; custom_padding=&#8221;0px||0px||false|false&#8221; global_colors_info=&#8221;{}&#8221;][et_pb_row _builder_version=&#8221;4.17.4&#8243; _module_preset=&#8221;default&#8221; background_color=&#8221;#FFFFFF&#8221; max_width=&#8221;1277px&#8221; custom_margin=&#8221;0px||0px||false|false&#8221; custom_padding=&#8221;0px||0px||false|false&#8221; global_colors_info=&#8221;{}&#8221;][et_pb_column type=&#8221;4_4&#8243; _builder_version=&#8221;4.17.4&#8243; _module_preset=&#8221;default&#8221; global_colors_info=&#8221;{}&#8221;][et_pb_text _builder_version=&#8221;4.17.4&#8243; _module_preset=&#8221;default&#8221; text_font=&#8221;Alegreya||||||||&#8221; header_3_font=&#8221;Alegreya|600|||||||&#8221; header_3_text_color=&#8221;#005B84&#8243; custom_margin=&#8221;|20px|5px||false|false&#8221; custom_padding=&#8221;20px|20px|||false|false&#8221; border_width_bottom=&#8221;1px&#8221; border_color_bottom=&#8221;#cccccc&#8221; border_style_bottom=&#8221;dotted&#8221; border_width_left=&#8221;3px&#8221; border_color_left=&#8221;#005B84&#8243; global_colors_info=&#8221;{}&#8221;]<\/p>\n<h3>\u00a0 <span style=\"color: rgba(53, 53, 53, 0.63);\">Obra \/<\/span> <a href=\"https:\/\/manuelrojas.cl\/index.php\/manuel-rojas\/obra\/poesia\/\">Poes\u00eda<\/a> \/ Po\u00e9ticas<\/h3>\n<p>[\/et_pb_text][\/et_pb_column][\/et_pb_row][et_pb_row column_structure=&#8221;2_5,3_5&#8243; _builder_version=&#8221;4.17.4&#8243; _module_preset=&#8221;default&#8221; background_color=&#8221;#FFFFFF&#8221; background_image=&#8221;https:\/\/manuelrojas.cl\/wp-content\/uploads\/2023\/05\/com-spliter.png&#8221; background_size=&#8221;initial&#8221; background_repeat=&#8221;repeat&#8221; width_tablet=&#8221;90%&#8221; width_phone=&#8221;90%&#8221; width_last_edited=&#8221;on|phone&#8221; custom_padding=&#8221;|30px||30px|false|false&#8221; global_colors_info=&#8221;{}&#8221;][et_pb_column type=&#8221;2_5&#8243; _builder_version=&#8221;4.17.4&#8243; _module_preset=&#8221;default&#8221; global_colors_info=&#8221;{}&#8221;][et_pb_image src=&#8221;https:\/\/manuelrojas.cl\/wp-content\/uploads\/2023\/06\/poeticas_chica.jpg&#8221; title_text=&#8221;Po\u00e9ticas&#8221; url=&#8221;https:\/\/manuelrojas.cl\/wp-content\/uploads\/2023\/06\/Manuel-Rojas-Poeticas-1921.pdf&#8221; url_new_window=&#8221;on&#8221; align=&#8221;center&#8221; _builder_version=&#8221;4.17.4&#8243; _module_preset=&#8221;default&#8221; width_tablet=&#8221;&#8221; width_phone=&#8221;&#8221; width_last_edited=&#8221;on|desktop&#8221; height=&#8221;500px&#8221; height_tablet=&#8221;500px&#8221; height_phone=&#8221;&#8221; height_last_edited=&#8221;on|phone&#8221; border_radii=&#8221;on|3px|3px|3px|3px&#8221; border_width_all=&#8221;1px&#8221; border_color_all=&#8221;RGBA(48,48,48,0.77)&#8221; box_shadow_style=&#8221;preset1&#8243; box_shadow_blur=&#8221;5px&#8221; global_colors_info=&#8221;{}&#8221;][\/et_pb_image][\/et_pb_column][et_pb_column type=&#8221;3_5&#8243; _builder_version=&#8221;4.17.4&#8243; _module_preset=&#8221;default&#8221; global_colors_info=&#8221;{}&#8221;][et_pb_text _builder_version=&#8221;4.17.4&#8243; _module_preset=&#8221;default&#8221; text_font=&#8221;Alegreya||||||||&#8221; text_font_size=&#8221;18px&#8221; text_line_height=&#8221;1.8em&#8221; background_color=&#8221;#FFFFFF&#8221; width_tablet=&#8221;&#8221; width_phone=&#8221;&#8221; width_last_edited=&#8221;on|phone&#8221; max_width_tablet=&#8221;&#8221; max_width_phone=&#8221;100%&#8221; max_width_last_edited=&#8221;on|phone&#8221; custom_padding=&#8221;10px|10px|10px|10px|false|false&#8221; hover_enabled=&#8221;0&#8243; text_font_tablet=&#8221;Alegreya||||||||&#8221; text_font_phone=&#8221;Alegreya||||||||&#8221; text_font_last_edited=&#8221;off|desktop&#8221; text_font_size_tablet=&#8221;17px&#8221; text_font_size_phone=&#8221;10px&#8221; text_font_size_last_edited=&#8221;on|phone&#8221; border_radii=&#8221;on|1px|1px|1px|1px&#8221; border_width_all=&#8221;1px&#8221; border_color_all=&#8221;RGBA(0,91,132,0.8)&#8221; border_style_all=&#8221;dotted&#8221; global_colors_info=&#8221;{}&#8221; sticky_enabled=&#8221;0&#8243;]<\/p>\n<div class=\"content clearfix\">\n<div class=\"content clearfix\">\n<p class=\"dropcap\"><strong>Primera edici\u00f3n<\/strong> : Ideas y Figuras, Mendoza &#8211; Argentina, 1921<br \/><a href=\"https:\/\/manuelrojas.cl\/wp-content\/uploads\/2023\/06\/Manuel-Rojas-Poeticas-1921.pdf\" target=\"_blank\" rel=\"noopener\" title=\"Poes\u00eda - Po\u00e9ticas\"><strong>\u00daltima edici\u00f3n<\/strong> : Anales de Literatura Chilena &#8211; Universidad Cat\u00f3lica de Chile, Santiago de Chile, 2012<\/a><\/p>\n<h2>Rese\u00f1a<\/h2>\n<p class=\"dropcap\" style=\"text-align: justify;\">Contrastando con la modestia de este cuadernillo que re\u00fane 9 poemas de Manuel Rojas, el total de su producci\u00f3n po\u00e9tica hasta esa fecha, esta colecci\u00f3n tiene, sin embargo, un especial valor y significado en la trayectoria literaria del escritor: es la primera publicaci\u00f3n monogr\u00e1fica de su obra.<\/p>\n<p style=\"text-align: justify;\">A mediados de 1921, a su paso por Mendoza rumbo a Buenos Aires con una compa\u00f1\u00eda de teatro, Rojas se re encuentra con antiguos camaradas anarquistas que conociera tiempo atr\u00e1s cuando viviera en esa ciudad fronteriza entre 1910 y 1912. Uno de ellos, el tip\u00f3grafo Miguel Lauretti, consigue que le publiquen todas sus poes\u00edas en <em>Ideas y Figuras<\/em>, una incipiente revista literaria local, bajo el t\u00edtulo de <strong><a title=\"Poes\u00eda - Po\u00e9ticas\" href=\"https:\/\/manuelrojas.cl\/wp-content\/uploads\/2023\/06\/Manuel-Rojas-Poeticas-1921.pdf\" target=\"_blank\" rel=\"noopener\">Po\u00e9ticas<\/a><\/strong>. El n\u00famero completo est\u00e1 dedicado a sus poemas e incluye una breve presentaci\u00f3n a cargo del propio Lauretti.<\/p>\n<p style=\"text-align: justify;\">Como toda obra primera esta edici\u00f3n tuvo un especial significado para su autor, ya que aquel compilado de poemas fue su primera carta de presentaci\u00f3n en el mundo de las letras. S\u00f3lo 5 a\u00f1os despu\u00e9s publicar\u00eda <a href=\"https:\/\/manuelrojas.cl\/index.php\/hombres-del-sur\/\" title=\"Cuentos - Hombres del sur\" target=\"_blank\" rel=\"noopener\"><strong>Hombres del sur<\/strong><\/a>, su primera colecci\u00f3n de relatos.<\/p>\n<p>El a\u00f1o 2012 la <strong>Fundaci\u00f3n Manuel Rojas<\/strong> junto a los <em>Anales de Literatura Chilena<\/em> de la <em>Universidad Cat\u00f3lica de Chile<\/em> y <em>Ediciones LOM<\/em> publicaron una edici\u00f3n facsimilar de <strong><a title=\"Poes\u00eda - Po\u00e9ticas\" href=\"https:\/\/manuelrojas.cl\/wp-content\/uploads\/2023\/06\/Prologo-Raul-Silva-Castro-Hombres-del-sur.pdf\" target=\"_blank\" rel=\"noopener\">Po\u00e9ticas<\/a><\/strong>.<\/p>\n<hr \/>\n<p style=\"text-align: justify;\"><strong>Po\u00e9ticas<\/strong>, contiene: <i><strong>Gusano<\/strong><\/i>; <i><strong>\u00c1ngelus<\/strong><\/i>; <i><strong>Atardecer<\/strong><\/i>; <i><strong>Canci\u00f3n de oto\u00f1o<\/strong><\/i>; <i><strong>Mar\u00eda Estela<\/strong><\/i>; <i><strong>Abs<\/strong><\/i>; <i><strong>La palabra \u00faltima<\/strong><\/i> y <i><strong>Sonambulismo<\/strong><\/i>; adem\u00e1s de una presentaci\u00f3n del autor.<\/p>\n<\/div>\n<\/div>\n<p>[\/et_pb_text][\/et_pb_column][\/et_pb_row][\/et_pb_section]<\/p>\n","protected":false},"excerpt":{"rendered":"<p>\u00a0 Obra \/ Poes\u00eda \/ Po\u00e9ticas Primera edici\u00f3n : Ideas y Figuras, Mendoza &#8211; Argentina, 1921\u00daltima edici\u00f3n : Anales de Literatura Chilena &#8211; Universidad Cat\u00f3lica de Chile, Santiago de Chile, 2012 Rese\u00f1a Contrastando con la modestia de este cuadernillo que re\u00fane 9 poemas de Manuel Rojas, el total de su producci\u00f3n po\u00e9tica hasta esa fecha, [&hellip;]<\/p>\n","protected":false},"author":1,"featured_media":4398,"parent":0,"menu_order":0,"comment_status":"closed","ping_status":"closed","template":"","meta":{"_et_pb_use_builder":"on","_et_pb_old_content":"[tabby title=\"Libro y Rese\u00f1a\"]\n<table class=\"table\">\n<tbody>\n<tr>\n<td style=\"text-align: left; vertical-align: top;\"><strong><a href=\"http:\/\/www.manuelrojas.cl\/wp-content\/uploads\/poetica_grande.jpg\" rel=\"attachment wp-att-4398\"><img class=\"margin-top: 5px;margin-bottom: 5px;margin-right: 5px;margin-left: 5px; alignleft wp-image-5177\" src=\"http:\/\/www.manuelrojas.cl\/wp-content\/uploads\/poetica_grande.jpg\" alt=\"\" width=\"150\" height=\"225\" \/><\/a><\/strong><\/td>\n<td rowspan=\"2\"><strong>Primera edici\u00f3n<\/strong> : Ideas y Figuras, Mendoza - Argentina, 1921\n<strong>\u00daltima edici\u00f3n<\/strong> : Anales de Literatura Chilena - Universidad Cat\u00f3lica de Chile, Santiago de Chile, 2012\n<div><a href=\"http:\/\/www.manuelrojas.cl\/wp-content\/uploads\/Manuel-Rojas-Poeticas-1921.pdf\" target=\"_blank\" rel=\"noopener noreferrer\">Acceda a la versi\u00f3n ebook<\/a><\/div>\n<h2>Rese\u00f1a<\/h2>\n<p class=\"dropcap\" style=\"text-align: justify;\">Contrastando con la modestia de este cuadernillo que re\u00fane 9 poemas de Manuel Rojas, el total de su producci\u00f3n po\u00e9tica hasta esa fecha, esta colecci\u00f3n tiene, sin embargo, un especial valor y significado en la trayectoria literaria del escritor: es la primera publicaci\u00f3n monogr\u00e1fica de su obra.<\/p>\n<p style=\"text-align: justify;\">A mediados de 1921, a su paso por Mendoza rumbo a Buenos Aires con una compa\u00f1\u00eda de teatro, Rojas se re encuentra con antiguos camaradas anarquistas que conociera tiempo atr\u00e1s cuando viviera en esa ciudad fronteriza entre 1910 y 1912. Uno de ellos, el tip\u00f3grafo Miguel Lauretti, consigue que le publiquen todas sus poes\u00edas en <em>Ideas y Figuras<\/em>, una incipiente revista literaria local, bajo el t\u00edtulo de <strong><a title=\"Po\u00e9ticas\" href=\"http:\/\/www.manuelrojas.cl\/wp-content\/uploads\/Manuel-Rojas-Poeticas-1921.pdf\">Po\u00e9ticas<\/a><\/strong>. El n\u00famero completo est\u00e1 dedicado a sus poemas e incluye una breve presentaci\u00f3n a cargo del propio Lauretti.<\/p>\n<p style=\"text-align: justify;\">Como toda obra primera esta edici\u00f3n tuvo un especial significado para su autor, ya que aquel compilado de poemas fue su primera carta de presentaci\u00f3n en el mundo de las letras. S\u00f3lo 5 a\u00f1os despu\u00e9s publicar\u00eda <strong><a title=\"Cuentos - Hombres del sur\" href=\"http:\/\/www.manuelrojas.cl\/hombres-del-sur\/?lang=es\">Hombres del sur<\/a><\/strong>, su primera colecci\u00f3n de relatos.<\/p>\nEl a\u00f1o 2012 la <strong>Fundaci\u00f3n Manuel Rojas<\/strong> junto a los <em>Anales de Literatura Chilena<\/em> de la <em>Universidad Cat\u00f3lica de Chile<\/em> y <em>Ediciones LOM<\/em> publicaron una edici\u00f3n facsimilar de <strong><a title=\"Po\u00e9ticas\" href=\"http:\/\/www.manuelrojas.cl\/wp-content\/uploads\/Manuel-Rojas-Poeticas-1921.pdf\">Po\u00e9ticas<\/a><\/strong>.\n\n<hr \/>\n<p style=\"text-align: justify;\"><strong>Po\u00e9ticas<\/strong>, contiene: <i><strong>Gusano<\/strong><\/i>; <i><strong>\u00c1ngelus<\/strong><\/i>; <i><strong>Atardecer<\/strong><\/i>; <i><strong>Canci\u00f3n de oto\u00f1o<\/strong><\/i>; <i><strong>Mar\u00eda Estela<\/strong><\/i>; <i><strong>Abs<\/strong><\/i>; <i><strong>La palabra \u00faltima<\/strong><\/i> y <i><strong>Sonambulismo<\/strong><\/i>; adem\u00e1s de una presentaci\u00f3n del autor.<\/p>\n<\/td>\n<\/tr>\n<\/tbody>\n<\/table>\n[tabbyending]","_et_gb_content_width":"","footnotes":""},"class_list":["post-4857","page","type-page","status-publish","has-post-thumbnail","hentry"],"_links":{"self":[{"href":"https:\/\/manuelrojas.cl\/index.php\/wp-json\/wp\/v2\/pages\/4857","targetHints":{"allow":["GET"]}}],"collection":[{"href":"https:\/\/manuelrojas.cl\/index.php\/wp-json\/wp\/v2\/pages"}],"about":[{"href":"https:\/\/manuelrojas.cl\/index.php\/wp-json\/wp\/v2\/types\/page"}],"author":[{"embeddable":true,"href":"https:\/\/manuelrojas.cl\/index.php\/wp-json\/wp\/v2\/users\/1"}],"replies":[{"embeddable":true,"href":"https:\/\/manuelrojas.cl\/index.php\/wp-json\/wp\/v2\/comments?post=4857"}],"version-history":[{"count":25,"href":"https:\/\/manuelrojas.cl\/index.php\/wp-json\/wp\/v2\/pages\/4857\/revisions"}],"predecessor-version":[{"id":11584,"href":"https:\/\/manuelrojas.cl\/index.php\/wp-json\/wp\/v2\/pages\/4857\/revisions\/11584"}],"wp:featuredmedia":[{"embeddable":true,"href":"https:\/\/manuelrojas.cl\/index.php\/wp-json\/"}],"wp:attachment":[{"href":"https:\/\/manuelrojas.cl\/index.php\/wp-json\/wp\/v2\/media?parent=4857"}],"curies":[{"name":"wp","href":"https:\/\/api.w.org\/{rel}","templated":true}]}}

Poéticas

<p>[et_pb_section fb_built=&#8221;1&#8243; _builder_version=&#8221;4.17.4&#8243; _module_preset=&#8221;default&#8221; background_color=&#8221;RGBA(255,255,255,0)&#8221; custom_margin=&#8221;0px||0px||false|false&#8221; custom_padding=&#8221;0px||0px||false|false&#8221; global_colors_info=&#8221;{}&#8221;][et_pb_row _builder_version=&#8221;4.17.4&#8243; _module_preset=&#8221;default&#8221; background_color=&#8221;#FFFFFF&#8221; max_width=&#8221;1277px&#8221; custom_margin=&#8221;0px||0px||false|false&#8221; custom_padding=&#8221;0px||0px||false|false&#8221; global_colors_info=&#8221;{}&#8221;][et_pb_column type=&#8221;4_4&#8243; _builder_version=&#8221;4.17.4&#8243; _module_preset=&#8221;default&#8221; global_colors_info=&#8221;{}&#8221;][et_pb_text _builder_version=&#8221;4.17.4&#8243; _module_preset=&#8221;default&#8221; text_font=&#8221;Alegreya||||||||&#8221; header_3_font=&#8221;Alegreya|600|||||||&#8221; header_3_text_color=&#8221;#005B84&#8243; custom_margin=&#8221;|20px|5px||false|false&#8221; custom_padding=&#8221;20px|20px|||false|false&#8221; border_width_bottom=&#8221;1px&#8221; border_color_bottom=&#8221;#cccccc&#8221; border_style_bottom=&#8221;dotted&#8221; border_width_left=&#8221;3px&#8221; border_color_left=&#8221;#005B84&#8243; global_colors_info=&#8221;{}&#8221;]</p>
<h3>  <span style="color: rgba(53, 53, 53, 0.63);">Obra /</span> <a href="https://manuelrojas.cl/index.php/manuel-rojas/obra/poesia/">Poesía</a> / Poéticas</h3>
<p>[/et_pb_text][/et_pb_column][/et_pb_row][et_pb_row column_structure=&#8221;2_5,3_5&#8243; _builder_version=&#8221;4.17.4&#8243; _module_preset=&#8221;default&#8221; background_color=&#8221;#FFFFFF&#8221; background_image=&#8221;https://manuelrojas.cl/wp-content/uploads/2023/05/com-spliter.png&#8221; background_size=&#8221;initial&#8221; background_repeat=&#8221;repeat&#8221; width_tablet=&#8221;90%&#8221; width_phone=&#8221;90%&#8221; width_last_edited=&#8221;on|phone&#8221; custom_padding=&#8221;|30px||30px|false|false&#8221; global_colors_info=&#8221;{}&#8221;][et_pb_column type=&#8221;2_5&#8243; _builder_version=&#8221;4.17.4&#8243; _module_preset=&#8221;default&#8221; global_colors_info=&#8221;{}&#8221;][et_pb_image src=&#8221;https://manuelrojas.cl/wp-content/uploads/2023/06/poeticas_chica.jpg&#8221; title_text=&#8221;Poéticas&#8221; url=&#8221;https://manuelrojas.cl/wp-content/uploads/2023/06/Manuel-Rojas-Poeticas-1921.pdf&#8221; url_new_window=&#8221;on&#8221; align=&#8221;center&#8221; _builder_version=&#8221;4.17.4&#8243; _module_preset=&#8221;default&#8221; width_tablet=&#8221;&#8221; width_phone=&#8221;&#8221; width_last_edited=&#8221;on|desktop&#8221; height=&#8221;500px&#8221; height_tablet=&#8221;500px&#8221; height_phone=&#8221;&#8221; height_last_edited=&#8221;on|phone&#8221; border_radii=&#8221;on|3px|3px|3px|3px&#8221; border_width_all=&#8221;1px&#8221; border_color_all=&#8221;RGBA(48,48,48,0.77)&#8221; box_shadow_style=&#8221;preset1&#8243; box_shadow_blur=&#8221;5px&#8221; global_colors_info=&#8221;{}&#8221;][/et_pb_image][/et_pb_column][et_pb_column type=&#8221;3_5&#8243; _builder_version=&#8221;4.17.4&#8243; _module_preset=&#8221;default&#8221; global_colors_info=&#8221;{}&#8221;][et_pb_text _builder_version=&#8221;4.17.4&#8243; _module_preset=&#8221;default&#8221; text_font=&#8221;Alegreya||||||||&#8221; text_font_size=&#8221;18px&#8221; text_line_height=&#8221;1.8em&#8221; background_color=&#8221;#FFFFFF&#8221; width_tablet=&#8221;&#8221; width_phone=&#8221;&#8221; width_last_edited=&#8221;on|phone&#8221; max_width_tablet=&#8221;&#8221; max_width_phone=&#8221;100%&#8221; max_width_last_edited=&#8221;on|phone&#8221; custom_padding=&#8221;10px|10px|10px|10px|false|false&#8221; hover_enabled=&#8221;0&#8243; text_font_tablet=&#8221;Alegreya||||||||&#8221; text_font_phone=&#8221;Alegreya||||||||&#8221; text_font_last_edited=&#8221;off|desktop&#8221; text_font_size_tablet=&#8221;17px&#8221; text_font_size_phone=&#8221;10px&#8221; text_font_size_last_edited=&#8221;on|phone&#8221; border_radii=&#8221;on|1px|1px|1px|1px&#8221; border_width_all=&#8221;1px&#8221; border_color_all=&#8221;RGBA(0,91,132,0.8)&#8221; border_style_all=&#8221;dotted&#8221; global_colors_info=&#8221;{}&#8221; sticky_enabled=&#8221;0&#8243;]</p>
<div class="content clearfix">
<div class="content clearfix">
<p class="dropcap"><strong>Primera edición</strong> : Ideas y Figuras, Mendoza &#8211; Argentina, 1921<br /><a href="https://manuelrojas.cl/wp-content/uploads/2023/06/Manuel-Rojas-Poeticas-1921.pdf" target="_blank" rel="noopener" title="Poesía - Poéticas"><strong>Última edición</strong> : Anales de Literatura Chilena &#8211; Universidad Católica de Chile, Santiago de Chile, 2012</a></p>
<h2>Reseña</h2>
<p class="dropcap" style="text-align: justify;">Contrastando con la modestia de este cuadernillo que reúne 9 poemas de Manuel Rojas, el total de su producción poética hasta esa fecha, esta colección tiene, sin embargo, un especial valor y significado en la trayectoria literaria del escritor: es la primera publicación monográfica de su obra.</p>
<p style="text-align: justify;">A mediados de 1921, a su paso por Mendoza rumbo a Buenos Aires con una compañía de teatro, Rojas se re encuentra con antiguos camaradas anarquistas que conociera tiempo atrás cuando viviera en esa ciudad fronteriza entre 1910 y 1912. Uno de ellos, el tipógrafo Miguel Lauretti, consigue que le publiquen todas sus poesías en <em>Ideas y Figuras</em>, una incipiente revista literaria local, bajo el título de <strong><a title="Poesía - Poéticas" href="https://manuelrojas.cl/wp-content/uploads/2023/06/Manuel-Rojas-Poeticas-1921.pdf" target="_blank" rel="noopener">Poéticas</a></strong>. El número completo está dedicado a sus poemas e incluye una breve presentación a cargo del propio Lauretti.</p>
<p style="text-align: justify;">Como toda obra primera esta edición tuvo un especial significado para su autor, ya que aquel compilado de poemas fue su primera carta de presentación en el mundo de las letras. Sólo 5 años después publicaría <a href="https://manuelrojas.cl/index.php/hombres-del-sur/" title="Cuentos - Hombres del sur" target="_blank" rel="noopener"><strong>Hombres del sur</strong></a>, su primera colección de relatos.</p>
<p>El año 2012 la <strong>Fundación Manuel Rojas</strong> junto a los <em>Anales de Literatura Chilena</em> de la <em>Universidad Católica de Chile</em> y <em>Ediciones LOM</em> publicaron una edición facsimilar de <strong><a title="Poesía - Poéticas" href="https://manuelrojas.cl/wp-content/uploads/2023/06/Prologo-Raul-Silva-Castro-Hombres-del-sur.pdf" target="_blank" rel="noopener">Poéticas</a></strong>.</p>
<hr />
<p style="text-align: justify;"><strong>Poéticas</strong>, contiene: <i><strong>Gusano</strong></i>; <i><strong>Ángelus</strong></i>; <i><strong>Atardecer</strong></i>; <i><strong>Canción de otoño</strong></i>; <i><strong>María Estela</strong></i>; <i><strong>Abs</strong></i>; <i><strong>La palabra última</strong></i> y <i><strong>Sonambulismo</strong></i>; además de una presentación del autor.</p>
</div>
</div>
<p>[/et_pb_text][/et_pb_column][/et_pb_row][/et_pb_section]</p>

<p>  Obra / Poesía / Poéticas Primera edición : Ideas y Figuras, Mendoza &#8211; Argentina, 1921Última edición : Anales de Literatura Chilena &#8211; Universidad Católica de Chile, Santiago de Chile, 2012 Reseña Contrastando con la modestia de este cuadernillo que reúne 9 poemas de Manuel Rojas, el total de su producción poética hasta esa fecha, [&hellip;]</p>

[tabby title="Libro y Reseña"]
<table class="table">
<tbody>
<tr>
<td style="text-align: left; vertical-align: top;"><strong><a href="http://www.manuelrojas.cl/wp-content/uploads/poetica_grande.jpg" rel="attachment wp-att-4398"><img class="margin-top: 5px;margin-bottom: 5px;margin-right: 5px;margin-left: 5px; alignleft wp-image-5177" src="http://www.manuelrojas.cl/wp-content/uploads/poetica_grande.jpg" alt="" width="150" height="225" /></a></strong></td>
<td rowspan="2"><strong>Primera edición</strong> : Ideas y Figuras, Mendoza - Argentina, 1921
<strong>Última edición</strong> : Anales de Literatura Chilena - Universidad Católica de Chile, Santiago de Chile, 2012
<div><a href="http://www.manuelrojas.cl/wp-content/uploads/Manuel-Rojas-Poeticas-1921.pdf" target="_blank" rel="noopener noreferrer">Acceda a la versión ebook</a></div>
<h2>Reseña</h2>
<p class="dropcap" style="text-align: justify;">Contrastando con la modestia de este cuadernillo que reúne 9 poemas de Manuel Rojas, el total de su producción poética hasta esa fecha, esta colección tiene, sin embargo, un especial valor y significado en la trayectoria literaria del escritor: es la primera publicación monográfica de su obra.</p>
<p style="text-align: justify;">A mediados de 1921, a su paso por Mendoza rumbo a Buenos Aires con una compañía de teatro, Rojas se re encuentra con antiguos camaradas anarquistas que conociera tiempo atrás cuando viviera en esa ciudad fronteriza entre 1910 y 1912. Uno de ellos, el tipógrafo Miguel Lauretti, consigue que le publiquen todas sus poesías en <em>Ideas y Figuras</em>, una incipiente revista literaria local, bajo el título de <strong><a title="Poéticas" href="http://www.manuelrojas.cl/wp-content/uploads/Manuel-Rojas-Poeticas-1921.pdf">Poéticas</a></strong>. El número completo está dedicado a sus poemas e incluye una breve presentación a cargo del propio Lauretti.</p>
<p style="text-align: justify;">Como toda obra primera esta edición tuvo un especial significado para su autor, ya que aquel compilado de poemas fue su primera carta de presentación en el mundo de las letras. Sólo 5 años después publicaría <strong><a title="Cuentos - Hombres del sur" href="http://www.manuelrojas.cl/hombres-del-sur/?lang=es">Hombres del sur</a></strong>, su primera colección de relatos.</p>
El año 2012 la <strong>Fundación Manuel Rojas</strong> junto a los <em>Anales de Literatura Chilena</em> de la <em>Universidad Católica de Chile</em> y <em>Ediciones LOM</em> publicaron una edición facsimilar de <strong><a title="Poéticas" href="http://www.manuelrojas.cl/wp-content/uploads/Manuel-Rojas-Poeticas-1921.pdf">Poéticas</a></strong>.

<hr />
<p style="text-align: justify;"><strong>Poéticas</strong>, contiene: <i><strong>Gusano</strong></i>; <i><strong>Ángelus</strong></i>; <i><strong>Atardecer</strong></i>; <i><strong>Canción de otoño</strong></i>; <i><strong>María Estela</strong></i>; <i><strong>Abs</strong></i>; <i><strong>La palabra última</strong></i> y <i><strong>Sonambulismo</strong></i>; además de una presentación del autor.</p>
</td>
</tr>
</tbody>
</table>
[tabbyending]
