{"id":5025,"date":"2015-04-28T21:22:25","date_gmt":"2015-04-28T21:22:25","guid":{"rendered":"http:\/\/www.manuelrojas.cl\/?page_id=5025"},"modified":"2024-11-12T01:29:10","modified_gmt":"2024-11-12T01:29:10","slug":"el-delincuente","status":"publish","type":"page","link":"https:\/\/manuelrojas.cl\/index.php\/el-delincuente\/","title":{"rendered":"El Delincuente"},"content":{"rendered":"<p>[et_pb_section fb_built=&#8221;1&#8243; _builder_version=&#8221;4.17.4&#8243; _module_preset=&#8221;default&#8221; background_color=&#8221;RGBA(255,255,255,0)&#8221; custom_margin=&#8221;0px||0px||false|false&#8221; custom_padding=&#8221;0px||0px||false|false&#8221; global_colors_info=&#8221;{}&#8221;][et_pb_row _builder_version=&#8221;4.17.4&#8243; _module_preset=&#8221;default&#8221; background_color=&#8221;#FFFFFF&#8221; max_width=&#8221;1277px&#8221; custom_margin=&#8221;0px||0px||false|false&#8221; custom_padding=&#8221;0px||0px||false|false&#8221; hover_enabled=&#8221;0&#8243; global_colors_info=&#8221;{}&#8221; sticky_enabled=&#8221;0&#8243;][et_pb_column type=&#8221;4_4&#8243; _builder_version=&#8221;4.17.4&#8243; _module_preset=&#8221;default&#8221; global_colors_info=&#8221;{}&#8221;][et_pb_text _builder_version=&#8221;4.17.4&#8243; _module_preset=&#8221;default&#8221; text_font=&#8221;Alegreya||||||||&#8221; header_3_font=&#8221;Alegreya|600|||||||&#8221; header_3_text_color=&#8221;#005B84&#8243; custom_margin=&#8221;|20px|5px||false|false&#8221; custom_padding=&#8221;20px|20px|||false|false&#8221; border_width_bottom=&#8221;1px&#8221; border_color_bottom=&#8221;#cccccc&#8221; border_style_bottom=&#8221;dotted&#8221; border_width_left=&#8221;3px&#8221; border_color_left=&#8221;#005B84&#8243; global_colors_info=&#8221;{}&#8221;]<\/p>\n<h3>\u00a0 <span style=\"color: rgba(53, 53, 53, 0.63);\">Obra \/<\/span> <a href=\"https:\/\/manuelrojas.cl\/index.php\/obras_libro\/cuentos-libro\/\">Cuentos<\/a> \/ El Delincuente<\/h3>\n<p>[\/et_pb_text][\/et_pb_column][\/et_pb_row][et_pb_row column_structure=&#8221;2_5,3_5&#8243; _builder_version=&#8221;4.17.4&#8243; _module_preset=&#8221;default&#8221; background_color=&#8221;#FFFFFF&#8221; background_image=&#8221;https:\/\/manuelrojas.cl\/wp-content\/uploads\/2023\/05\/com-spliter.png&#8221; background_size=&#8221;initial&#8221; background_repeat=&#8221;repeat&#8221; width_tablet=&#8221;90%&#8221; width_phone=&#8221;90%&#8221; width_last_edited=&#8221;on|phone&#8221; max_width_tablet=&#8221;&#8221; max_width_phone=&#8221;&#8221; max_width_last_edited=&#8221;on|phone&#8221; custom_padding=&#8221;|30px||30px|false|false&#8221; global_colors_info=&#8221;{}&#8221;][et_pb_column type=&#8221;2_5&#8243; _builder_version=&#8221;4.17.4&#8243; _module_preset=&#8221;default&#8221; global_colors_info=&#8221;{}&#8221;][et_pb_image src=&#8221;https:\/\/manuelrojas.cl\/wp-content\/uploads\/2023\/06\/manuelrojaseldelincuente941.jpg&#8221; title_text=&#8221;manuelrojaseldelincuente941&#8243; align=&#8221;center&#8221; _builder_version=&#8221;4.17.4&#8243; _module_preset=&#8221;default&#8221; width_tablet=&#8221;&#8221; width_phone=&#8221;&#8221; width_last_edited=&#8221;on|phone&#8221; height=&#8221;500px&#8221; height_tablet=&#8221;500px&#8221; height_phone=&#8221;&#8221; height_last_edited=&#8221;on|phone&#8221; max_height=&#8221;500px&#8221; max_height_tablet=&#8221;500px&#8221; max_height_phone=&#8221;&#8221; max_height_last_edited=&#8221;on|phone&#8221; border_radii=&#8221;on|3px|3px|3px|3px&#8221; border_width_all=&#8221;1px&#8221; border_color_all=&#8221;RGBA(48,48,48,0.77)&#8221; box_shadow_style=&#8221;preset1&#8243; box_shadow_blur=&#8221;5px&#8221; global_colors_info=&#8221;{}&#8221;][\/et_pb_image][et_pb_image src=&#8221;https:\/\/manuelrojas.cl\/wp-content\/uploads\/2023\/06\/Manuel-Rojas-El-delincuente.jpeg&#8221; title_text=&#8221;Manuel-Rojas-El-delincuente&#8221; align=&#8221;center&#8221; _builder_version=&#8221;4.17.4&#8243; _module_preset=&#8221;default&#8221; width_tablet=&#8221;&#8221; width_phone=&#8221;&#8221; width_last_edited=&#8221;on|phone&#8221; height=&#8221;500px&#8221; height_tablet=&#8221;500px&#8221; height_phone=&#8221;&#8221; height_last_edited=&#8221;on|phone&#8221; max_height=&#8221;500px&#8221; max_height_tablet=&#8221;500px&#8221; max_height_phone=&#8221;&#8221; max_height_last_edited=&#8221;on|phone&#8221; hover_enabled=&#8221;0&#8243; border_radii=&#8221;on|3px|3px|3px|3px&#8221; border_width_all=&#8221;1px&#8221; border_color_all=&#8221;RGBA(48,48,48,0.77)&#8221; box_shadow_style=&#8221;preset1&#8243; box_shadow_blur=&#8221;5px&#8221; global_colors_info=&#8221;{}&#8221; url=&#8221;https:\/\/tienda.zigzag.cl\/9789561229587-el-delincuente-el-vaso-de-leche-y-otros-cuentos.html&#8221; url_new_window=&#8221;on&#8221; sticky_enabled=&#8221;0&#8243;][\/et_pb_image][\/et_pb_column][et_pb_column type=&#8221;3_5&#8243; _builder_version=&#8221;4.17.4&#8243; _module_preset=&#8221;default&#8221; global_colors_info=&#8221;{}&#8221;][et_pb_text _builder_version=&#8221;4.17.4&#8243; _module_preset=&#8221;default&#8221; text_font=&#8221;Alegreya||||||||&#8221; text_font_size=&#8221;18px&#8221; text_line_height=&#8221;1.8em&#8221; background_color=&#8221;#FFFFFF&#8221; width_tablet=&#8221;&#8221; width_phone=&#8221;&#8221; width_last_edited=&#8221;on|phone&#8221; max_width_tablet=&#8221;&#8221; max_width_phone=&#8221;100%&#8221; max_width_last_edited=&#8221;on|phone&#8221; custom_padding=&#8221;10px|10px|10px|10px|false|false&#8221; hover_enabled=&#8221;0&#8243; text_font_tablet=&#8221;Alegreya||||||||&#8221; text_font_phone=&#8221;Alegreya||||||||&#8221; text_font_last_edited=&#8221;off|desktop&#8221; text_font_size_tablet=&#8221;17px&#8221; text_font_size_phone=&#8221;10px&#8221; text_font_size_last_edited=&#8221;on|phone&#8221; border_radii=&#8221;on|1px|1px|1px|1px&#8221; border_width_all=&#8221;1px&#8221; border_color_all=&#8221;RGBA(0,91,132,0.8)&#8221; border_style_all=&#8221;dotted&#8221; global_colors_info=&#8221;{}&#8221; sticky_enabled=&#8221;0&#8243;]<\/p>\n<div class=\"content clearfix\">\n<div class=\"content clearfix\">\n<p><strong>Primera Edici\u00f3n:<\/strong> Sociedad Chilena de Ediciones, Imprenta Universitaria &#8211; Santiago de Chile, 1929<br \/><a href=\"https:\/\/tienda.zigzag.cl\/9789561229587-el-delincuente-el-vaso-de-leche-y-otros-cuentos.html\" title=\"Cuentos - El delincuente\" target=\"_blank\" rel=\"noopener\"><strong>\u00daltima Edici\u00f3n :<\/strong> Editorial Zig-Zag &#8211; Santiago de Chile, 2019<\/a><\/p>\n<h2>Rese\u00f1a<\/h2>\n<p class=\"dropcap\" style=\"text-align: justify;\">La recopilaci\u00f3n de cuentos que lleva por t\u00edtulo <strong>El delincuente<\/strong> contiene un ciclo de historias que describen muy novedosamente el margen de las sociedades latinoamericanas, conformado por ladrones: en <strong>\u00abEl delincuente\u00bb<\/strong>, <strong>\u00abUn ladr\u00f3n y su mujer\u00bb<\/strong> e incluso, quiz\u00e1, en <strong>\u00abEl vaso de leche\u00bb<\/strong>; pordioseros: <strong>\u00abUn mendigo\u00bb<\/strong>; presos: <strong>\u00abEl trampol\u00edn\u00bb<\/strong>; borrachos: <strong>\u00abPedro, el Pequenero\u00bb<\/strong>; artistas de la calle <strong>\u00abLa aventura de Mr. Jaiba\u00bb<\/strong>. A diferencia de los narradores naturalistas, Rojas no impone a estos sujetos etiquetas descriptivas que cierren para siempre su modo de ser. Si algo define a estos personajes es su permanente apertura: nadie nace ladr\u00f3n o mendigo ni lo es de una vez y para siempre. Primero somos seres humanos; luego ser\u00e1 la vida, la ley, el Estado o bien nuestros propios semejantes los que nos pongan en esos lugares de privilegio o explotaci\u00f3n. En la base de esta concepci\u00f3n aparece con mucha claridad la formaci\u00f3n de Rojas en el pensamiento anarquista, que rechaza la autoridad y reclama la esencial igualdad de las personas.<\/p>\n<p style=\"text-align: justify;\">Texto extra\u00f1o en este conjunto, <strong>\u00abLa compa\u00f1era de viaje\u00bb<\/strong> relata un episodio semi amoroso protagonizado por un diplom\u00e1tico en Italia. Puede leerse como un ejercicio af\u00edn a la elasticidad que se reclama para concebir al margen social: en esa experiencia, la del sujeto privilegiado, tambi\u00e9n hay\u2026 un ser humano.<\/p>\n<hr \/>\n<p style=\"text-align: justify;\"><strong>El Delincuente<\/strong>, contiene una nota biogr\u00e1fica firmada por la Sociedad Chilena de Escritores y los cuentos <i><strong>El delincuente<\/strong><\/i>; <i><strong>El vaso de leche<\/strong><\/i>; <i><strong>Un mendigo<\/strong><\/i>; <i><strong>El trampol\u00edn<\/strong><\/i>; <i><strong>El colocolo<\/strong><\/i>; <i><strong>La aventura de Mr. Jaiba<\/strong><\/i>; <i><strong>Pedro, el Pequenero<\/strong><\/i>; <i><strong>Un ladr\u00f3n y su mujer<\/strong><\/i> y <i><strong>La compa\u00f1era de viaje<\/strong><\/i>.<\/p>\n<\/div>\n<\/div>\n<p>[\/et_pb_text][\/et_pb_column][\/et_pb_row][\/et_pb_section]<\/p>\n","protected":false},"excerpt":{"rendered":"<p>\u00a0 Obra \/ Cuentos \/ El Delincuente Primera Edici\u00f3n: Sociedad Chilena de Ediciones, Imprenta Universitaria &#8211; Santiago de Chile, 1929\u00daltima Edici\u00f3n : Editorial Zig-Zag &#8211; Santiago de Chile, 2019 Rese\u00f1a La recopilaci\u00f3n de cuentos que lleva por t\u00edtulo El delincuente contiene un ciclo de historias que describen muy novedosamente el margen de las sociedades latinoamericanas, [&hellip;]<\/p>\n","protected":false},"author":1,"featured_media":7096,"parent":0,"menu_order":0,"comment_status":"closed","ping_status":"closed","template":"","meta":{"_et_pb_use_builder":"on","_et_pb_old_content":"[tabby title=\"Libro y Rese\u00f1a\"]\n<table class=\"table\">\n<tbody>\n<tr>\n<td style=\"text-align: left; vertical-align: top;\"><strong><a href=\"http:\/\/www.manuelrojas.cl\/wp-content\/uploads\/manuelrojaseldelincuente941.jpg\" rel=\"attachment wp-att-4422\"><img class=\"margin-top: 5px;margin-bottom: 5px;margin-right: 5px;margin-left: 5px; alignleft wp-image-5585\" src=\"http:\/\/www.manuelrojas.cl\/wp-content\/uploads\/manuelrojaseldelincuente941.jpg\" alt=\"\" width=\"150\" height=\"225\"><\/a><\/strong><\/td>\n<td style=\"vertical-align: top;\" rowspan=\"2\"><strong>Primera Edici\u00f3n:<\/strong> Sociedad Chilena de Ediciones, Imprenta Universitaria - Santiago de Chile, 1929\n<strong>\u00daltima Edici\u00f3n :<\/strong> Editorial Zig-Zag - Santiago de Chile, 2019\n<h2>Rese\u00f1a<\/h2>\n<p class=\"dropcap\" style=\"text-align: justify;\">La recopilaci\u00f3n de cuentos que lleva por t\u00edtulo <strong>El delincuente<\/strong> contiene un ciclo de historias que describen muy novedosamente el margen de las sociedades latinoamericanas, conformado por ladrones: en <strong>\u00abEl delincuente\u00bb<\/strong>, <strong>\u00abUn ladr\u00f3n y su mujer\u00bb<\/strong> e incluso, quiz\u00e1, en <strong>\u00abEl vaso de leche\u00bb<\/strong>; pordioseros: <strong>\u00abUn mendigo\u00bb<\/strong>; presos: <strong>\u00abEl trampol\u00edn\u00bb<\/strong>; borrachos: <strong>\u00abPedro, el Pequenero\u00bb<\/strong>; artistas de la calle <strong>\u00abLa aventura de Mr. Jaiba\u00bb<\/strong>. A diferencia de los narradores naturalistas, Rojas no impone a estos sujetos etiquetas descriptivas que cierren para siempre su modo de ser. Si algo define a estos personajes es su permanente apertura: nadie nace ladr\u00f3n o mendigo ni lo es de una vez y para siempre. Primero somos seres humanos; luego ser\u00e1 la vida, la ley, el Estado o bien nuestros propios semejantes los que nos pongan en esos lugares de privilegio o explotaci\u00f3n. En la base de esta concepci\u00f3n aparece con mucha claridad la formaci\u00f3n de Rojas en el pensamiento anarquista, que rechaza la autoridad y reclama la esencial igualdad de las personas.<\/p>\n<p style=\"text-align: justify;\">Texto extra\u00f1o en este conjunto, <strong>\u00abLa compa\u00f1era de viaje\u00bb<\/strong> relata un episodio semi amoroso protagonizado por un diplom\u00e1tico en Italia. Puede leerse como un ejercicio af\u00edn a la elasticidad que se reclama para concebir al margen social: en esa experiencia, la del sujeto privilegiado, tambi\u00e9n hay\u2026 un ser humano.<\/p>\n\n\n<hr>\n<p style=\"text-align: justify;\"><strong>El Delincuente<\/strong>, contiene una nota biogr\u00e1fica firmada por la Sociedad Chilena de Escritores y los cuentos <i><strong>El delincuente<\/strong><\/i>; <i><strong>El vaso de leche<\/strong><\/i>; <i><strong>Un mendigo<\/strong><\/i>; <i><strong>El trampol\u00edn<\/strong><\/i>; <i><strong>El colocolo<\/strong><\/i>; <i><strong>La aventura de Mr. Jaiba<\/strong><\/i>; <i><strong>Pedro, el Pequenero<\/strong><\/i>; <i><strong>Un ladr\u00f3n y su mujer<\/strong><\/i> y <i><strong>La compa\u00f1era de viaje<\/strong><\/i>.<\/p>\n<\/td>\n<\/tr>\n<tr>\n<td style=\"text-align: left; vertical-align: top;\"><a href=\"http:\/\/www.manuelrojas.cl\/wp-content\/uploads\/Manuel-Rojas-El-delincuente.jpeg\" rel=\"attachment wp-att-5026\"><img class=\"margin-top: 5px;margin-bottom: 5px;margin-right: 5px;margin-left: 5px; alignleft wp-image-5586\" src=\"http:\/\/www.manuelrojas.cl\/wp-content\/uploads\/Manuel-Rojas-El-delincuente.jpeg\" alt=\"\" width=\"150\" height=\"225\"><\/a><\/td>\n<\/tr>\n<\/tbody>\n<\/table>\n[tabbyending]","_et_gb_content_width":"","footnotes":""},"class_list":["post-5025","page","type-page","status-publish","has-post-thumbnail","hentry"],"_links":{"self":[{"href":"https:\/\/manuelrojas.cl\/index.php\/wp-json\/wp\/v2\/pages\/5025","targetHints":{"allow":["GET"]}}],"collection":[{"href":"https:\/\/manuelrojas.cl\/index.php\/wp-json\/wp\/v2\/pages"}],"about":[{"href":"https:\/\/manuelrojas.cl\/index.php\/wp-json\/wp\/v2\/types\/page"}],"author":[{"embeddable":true,"href":"https:\/\/manuelrojas.cl\/index.php\/wp-json\/wp\/v2\/users\/1"}],"replies":[{"embeddable":true,"href":"https:\/\/manuelrojas.cl\/index.php\/wp-json\/wp\/v2\/comments?post=5025"}],"version-history":[{"count":12,"href":"https:\/\/manuelrojas.cl\/index.php\/wp-json\/wp\/v2\/pages\/5025\/revisions"}],"predecessor-version":[{"id":11568,"href":"https:\/\/manuelrojas.cl\/index.php\/wp-json\/wp\/v2\/pages\/5025\/revisions\/11568"}],"wp:featuredmedia":[{"embeddable":true,"href":"https:\/\/manuelrojas.cl\/index.php\/wp-json\/"}],"wp:attachment":[{"href":"https:\/\/manuelrojas.cl\/index.php\/wp-json\/wp\/v2\/media?parent=5025"}],"curies":[{"name":"wp","href":"https:\/\/api.w.org\/{rel}","templated":true}]}}

<p>[et_pb_section fb_built=&#8221;1&#8243; _builder_version=&#8221;4.17.4&#8243; _module_preset=&#8221;default&#8221; background_color=&#8221;RGBA(255,255,255,0)&#8221; custom_margin=&#8221;0px||0px||false|false&#8221; custom_padding=&#8221;0px||0px||false|false&#8221; global_colors_info=&#8221;{}&#8221;][et_pb_row _builder_version=&#8221;4.17.4&#8243; _module_preset=&#8221;default&#8221; background_color=&#8221;#FFFFFF&#8221; max_width=&#8221;1277px&#8221; custom_margin=&#8221;0px||0px||false|false&#8221; custom_padding=&#8221;0px||0px||false|false&#8221; hover_enabled=&#8221;0&#8243; global_colors_info=&#8221;{}&#8221; sticky_enabled=&#8221;0&#8243;][et_pb_column type=&#8221;4_4&#8243; _builder_version=&#8221;4.17.4&#8243; _module_preset=&#8221;default&#8221; global_colors_info=&#8221;{}&#8221;][et_pb_text _builder_version=&#8221;4.17.4&#8243; _module_preset=&#8221;default&#8221; text_font=&#8221;Alegreya||||||||&#8221; header_3_font=&#8221;Alegreya|600|||||||&#8221; header_3_text_color=&#8221;#005B84&#8243; custom_margin=&#8221;|20px|5px||false|false&#8221; custom_padding=&#8221;20px|20px|||false|false&#8221; border_width_bottom=&#8221;1px&#8221; border_color_bottom=&#8221;#cccccc&#8221; border_style_bottom=&#8221;dotted&#8221; border_width_left=&#8221;3px&#8221; border_color_left=&#8221;#005B84&#8243; global_colors_info=&#8221;{}&#8221;]</p>
<h3>  <span style="color: rgba(53, 53, 53, 0.63);">Obra /</span> <a href="https://manuelrojas.cl/index.php/obras_libro/cuentos-libro/">Cuentos</a> / El Delincuente</h3>
<p>[/et_pb_text][/et_pb_column][/et_pb_row][et_pb_row column_structure=&#8221;2_5,3_5&#8243; _builder_version=&#8221;4.17.4&#8243; _module_preset=&#8221;default&#8221; background_color=&#8221;#FFFFFF&#8221; background_image=&#8221;https://manuelrojas.cl/wp-content/uploads/2023/05/com-spliter.png&#8221; background_size=&#8221;initial&#8221; background_repeat=&#8221;repeat&#8221; width_tablet=&#8221;90%&#8221; width_phone=&#8221;90%&#8221; width_last_edited=&#8221;on|phone&#8221; max_width_tablet=&#8221;&#8221; max_width_phone=&#8221;&#8221; max_width_last_edited=&#8221;on|phone&#8221; custom_padding=&#8221;|30px||30px|false|false&#8221; global_colors_info=&#8221;{}&#8221;][et_pb_column type=&#8221;2_5&#8243; _builder_version=&#8221;4.17.4&#8243; _module_preset=&#8221;default&#8221; global_colors_info=&#8221;{}&#8221;][et_pb_image src=&#8221;https://manuelrojas.cl/wp-content/uploads/2023/06/manuelrojaseldelincuente941.jpg&#8221; title_text=&#8221;manuelrojaseldelincuente941&#8243; align=&#8221;center&#8221; _builder_version=&#8221;4.17.4&#8243; _module_preset=&#8221;default&#8221; width_tablet=&#8221;&#8221; width_phone=&#8221;&#8221; width_last_edited=&#8221;on|phone&#8221; height=&#8221;500px&#8221; height_tablet=&#8221;500px&#8221; height_phone=&#8221;&#8221; height_last_edited=&#8221;on|phone&#8221; max_height=&#8221;500px&#8221; max_height_tablet=&#8221;500px&#8221; max_height_phone=&#8221;&#8221; max_height_last_edited=&#8221;on|phone&#8221; border_radii=&#8221;on|3px|3px|3px|3px&#8221; border_width_all=&#8221;1px&#8221; border_color_all=&#8221;RGBA(48,48,48,0.77)&#8221; box_shadow_style=&#8221;preset1&#8243; box_shadow_blur=&#8221;5px&#8221; global_colors_info=&#8221;{}&#8221;][/et_pb_image][et_pb_image src=&#8221;https://manuelrojas.cl/wp-content/uploads/2023/06/Manuel-Rojas-El-delincuente.jpeg&#8221; title_text=&#8221;Manuel-Rojas-El-delincuente&#8221; align=&#8221;center&#8221; _builder_version=&#8221;4.17.4&#8243; _module_preset=&#8221;default&#8221; width_tablet=&#8221;&#8221; width_phone=&#8221;&#8221; width_last_edited=&#8221;on|phone&#8221; height=&#8221;500px&#8221; height_tablet=&#8221;500px&#8221; height_phone=&#8221;&#8221; height_last_edited=&#8221;on|phone&#8221; max_height=&#8221;500px&#8221; max_height_tablet=&#8221;500px&#8221; max_height_phone=&#8221;&#8221; max_height_last_edited=&#8221;on|phone&#8221; hover_enabled=&#8221;0&#8243; border_radii=&#8221;on|3px|3px|3px|3px&#8221; border_width_all=&#8221;1px&#8221; border_color_all=&#8221;RGBA(48,48,48,0.77)&#8221; box_shadow_style=&#8221;preset1&#8243; box_shadow_blur=&#8221;5px&#8221; global_colors_info=&#8221;{}&#8221; url=&#8221;https://tienda.zigzag.cl/9789561229587-el-delincuente-el-vaso-de-leche-y-otros-cuentos.html&#8221; url_new_window=&#8221;on&#8221; sticky_enabled=&#8221;0&#8243;][/et_pb_image][/et_pb_column][et_pb_column type=&#8221;3_5&#8243; _builder_version=&#8221;4.17.4&#8243; _module_preset=&#8221;default&#8221; global_colors_info=&#8221;{}&#8221;][et_pb_text _builder_version=&#8221;4.17.4&#8243; _module_preset=&#8221;default&#8221; text_font=&#8221;Alegreya||||||||&#8221; text_font_size=&#8221;18px&#8221; text_line_height=&#8221;1.8em&#8221; background_color=&#8221;#FFFFFF&#8221; width_tablet=&#8221;&#8221; width_phone=&#8221;&#8221; width_last_edited=&#8221;on|phone&#8221; max_width_tablet=&#8221;&#8221; max_width_phone=&#8221;100%&#8221; max_width_last_edited=&#8221;on|phone&#8221; custom_padding=&#8221;10px|10px|10px|10px|false|false&#8221; hover_enabled=&#8221;0&#8243; text_font_tablet=&#8221;Alegreya||||||||&#8221; text_font_phone=&#8221;Alegreya||||||||&#8221; text_font_last_edited=&#8221;off|desktop&#8221; text_font_size_tablet=&#8221;17px&#8221; text_font_size_phone=&#8221;10px&#8221; text_font_size_last_edited=&#8221;on|phone&#8221; border_radii=&#8221;on|1px|1px|1px|1px&#8221; border_width_all=&#8221;1px&#8221; border_color_all=&#8221;RGBA(0,91,132,0.8)&#8221; border_style_all=&#8221;dotted&#8221; global_colors_info=&#8221;{}&#8221; sticky_enabled=&#8221;0&#8243;]</p>
<div class="content clearfix">
<div class="content clearfix">
<p><strong>Primera Edición:</strong> Sociedad Chilena de Ediciones, Imprenta Universitaria &#8211; Santiago de Chile, 1929<br /><a href="https://tienda.zigzag.cl/9789561229587-el-delincuente-el-vaso-de-leche-y-otros-cuentos.html" title="Cuentos - El delincuente" target="_blank" rel="noopener"><strong>Última Edición :</strong> Editorial Zig-Zag &#8211; Santiago de Chile, 2019</a></p>
<h2>Reseña</h2>
<p class="dropcap" style="text-align: justify;">La recopilación de cuentos que lleva por título <strong>El delincuente</strong> contiene un ciclo de historias que describen muy novedosamente el margen de las sociedades latinoamericanas, conformado por ladrones: en <strong>«El delincuente»</strong>, <strong>«Un ladrón y su mujer»</strong> e incluso, quizá, en <strong>«El vaso de leche»</strong>; pordioseros: <strong>«Un mendigo»</strong>; presos: <strong>«El trampolín»</strong>; borrachos: <strong>«Pedro, el Pequenero»</strong>; artistas de la calle <strong>«La aventura de Mr. Jaiba»</strong>. A diferencia de los narradores naturalistas, Rojas no impone a estos sujetos etiquetas descriptivas que cierren para siempre su modo de ser. Si algo define a estos personajes es su permanente apertura: nadie nace ladrón o mendigo ni lo es de una vez y para siempre. Primero somos seres humanos; luego será la vida, la ley, el Estado o bien nuestros propios semejantes los que nos pongan en esos lugares de privilegio o explotación. En la base de esta concepción aparece con mucha claridad la formación de Rojas en el pensamiento anarquista, que rechaza la autoridad y reclama la esencial igualdad de las personas.</p>
<p style="text-align: justify;">Texto extraño en este conjunto, <strong>«La compañera de viaje»</strong> relata un episodio semi amoroso protagonizado por un diplomático en Italia. Puede leerse como un ejercicio afín a la elasticidad que se reclama para concebir al margen social: en esa experiencia, la del sujeto privilegiado, también hay… un ser humano.</p>
<hr />
<p style="text-align: justify;"><strong>El Delincuente</strong>, contiene una nota biográfica firmada por la Sociedad Chilena de Escritores y los cuentos <i><strong>El delincuente</strong></i>; <i><strong>El vaso de leche</strong></i>; <i><strong>Un mendigo</strong></i>; <i><strong>El trampolín</strong></i>; <i><strong>El colocolo</strong></i>; <i><strong>La aventura de Mr. Jaiba</strong></i>; <i><strong>Pedro, el Pequenero</strong></i>; <i><strong>Un ladrón y su mujer</strong></i> y <i><strong>La compañera de viaje</strong></i>.</p>
</div>
</div>
<p>[/et_pb_text][/et_pb_column][/et_pb_row][/et_pb_section]</p>

<p>  Obra / Cuentos / El Delincuente Primera Edición: Sociedad Chilena de Ediciones, Imprenta Universitaria &#8211; Santiago de Chile, 1929Última Edición : Editorial Zig-Zag &#8211; Santiago de Chile, 2019 Reseña La recopilación de cuentos que lleva por título El delincuente contiene un ciclo de historias que describen muy novedosamente el margen de las sociedades latinoamericanas, [&hellip;]</p>

[tabby title="Libro y Reseña"]
<table class="table">
<tbody>
<tr>
<td style="text-align: left; vertical-align: top;"><strong><a href="http://www.manuelrojas.cl/wp-content/uploads/manuelrojaseldelincuente941.jpg" rel="attachment wp-att-4422"><img class="margin-top: 5px;margin-bottom: 5px;margin-right: 5px;margin-left: 5px; alignleft wp-image-5585" src="http://www.manuelrojas.cl/wp-content/uploads/manuelrojaseldelincuente941.jpg" alt="" width="150" height="225"></a></strong></td>
<td style="vertical-align: top;" rowspan="2"><strong>Primera Edición:</strong> Sociedad Chilena de Ediciones, Imprenta Universitaria - Santiago de Chile, 1929
<strong>Última Edición :</strong> Editorial Zig-Zag - Santiago de Chile, 2019
<h2>Reseña</h2>
<p class="dropcap" style="text-align: justify;">La recopilación de cuentos que lleva por título <strong>El delincuente</strong> contiene un ciclo de historias que describen muy novedosamente el margen de las sociedades latinoamericanas, conformado por ladrones: en <strong>«El delincuente»</strong>, <strong>«Un ladrón y su mujer»</strong> e incluso, quizá, en <strong>«El vaso de leche»</strong>; pordioseros: <strong>«Un mendigo»</strong>; presos: <strong>«El trampolín»</strong>; borrachos: <strong>«Pedro, el Pequenero»</strong>; artistas de la calle <strong>«La aventura de Mr. Jaiba»</strong>. A diferencia de los narradores naturalistas, Rojas no impone a estos sujetos etiquetas descriptivas que cierren para siempre su modo de ser. Si algo define a estos personajes es su permanente apertura: nadie nace ladrón o mendigo ni lo es de una vez y para siempre. Primero somos seres humanos; luego será la vida, la ley, el Estado o bien nuestros propios semejantes los que nos pongan en esos lugares de privilegio o explotación. En la base de esta concepción aparece con mucha claridad la formación de Rojas en el pensamiento anarquista, que rechaza la autoridad y reclama la esencial igualdad de las personas.</p>
<p style="text-align: justify;">Texto extraño en este conjunto, <strong>«La compañera de viaje»</strong> relata un episodio semi amoroso protagonizado por un diplomático en Italia. Puede leerse como un ejercicio afín a la elasticidad que se reclama para concebir al margen social: en esa experiencia, la del sujeto privilegiado, también hay… un ser humano.</p>


<hr>
<p style="text-align: justify;"><strong>El Delincuente</strong>, contiene una nota biográfica firmada por la Sociedad Chilena de Escritores y los cuentos <i><strong>El delincuente</strong></i>; <i><strong>El vaso de leche</strong></i>; <i><strong>Un mendigo</strong></i>; <i><strong>El trampolín</strong></i>; <i><strong>El colocolo</strong></i>; <i><strong>La aventura de Mr. Jaiba</strong></i>; <i><strong>Pedro, el Pequenero</strong></i>; <i><strong>Un ladrón y su mujer</strong></i> y <i><strong>La compañera de viaje</strong></i>.</p>
</td>
</tr>
<tr>
<td style="text-align: left; vertical-align: top;"><a href="http://www.manuelrojas.cl/wp-content/uploads/Manuel-Rojas-El-delincuente.jpeg" rel="attachment wp-att-5026"><img class="margin-top: 5px;margin-bottom: 5px;margin-right: 5px;margin-left: 5px; alignleft wp-image-5586" src="http://www.manuelrojas.cl/wp-content/uploads/Manuel-Rojas-El-delincuente.jpeg" alt="" width="150" height="225"></a></td>
</tr>
</tbody>
</table>
[tabbyending]
