{"id":5031,"date":"2015-04-28T21:35:46","date_gmt":"2015-04-29T00:35:46","guid":{"rendered":"http:\/\/www.manuelrojas.cl\/?page_id=5031"},"modified":"2024-11-12T01:52:49","modified_gmt":"2024-11-12T01:52:49","slug":"el-bonete-maulino","status":"publish","type":"page","link":"https:\/\/manuelrojas.cl\/index.php\/el-bonete-maulino\/","title":{"rendered":"El Bonete Maulino"},"content":{"rendered":"<p>[et_pb_section fb_built=&#8221;1&#8243; _builder_version=&#8221;4.17.4&#8243; _module_preset=&#8221;default&#8221; background_color=&#8221;RGBA(255,255,255,0)&#8221; custom_margin=&#8221;0px||0px||false|false&#8221; custom_padding=&#8221;0px||0px||false|false&#8221; global_colors_info=&#8221;{}&#8221;][et_pb_row _builder_version=&#8221;4.17.4&#8243; _module_preset=&#8221;default&#8221; background_color=&#8221;#FFFFFF&#8221; max_width=&#8221;1277px&#8221; custom_margin=&#8221;0px||0px||false|false&#8221; custom_padding=&#8221;0px||0px||false|false&#8221; global_colors_info=&#8221;{}&#8221;][et_pb_column type=&#8221;4_4&#8243; _builder_version=&#8221;4.17.4&#8243; _module_preset=&#8221;default&#8221; global_colors_info=&#8221;{}&#8221;][et_pb_text _builder_version=&#8221;4.17.4&#8243; _module_preset=&#8221;default&#8221; text_font=&#8221;Alegreya||||||||&#8221; header_3_font=&#8221;Alegreya|600|||||||&#8221; header_3_text_color=&#8221;#005B84&#8243; custom_margin=&#8221;|20px|5px||false|false&#8221; custom_padding=&#8221;20px|20px|||false|false&#8221; hover_enabled=&#8221;0&#8243; border_width_bottom=&#8221;1px&#8221; border_color_bottom=&#8221;#cccccc&#8221; border_style_bottom=&#8221;dotted&#8221; border_width_left=&#8221;3px&#8221; border_color_left=&#8221;#005B84&#8243; global_colors_info=&#8221;{}&#8221; sticky_enabled=&#8221;0&#8243;]<\/p>\n<h3>\u00a0 <span style=\"color: rgba(53, 53, 53, 0.63);\">Obra \/<\/span> <a href=\"https:\/\/manuelrojas.cl\/index.php\/obras_libro\/cuentos-libro\/\">Cuentos<\/a> \/ El bonete maulino<\/h3>\n<p>[\/et_pb_text][\/et_pb_column][\/et_pb_row][et_pb_row column_structure=&#8221;2_5,3_5&#8243; _builder_version=&#8221;4.17.4&#8243; _module_preset=&#8221;default&#8221; background_color=&#8221;#FFFFFF&#8221; background_image=&#8221;https:\/\/manuelrojas.cl\/wp-content\/uploads\/2023\/05\/com-spliter.png&#8221; background_size=&#8221;initial&#8221; background_repeat=&#8221;repeat&#8221; width_tablet=&#8221;90%&#8221; width_phone=&#8221;90%&#8221; width_last_edited=&#8221;on|phone&#8221; max_width_tablet=&#8221;&#8221; max_width_phone=&#8221;&#8221; max_width_last_edited=&#8221;on|phone&#8221; custom_padding=&#8221;|30px||30px|false|false&#8221; global_colors_info=&#8221;{}&#8221;][et_pb_column type=&#8221;2_5&#8243; _builder_version=&#8221;4.17.4&#8243; _module_preset=&#8221;default&#8221; global_colors_info=&#8221;{}&#8221;][et_pb_image src=&#8221;https:\/\/manuelrojas.cl\/wp-content\/uploads\/2023\/06\/manuelrojaselbonetemaulino80.jpg&#8221; title_text=&#8221;manuelrojaselbonetemaulino80&#8243; align=&#8221;center&#8221; _builder_version=&#8221;4.17.4&#8243; _module_preset=&#8221;default&#8221; width_tablet=&#8221;&#8221; width_phone=&#8221;&#8221; width_last_edited=&#8221;on|phone&#8221; height=&#8221;500px&#8221; height_tablet=&#8221;500px&#8221; height_phone=&#8221;&#8221; height_last_edited=&#8221;on|phone&#8221; max_height=&#8221;500px&#8221; max_height_tablet=&#8221;500px&#8221; max_height_phone=&#8221;&#8221; max_height_last_edited=&#8221;on|phone&#8221; border_radii=&#8221;on|3px|3px|3px|3px&#8221; border_width_all=&#8221;1px&#8221; border_color_all=&#8221;RGBA(48,48,48,0.77)&#8221; box_shadow_style=&#8221;preset1&#8243; box_shadow_blur=&#8221;5px&#8221; global_colors_info=&#8221;{}&#8221;][\/et_pb_image][et_pb_image src=&#8221;https:\/\/manuelrojas.cl\/wp-content\/uploads\/2023\/06\/manuelrojaselbonetemaulino1968751.jpg&#8221; title_text=&#8221;manuelrojaselbonetemaulino1968751&#8243; align=&#8221;center&#8221; _builder_version=&#8221;4.17.4&#8243; _module_preset=&#8221;default&#8221; height=&#8221;500px&#8221; height_tablet=&#8221;500px&#8221; height_phone=&#8221;&#8221; height_last_edited=&#8221;on|phone&#8221; max_height=&#8221;500px&#8221; max_height_tablet=&#8221;500px&#8221; max_height_phone=&#8221;&#8221; max_height_last_edited=&#8221;on|phone&#8221; border_radii=&#8221;on|3px|3px|3px|3px&#8221; border_width_all=&#8221;1px&#8221; border_color_all=&#8221;RGBA(48,48,48,0.77)&#8221; box_shadow_style=&#8221;preset1&#8243; box_shadow_blur=&#8221;5px&#8221; global_colors_info=&#8221;{}&#8221;][\/et_pb_image][\/et_pb_column][et_pb_column type=&#8221;3_5&#8243; _builder_version=&#8221;4.17.4&#8243; _module_preset=&#8221;default&#8221; global_colors_info=&#8221;{}&#8221;][et_pb_text _builder_version=&#8221;4.17.4&#8243; _module_preset=&#8221;default&#8221; text_font=&#8221;Alegreya||||||||&#8221; text_font_size=&#8221;18px&#8221; text_line_height=&#8221;1.8em&#8221; background_color=&#8221;#FFFFFF&#8221; width_tablet=&#8221;&#8221; width_phone=&#8221;100%&#8221; width_last_edited=&#8221;on|phone&#8221; max_width_tablet=&#8221;&#8221; max_width_phone=&#8221;&#8221; max_width_last_edited=&#8221;on|phone&#8221; custom_padding=&#8221;10px|10px|10px|10px|false|false&#8221; text_font_tablet=&#8221;Alegreya||||||||&#8221; text_font_phone=&#8221;Alegreya||||||||&#8221; text_font_last_edited=&#8221;off|desktop&#8221; text_font_size_tablet=&#8221;17px&#8221; text_font_size_phone=&#8221;10px&#8221; text_font_size_last_edited=&#8221;on|phone&#8221; border_radii=&#8221;on|1px|1px|1px|1px&#8221; border_width_all=&#8221;1px&#8221; border_color_all=&#8221;RGBA(0,91,132,0.8)&#8221; border_style_all=&#8221;dotted&#8221; global_colors_info=&#8221;{}&#8221;]<\/p>\n<div class=\"content clearfix\">\n<div class=\"content clearfix\">\n<p><strong>Primera edici\u00f3n:<\/strong> Editorial Cruz del Sur &#8211; Santiago de Chile, 1943<br \/><strong>\u00daltima edici\u00f3n :<\/strong> Editorial Universitaria &#8211; Santiago de Chile, 1968<\/p>\n<p style=\"text-align: justify;\"><a title=\"Gonz\u00e1lez Vera: Manuel Rojas\" href=\"https:\/\/manuelrojas.cl\/wp-content\/uploads\/2023\/06\/Nota-de-Gonzalez-Vera-El-bonete-maulino.pdf\" target=\"_blank\" rel=\"noopener noreferrer\">Acceda a la nota de Gonz\u00e1lez Vera: \u00abManuel Rojas\u00bb<\/a><\/p>\n<h2>Rese\u00f1a<\/h2>\n<p class=\"dropcap\" style=\"text-align: justify;\">\u00abLa madre de Manuel Rojas \u2013do\u00f1a Dorotea\u2013 era del Maule y ella fue quien le cont\u00f3 la historia o leyenda de don Leiva, que su hijo transform\u00f3 en <strong>El bonete maulino<\/strong>, reconociendo su deuda. En la misma narraci\u00f3n se ingenia para enterarnos que <i>cualquier cosa antigua despertaba en ella largas reminiscencias del pasado, pues parec\u00eda haber heredado del pasado el sentido de lejan\u00eda y el espacio de los conquistadores espa\u00f1oles, que su hijo ha recibido intacto<\/i>.<\/p>\n<p style=\"text-align: justify;\"><strong>El bonete maulino<\/strong> pertenece a la serie de cuentos legendarios en que se ha complacido su autor a lo largo de su vida. Es notable la generalizaci\u00f3n que hace del hombre americano en esta narraci\u00f3n. El narrador confiesa: <i>&#8220;\u2026debajo del bonete me parec\u00eda ver el rostro del due\u00f1o, probablemente un rostro de puro mestizo, moreno de dientes blanqu\u00edsimos y bigote negro, rostro t\u00edpico que se ve en las rep\u00fablicas sudamericanas\u2026, rostro de domador de potros o de campa\u00f1ista, de cholo, de huaso, de llanero, de gaucho o de charro\u2026&#8221;<\/i> La descripci\u00f3n que hace luego de don Leiva, de su car\u00e1cter y de su hombr\u00eda no se queda en lo pintoresco y por lo mismo cala hondo en la \u00edndole del personaje.<\/p>\n<p style=\"text-align: justify;\">Mariano Latorre percibi\u00f3 en este cuento <i>&#8220;una aguda visi\u00f3n de la doble personalidad del huaso en su adaptaci\u00f3n al momento social en que actu\u00f3&#8221;<\/i>. Pero Manuel Rojas ha preferido mantener su arte alejado en lo posible de la sociolog\u00eda y de la interpretaci\u00f3n hist\u00f3rica. Le interesaba en primer t\u00e9rmino el ser humano en general desde su propio punto de vista, o la definici\u00f3n de uno determinado. En <strong>El bonete maulino<\/strong>, por ser regional, quiso, adem\u00e1s, conservar el tono que supo infundirle do\u00f1a Dorotea, a quien sabemos, se lo oy\u00f3 por vez primera. Todav\u00eda le parec\u00eda escuchar en \u00e9l su acento emocionado, lleno de ternura.\u00bb<\/p>\n<p style=\"text-align: justify;\"><i>Extracto del libro: <a title=\"Publicaciones &amp; Estudios: Manuel Rojas, Narrador\" href=\"https:\/\/manuelrojas.cl\/index.php\/sobre-su-obra\/publicaciones_estudios\/\" rel=\"noopener noreferrer\" target=\"_blank\">Manuel Rojas &#8211; Narrador<\/a>, de <strong>Enrique Espinoza<\/strong> \u2013 Editorial Babel, Buenos Aires \u2013 Argentina, 1976<\/i>.<\/p>\n<hr \/>\n<p style=\"text-align: justify;\"><strong>El bonete maulino<\/strong>, contiene una <a title=\"Gonz\u00e1lez Vera: Manuel Rojas\" href=\"https:\/\/manuelrojas.cl\/wp-content\/uploads\/2023\/06\/Nota-de-Gonzalez-Vera-El-bonete-maulino.pdf\" target=\"_blank\" rel=\"noopener noreferrer\">nota biogr\u00e1fica de Jos\u00e9 Santos Gonz\u00e1lez Vera<\/a> y los cuentos <i><strong>El bonete maulino<\/strong><\/i>; <i><strong>El delincuente<\/strong><\/i> y <i><strong>Laguna<\/strong><\/i>.<\/p>\n<\/div>\n<\/div>\n<p>[\/et_pb_text][\/et_pb_column][\/et_pb_row][\/et_pb_section]<\/p>\n","protected":false},"excerpt":{"rendered":"<p>\u00a0 Obra \/ Cuentos \/ El bonete maulino Primera edici\u00f3n: Editorial Cruz del Sur &#8211; Santiago de Chile, 1943\u00daltima edici\u00f3n : Editorial Universitaria &#8211; Santiago de Chile, 1968 Acceda a la nota de Gonz\u00e1lez Vera: \u00abManuel Rojas\u00bb Rese\u00f1a \u00abLa madre de Manuel Rojas \u2013do\u00f1a Dorotea\u2013 era del Maule y ella fue quien le cont\u00f3 la [&hellip;]<\/p>\n","protected":false},"author":1,"featured_media":5593,"parent":0,"menu_order":0,"comment_status":"closed","ping_status":"closed","template":"","meta":{"_et_pb_use_builder":"on","_et_pb_old_content":"[tabby title=\"Libro y Rese\u00f1a\"]\n<table class=\"table\">\n<tbody>\n<tr>\n<td style=\"text-align: left; vertical-align: top;\"><strong><a href=\"http:\/\/www.manuelrojas.cl\/wp-content\/uploads\/manuelrojaselbonetemaulino80.jpg\" rel=\"attachment wp-att-4426\"><img class=\"margin-top: 5px;margin-bottom: 5px;margin-right: 5px;margin-left: 5px; alignleft wp-image-5593\" src=\"http:\/\/www.manuelrojas.cl\/wp-content\/uploads\/manuelrojaselbonetemaulino80.jpg\" alt=\"\" width=\"150\" height=\"225\"><\/a><\/strong><\/td>\n<td style=\"vertical-align: top;\" rowspan=\"2\"><strong>Primera edici\u00f3n:<\/strong> Editorial Cruz del Sur - Santiago de Chile, 1943\n<strong>\u00daltima edici\u00f3n :<\/strong> Editorial Universitaria - Santiago de Chile, 1968\n<p style=\"text-align: justify;\"><a title=\"Gonz\u00e1lez Vera: Manuel Rojas\" href=\"http:\/\/www.manuelrojas.cl\/wp-content\/uploads\/Nota-de-Gonzalez-Vera-El-bonete-maulino.pdf\" target=\"_blank\" rel=\"noopener noreferrer\">Acceda a la nota de Gonz\u00e1lez Vera: \u00abManuel Rojas\u00bb<\/a><\/p>\n\n<h2>Rese\u00f1a<\/h2>\n<p class=\"dropcap\" style=\"text-align: justify;\">\u00abLa madre de Manuel Rojas \u2013do\u00f1a Dorotea\u2013 era del Maule y ella fue quien le cont\u00f3 la historia o leyenda de don Leiva, que su hijo transform\u00f3 en <strong>El bonete maulino<\/strong>, reconociendo su deuda. En la misma narraci\u00f3n se ingenia para enterarnos que <i>cualquier cosa antigua despertaba en ella largas reminiscencias del pasado, pues parec\u00eda haber heredado del pasado el sentido de lejan\u00eda y el espacio de los conquistadores espa\u00f1oles, que su hijo ha recibido intacto<\/i>.<\/p>\n<p style=\"text-align: justify;\"><strong>El bonete maulino<\/strong> pertenece a la serie de cuentos legendarios en que se ha complacido su autor a lo largo de su vida. Es notable la generalizaci\u00f3n que hace del hombre americano en esta narraci\u00f3n. El narrador confiesa: <i>\"\u2026debajo del bonete me parec\u00eda ver el rostro del due\u00f1o, probablemente un rostro de puro mestizo, moreno de dientes blanqu\u00edsimos y bigote negro, rostro t\u00edpico que se ve en las rep\u00fablicas sudamericanas\u2026, rostro de domador de potros o de campa\u00f1ista, de cholo, de huaso, de llanero, de gaucho o de charro\u2026\"<\/i> La descripci\u00f3n que hace luego de don Leiva, de su car\u00e1cter y de su hombr\u00eda no se queda en lo pintoresco y por lo mismo cala hondo en la \u00edndole del personaje.<\/p>\n<p style=\"text-align: justify;\">Mariano Latorre percibi\u00f3 en este cuento <i>\"una aguda visi\u00f3n de la doble personalidad del huaso en su adaptaci\u00f3n al momento social en que actu\u00f3\"<\/i>. Pero Manuel Rojas ha preferido mantener su arte alejado en lo posible de la sociolog\u00eda y de la interpretaci\u00f3n hist\u00f3rica. Le interesaba en primer t\u00e9rmino el ser humano en general desde su propio punto de vista, o la definici\u00f3n de uno determinado. En <strong>El bonete maulino<\/strong>, por ser regional, quiso, adem\u00e1s, conservar el tono que supo infundirle do\u00f1a Dorotea, a quien sabemos, se lo oy\u00f3 por vez primera. Todav\u00eda le parec\u00eda escuchar en \u00e9l su acento emocionado, lleno de ternura.\u00bb<\/p>\n<p style=\"text-align: justify;\"><i>Extracto del libro: <a title=\"Publicaciones &amp; Estudios: Manuel Rojas, Narrador\" href=\"http:\/\/www.manuelrojas.cl\/wp-content\/uploads\/Enrique-Espinoza-Manuel-Rojas-Narrador.pdf\" target=\"_blank\" rel=\"noopener noreferrer\">Manuel Rojas - Narrador<\/a>, de <strong>Enrique Espinoza<\/strong> \u2013 Editorial Babel, Buenos Aires \u2013 Argentina, 1976<\/i>.<\/p>\n\n\n<hr>\n<p style=\"text-align: justify;\"><strong>El bonete maulino<\/strong>, contiene una <a title=\"Gonz\u00e1lez Vera: Manuel Rojas\" href=\"http:\/\/www.manuelrojas.cl\/wp-content\/uploads\/Nota-de-Gonzalez-Vera-El-bonete-maulino.pdf\" target=\"_blank\" rel=\"noopener noreferrer\">nota biogr\u00e1fica de Jos\u00e9 Santos Gonz\u00e1lez Vera<\/a> y los cuentos <i><strong>El bonete maulino<\/strong><\/i>; <i><strong>El delincuente<\/strong><\/i> y <i><strong>Laguna<\/strong><\/i>.<\/p>\n<\/td>\n<\/tr>\n<tr>\n<td style=\"text-align: left; vertical-align: top;\"><a href=\"http:\/\/www.manuelrojas.cl\/wp-content\/uploads\/manuelrojaselbonetemaulino1968751.jpg\" rel=\"attachment wp-att-5032\"><img class=\"margin-top: 5px;margin-bottom: 5px;margin-right: 5px;margin-left: 5px; alignleft wp-image-5594\" src=\"http:\/\/www.manuelrojas.cl\/wp-content\/uploads\/manuelrojaselbonetemaulino1968751.jpg\" alt=\"\" width=\"150\" height=\"225\"><\/a><\/td>\n<\/tr>\n<\/tbody>\n<\/table>\n[tabbyending]","_et_gb_content_width":"","footnotes":""},"class_list":["post-5031","page","type-page","status-publish","has-post-thumbnail","hentry"],"_links":{"self":[{"href":"https:\/\/manuelrojas.cl\/index.php\/wp-json\/wp\/v2\/pages\/5031","targetHints":{"allow":["GET"]}}],"collection":[{"href":"https:\/\/manuelrojas.cl\/index.php\/wp-json\/wp\/v2\/pages"}],"about":[{"href":"https:\/\/manuelrojas.cl\/index.php\/wp-json\/wp\/v2\/types\/page"}],"author":[{"embeddable":true,"href":"https:\/\/manuelrojas.cl\/index.php\/wp-json\/wp\/v2\/users\/1"}],"replies":[{"embeddable":true,"href":"https:\/\/manuelrojas.cl\/index.php\/wp-json\/wp\/v2\/comments?post=5031"}],"version-history":[{"count":8,"href":"https:\/\/manuelrojas.cl\/index.php\/wp-json\/wp\/v2\/pages\/5031\/revisions"}],"predecessor-version":[{"id":11572,"href":"https:\/\/manuelrojas.cl\/index.php\/wp-json\/wp\/v2\/pages\/5031\/revisions\/11572"}],"wp:featuredmedia":[{"embeddable":true,"href":"https:\/\/manuelrojas.cl\/index.php\/wp-json\/"}],"wp:attachment":[{"href":"https:\/\/manuelrojas.cl\/index.php\/wp-json\/wp\/v2\/media?parent=5031"}],"curies":[{"name":"wp","href":"https:\/\/api.w.org\/{rel}","templated":true}]}}