{"id":5055,"date":"2015-04-28T22:56:39","date_gmt":"2015-04-29T01:56:39","guid":{"rendered":"http:\/\/www.manuelrojas.cl\/?page_id=5055"},"modified":"2024-11-07T01:40:22","modified_gmt":"2024-11-07T01:40:22","slug":"cuentos-libro","status":"publish","type":"page","link":"https:\/\/manuelrojas.cl\/index.php\/obras_libro\/cuentos-libro\/","title":{"rendered":"Cuentos"},"content":{"rendered":"<p>[et_pb_section admin_label=&#8221;section&#8221;]<br \/>\n\t\t\t[et_pb_row admin_label=&#8221;row&#8221;]<br \/>\n\t\t\t\t[et_pb_column type=&#8221;4_4&#8243;][et_pb_text admin_label=&#8221;Text&#8221;][tabby title=&#8221;Libro y Rese\u00f1a&#8221;]<\/p>\n<table class=\"table\">\n<tbody>\n<tr>\n<td style=\"text-align: left; vertical-align: top;\"><a href=\"http:\/\/www.manuelrojas.cl\/wp-content\/uploads\/manuelrojascuentos51.jpg\" rel=\"attachment wp-att-4435\"><img loading=\"lazy\" decoding=\"async\" class=\"margin-top: 5px;margin-bottom: 5px;margin-right: 5px;margin-left: 5px; alignleft wp-image-5611\" src=\"http:\/\/www.manuelrojas.cl\/wp-content\/uploads\/manuelrojascuentos51.jpg\" alt=\"\" width=\"150\" height=\"225\" \/><\/a><a href=\"http:\/\/www.manuelrojas.cl\/wp-content\/uploads\/Manuel-Rojas-Cuentos-Portada-Chica.jpg\"><img loading=\"lazy\" decoding=\"async\" class=\"alignleft size-full wp-image-6391\" src=\"http:\/\/www.manuelrojas.cl\/wp-content\/uploads\/Manuel-Rojas-Cuentos-Portada-Chica.jpg\" alt=\"Manuel Rojas Cuentos Portada Chica\" width=\"150\" height=\"225\" \/><\/a><\/td>\n<td style=\"vertical-align: top;\" rowspan=\"2\"><strong>Primera Edici\u00f3n:<\/strong> Editorial Sudamericana, Buenos Aires &#8211; Argentina, 1970<br \/>\n<strong>\u00daltima Edici\u00f3n:<\/strong> Ediciones Universidad Alberto Hurtado, Santiago de Chile, 2016<\/p>\n<p style=\"text-align: justify;\"><a title=\"Manuel Rojas: Hablo de mis cuentos\" href=\"http:\/\/www.manuelrojas.cl\/wp-content\/uploads\/Manuel-Rojas-Hablo-de-mis-cuentos.pdf\" target=\"_blank\" rel=\"noopener noreferrer\">Acceda al pr\u00f3logo de Manuel Rojas: \u00abHablo de mis cuentos\u00bb<\/a><\/p>\n<h2>Rese\u00f1a<\/h2>\n<p class=\"dropcap\" style=\"text-align: justify;\">Esta edici\u00f3n es la primera recopilaci\u00f3n integral de los cuentos de Manuel Rojas e implic\u00f3 una correcci\u00f3n general de los textos, en los que Rojas, cuyo m\u00e9todo literario se caracteriz\u00f3 por la permanente revisi\u00f3n, introduce numerosos cambios. Cuentos incluye los 28 relatos publicados por Rojas, escritos entre los a\u00f1os 1922 y 1934, m\u00e1s un esclarecedor texto titulado <i><strong>\u00abHablo de mis cuentos\u00bb<\/strong><\/i>, en el que examina cada uno de ellos, proporcionando interesantes datos sobre la construcci\u00f3n literaria, el entorno biogr\u00e1fico y el origen de algunos personajes. Como en <strong><a title=\"Memorias - Antolog\u00eda autobiogr\u00e1fica\" href=\"http:\/\/www.manuelrojas.cl\/antologia-autobiografica\/?lang=es\">Antolog\u00eda autobiogr\u00e1fica<\/a><\/strong>, aparece aqu\u00ed parte del \u00abtaller\u00bb del escritor: antecedente indispensable para los interesados en conocer y estudiar la genealog\u00eda de sus escritos.<\/p>\n<p style=\"text-align: justify;\">Una menci\u00f3n especial en esta recopilaci\u00f3n merecen los cuentos: <i><strong>\u00abPancho Rojas\u00bb<\/strong><\/i>, <i><strong>\u00abUna carabina y una cotorra\u00bb<\/strong><\/i> y <i><strong>\u00abMares libres\u00bb<\/strong><\/i>, publicados en 1951 en diferentes diarios del pa\u00eds. El primero es una reflexi\u00f3n sobre la libertad a prop\u00f3sito de un queltehue que el narrador y su familia cuidan en el patio de su casa. Los otros dos vuelven a explorar el tema de la libertad: en relaci\u00f3n con la creatividad y el ingenio popular o en la forma de una alegor\u00eda que toma como emblemas las numerosas aves de la costa chilena.<\/p>\n<p style=\"text-align: justify;\">En 1982 Dar\u00edo A. Cort\u00e9s dar\u00eda a conocer 3 relatos perdidos: <i><strong>\u00abUna pelea en la pampa\u00bb<\/strong><\/i> (1926), <i><strong>\u00abUna historia sin inter\u00e9s\u00bb<\/strong><\/i> (1927) y <i><strong>\u00abCorazones sencillos\u00bb<\/strong><\/i> (1930). Rojas nunca los incluy\u00f3 en sus antolog\u00edas manifestando seguramente su disconformidad con el resultado alcanzado: <i>\u00abDos o tres se perdieron, \u2013se\u00f1ala\u2013 de seguro por irremediables.\u00bb<\/i><\/p>\n<hr \/>\n<p style=\"text-align: justify;\"><strong>Cuentos<\/strong>, contiene una introducci\u00f3n del autor titulada <a title=\"Manuel Rojas: Hablo de mis cuentos\" href=\"http:\/\/www.manuelrojas.cl\/wp-content\/uploads\/Manuel-Rojas-Hablo-de-mis-cuentos.pdf\" target=\"_blank\" rel=\"noopener noreferrer\"><i>Hablo de mis cuentos<\/i><\/a> y los cuentos: <i><strong>Hombres del sur<\/strong><\/i>; <i><strong>Laguna<\/strong><\/i>; <i><strong>El cachorro<\/strong><\/i>; <i><strong>Un esp\u00edritu inquieto<\/strong><\/i>; <i><strong>El hombre de los ojos azules<\/strong><\/i>; <i><strong>El bonete maulino<\/strong><\/i>; <i><strong>El delincuente<\/strong><\/i>; <i><strong>El vaso de leche<\/strong><\/i>; <i><strong>Un mendigo<\/strong><\/i>; <i><strong>El trampol\u00edn<\/strong><\/i>; <i><strong>El colocolo<\/strong><\/i>; <i><strong>La aventura de Mr. Jaiva<\/strong><\/i>; <i><strong>Pedro, el Pequenero<\/strong><\/i>; <i><strong>Un ladr\u00f3n y su mujer<\/strong><\/i>; <i><strong>La compa\u00f1era de viaje<\/strong><\/i>; <i><strong>Bandidos en los caminos<\/strong><\/i>; <i><strong>El hombre de la rosa<\/strong><\/i>; <i><strong>La suerte de Cucho Vial<\/strong><\/i>; <i><strong>Canto y baile<\/strong><\/i>; <i><strong>El le\u00f3n y el hombre<\/strong><\/i>; <i><strong>El fantasma del patio<\/strong><\/i>; <i><strong>Historia de hospital<\/strong><\/i>; <i><strong>Poco sueldo<\/strong><\/i>; <i><strong>El rancho en la monta\u00f1a<\/strong><\/i>; <i><strong>Una carabina y una cotorra<\/strong><\/i>; <i><strong>Oro en el sur<\/strong><\/i>; <i><strong>Mares libres<\/strong><\/i>; <i><strong>Pancho Rojas<\/strong><\/i> y <i><strong>Zapatos subdesarrollados<\/strong><\/i>.<\/p>\n<\/td>\n<\/tr>\n<\/tbody>\n<\/table>\n<p>[tabbyending][\/et_pb_text][\/et_pb_column]<br \/>\n\t\t\t[\/et_pb_row]<br \/>\n\t\t[\/et_pb_section]<\/p>\n","protected":false},"excerpt":{"rendered":"<p>[tabby title=&#8221;Libro y Rese\u00f1a&#8221;] Primera Edici\u00f3n: Editorial Sudamericana, Buenos Aires &#8211; Argentina, 1970 \u00daltima Edici\u00f3n: Ediciones Universidad Alberto Hurtado, Santiago de Chile, 2016 Acceda al pr\u00f3logo de Manuel Rojas: \u00abHablo de mis cuentos\u00bb Rese\u00f1a Esta edici\u00f3n es la primera recopilaci\u00f3n integral de los cuentos de Manuel Rojas e implic\u00f3 una correcci\u00f3n general de los textos, [&hellip;]<\/p>\n","protected":false},"author":1,"featured_media":6391,"parent":5395,"menu_order":0,"comment_status":"closed","ping_status":"closed","template":"","meta":{"_et_pb_use_builder":"on","_et_pb_old_content":"[tabby title=\"Libro y Rese\u00f1a\"]\n<table class=\"table\">\n<tbody>\n<tr>\n<td style=\"text-align: left; vertical-align: top;\"><a href=\"http:\/\/www.manuelrojas.cl\/wp-content\/uploads\/manuelrojascuentos51.jpg\" rel=\"attachment wp-att-4435\"><img class=\"margin-top: 5px;margin-bottom: 5px;margin-right: 5px;margin-left: 5px; alignleft wp-image-5611\" src=\"http:\/\/www.manuelrojas.cl\/wp-content\/uploads\/manuelrojascuentos51.jpg\" alt=\"\" width=\"150\" height=\"225\" \/><\/a><a href=\"http:\/\/www.manuelrojas.cl\/wp-content\/uploads\/Manuel-Rojas-Cuentos-Portada-Chica.jpg\"><img class=\"alignleft size-full wp-image-6391\" src=\"http:\/\/www.manuelrojas.cl\/wp-content\/uploads\/Manuel-Rojas-Cuentos-Portada-Chica.jpg\" alt=\"Manuel Rojas Cuentos Portada Chica\" width=\"150\" height=\"225\" \/><\/a><\/td>\n<td style=\"vertical-align: top;\" rowspan=\"2\"><strong>Primera Edici\u00f3n:<\/strong> Editorial Sudamericana, Buenos Aires - Argentina, 1970\n<strong>\u00daltima Edici\u00f3n:<\/strong> Ediciones Universidad Alberto Hurtado, Santiago de Chile, 2016\n<p style=\"text-align: justify;\"><a title=\"Manuel Rojas: Hablo de mis cuentos\" href=\"http:\/\/www.manuelrojas.cl\/wp-content\/uploads\/Manuel-Rojas-Hablo-de-mis-cuentos.pdf\" target=\"_blank\" rel=\"noopener noreferrer\">Acceda al pr\u00f3logo de Manuel Rojas: \u00abHablo de mis cuentos\u00bb<\/a><\/p>\n\n<h2>Rese\u00f1a<\/h2>\n<p class=\"dropcap\" style=\"text-align: justify;\">Esta edici\u00f3n es la primera recopilaci\u00f3n integral de los cuentos de Manuel Rojas e implic\u00f3 una correcci\u00f3n general de los textos, en los que Rojas, cuyo m\u00e9todo literario se caracteriz\u00f3 por la permanente revisi\u00f3n, introduce numerosos cambios. Cuentos incluye los 28 relatos publicados por Rojas, escritos entre los a\u00f1os 1922 y 1934, m\u00e1s un esclarecedor texto titulado <i><strong>\u00abHablo de mis cuentos\u00bb<\/strong><\/i>, en el que examina cada uno de ellos, proporcionando interesantes datos sobre la construcci\u00f3n literaria, el entorno biogr\u00e1fico y el origen de algunos personajes. Como en <strong><a title=\"Memorias - Antolog\u00eda autobiogr\u00e1fica\" href=\"http:\/\/www.manuelrojas.cl\/antologia-autobiografica\/?lang=es\">Antolog\u00eda autobiogr\u00e1fica<\/a><\/strong>, aparece aqu\u00ed parte del \u00abtaller\u00bb del escritor: antecedente indispensable para los interesados en conocer y estudiar la genealog\u00eda de sus escritos.<\/p>\n<p style=\"text-align: justify;\">Una menci\u00f3n especial en esta recopilaci\u00f3n merecen los cuentos: <i><strong>\u00abPancho Rojas\u00bb<\/strong><\/i>, <i><strong>\u00abUna carabina y una cotorra\u00bb<\/strong><\/i> y <i><strong>\u00abMares libres\u00bb<\/strong><\/i>, publicados en 1951 en diferentes diarios del pa\u00eds. El primero es una reflexi\u00f3n sobre la libertad a prop\u00f3sito de un queltehue que el narrador y su familia cuidan en el patio de su casa. Los otros dos vuelven a explorar el tema de la libertad: en relaci\u00f3n con la creatividad y el ingenio popular o en la forma de una alegor\u00eda que toma como emblemas las numerosas aves de la costa chilena.<\/p>\n<p style=\"text-align: justify;\">En 1982 Dar\u00edo A. Cort\u00e9s dar\u00eda a conocer 3 relatos perdidos: <i><strong>\u00abUna pelea en la pampa\u00bb<\/strong><\/i> (1926), <i><strong>\u00abUna historia sin inter\u00e9s\u00bb<\/strong><\/i> (1927) y <i><strong>\u00abCorazones sencillos\u00bb<\/strong><\/i> (1930). Rojas nunca los incluy\u00f3 en sus antolog\u00edas manifestando seguramente su disconformidad con el resultado alcanzado: <i>\u00abDos o tres se perdieron, \u2013se\u00f1ala\u2013 de seguro por irremediables.\u00bb<\/i><\/p>\n\n\n<hr \/>\n<p style=\"text-align: justify;\"><strong>Cuentos<\/strong>, contiene una introducci\u00f3n del autor titulada <a title=\"Manuel Rojas: Hablo de mis cuentos\" href=\"http:\/\/www.manuelrojas.cl\/wp-content\/uploads\/Manuel-Rojas-Hablo-de-mis-cuentos.pdf\" target=\"_blank\" rel=\"noopener noreferrer\"><i>Hablo de mis cuentos<\/i><\/a> y los cuentos: <i><strong>Hombres del sur<\/strong><\/i>; <i><strong>Laguna<\/strong><\/i>; <i><strong>El cachorro<\/strong><\/i>; <i><strong>Un esp\u00edritu inquieto<\/strong><\/i>; <i><strong>El hombre de los ojos azules<\/strong><\/i>; <i><strong>El bonete maulino<\/strong><\/i>; <i><strong>El delincuente<\/strong><\/i>; <i><strong>El vaso de leche<\/strong><\/i>; <i><strong>Un mendigo<\/strong><\/i>; <i><strong>El trampol\u00edn<\/strong><\/i>; <i><strong>El colocolo<\/strong><\/i>; <i><strong>La aventura de Mr. Jaiva<\/strong><\/i>; <i><strong>Pedro, el Pequenero<\/strong><\/i>; <i><strong>Un ladr\u00f3n y su mujer<\/strong><\/i>; <i><strong>La compa\u00f1era de viaje<\/strong><\/i>; <i><strong>Bandidos en los caminos<\/strong><\/i>; <i><strong>El hombre de la rosa<\/strong><\/i>; <i><strong>La suerte de Cucho Vial<\/strong><\/i>; <i><strong>Canto y baile<\/strong><\/i>; <i><strong>El le\u00f3n y el hombre<\/strong><\/i>; <i><strong>El fantasma del patio<\/strong><\/i>; <i><strong>Historia de hospital<\/strong><\/i>; <i><strong>Poco sueldo<\/strong><\/i>; <i><strong>El rancho en la monta\u00f1a<\/strong><\/i>; <i><strong>Una carabina y una cotorra<\/strong><\/i>; <i><strong>Oro en el sur<\/strong><\/i>; <i><strong>Mares libres<\/strong><\/i>; <i><strong>Pancho Rojas<\/strong><\/i> y <i><strong>Zapatos subdesarrollados<\/strong><\/i>.<\/p>\n<\/td>\n<\/tr>\n<\/tbody>\n<\/table>\n[tabbyending]","_et_gb_content_width":"","footnotes":""},"class_list":["post-5055","page","type-page","status-publish","has-post-thumbnail","hentry"],"_links":{"self":[{"href":"https:\/\/manuelrojas.cl\/index.php\/wp-json\/wp\/v2\/pages\/5055","targetHints":{"allow":["GET"]}}],"collection":[{"href":"https:\/\/manuelrojas.cl\/index.php\/wp-json\/wp\/v2\/pages"}],"about":[{"href":"https:\/\/manuelrojas.cl\/index.php\/wp-json\/wp\/v2\/types\/page"}],"author":[{"embeddable":true,"href":"https:\/\/manuelrojas.cl\/index.php\/wp-json\/wp\/v2\/users\/1"}],"replies":[{"embeddable":true,"href":"https:\/\/manuelrojas.cl\/index.php\/wp-json\/wp\/v2\/comments?post=5055"}],"version-history":[{"count":1,"href":"https:\/\/manuelrojas.cl\/index.php\/wp-json\/wp\/v2\/pages\/5055\/revisions"}],"predecessor-version":[{"id":10906,"href":"https:\/\/manuelrojas.cl\/index.php\/wp-json\/wp\/v2\/pages\/5055\/revisions\/10906"}],"up":[{"embeddable":true,"href":"https:\/\/manuelrojas.cl\/index.php\/wp-json\/wp\/v2\/pages\/5395"}],"wp:featuredmedia":[{"embeddable":true,"href":"https:\/\/manuelrojas.cl\/index.php\/wp-json\/"}],"wp:attachment":[{"href":"https:\/\/manuelrojas.cl\/index.php\/wp-json\/wp\/v2\/media?parent=5055"}],"curies":[{"name":"wp","href":"https:\/\/api.w.org\/{rel}","templated":true}]}}

<p>[et_pb_section admin_label=&#8221;section&#8221;]<br />
			[et_pb_row admin_label=&#8221;row&#8221;]<br />
				[et_pb_column type=&#8221;4_4&#8243;][et_pb_text admin_label=&#8221;Text&#8221;][tabby title=&#8221;Libro y Reseña&#8221;]</p>
<table class="table">
<tbody>
<tr>
<td style="text-align: left; vertical-align: top;"><a href="http://www.manuelrojas.cl/wp-content/uploads/manuelrojascuentos51.jpg" rel="attachment wp-att-4435"><img loading="lazy" decoding="async" class="margin-top: 5px;margin-bottom: 5px;margin-right: 5px;margin-left: 5px; alignleft wp-image-5611" src="http://www.manuelrojas.cl/wp-content/uploads/manuelrojascuentos51.jpg" alt="" width="150" height="225" /></a><a href="http://www.manuelrojas.cl/wp-content/uploads/Manuel-Rojas-Cuentos-Portada-Chica.jpg"><img loading="lazy" decoding="async" class="alignleft size-full wp-image-6391" src="http://www.manuelrojas.cl/wp-content/uploads/Manuel-Rojas-Cuentos-Portada-Chica.jpg" alt="Manuel Rojas Cuentos Portada Chica" width="150" height="225" /></a></td>
<td style="vertical-align: top;" rowspan="2"><strong>Primera Edición:</strong> Editorial Sudamericana, Buenos Aires &#8211; Argentina, 1970<br />
<strong>Última Edición:</strong> Ediciones Universidad Alberto Hurtado, Santiago de Chile, 2016</p>
<p style="text-align: justify;"><a title="Manuel Rojas: Hablo de mis cuentos" href="http://www.manuelrojas.cl/wp-content/uploads/Manuel-Rojas-Hablo-de-mis-cuentos.pdf" target="_blank" rel="noopener noreferrer">Acceda al prólogo de Manuel Rojas: «Hablo de mis cuentos»</a></p>
<h2>Reseña</h2>
<p class="dropcap" style="text-align: justify;">Esta edición es la primera recopilación integral de los cuentos de Manuel Rojas e implicó una corrección general de los textos, en los que Rojas, cuyo método literario se caracterizó por la permanente revisión, introduce numerosos cambios. Cuentos incluye los 28 relatos publicados por Rojas, escritos entre los años 1922 y 1934, más un esclarecedor texto titulado <i><strong>«Hablo de mis cuentos»</strong></i>, en el que examina cada uno de ellos, proporcionando interesantes datos sobre la construcción literaria, el entorno biográfico y el origen de algunos personajes. Como en <strong><a title="Memorias - Antología autobiográfica" href="http://www.manuelrojas.cl/antologia-autobiografica/?lang=es">Antología autobiográfica</a></strong>, aparece aquí parte del «taller» del escritor: antecedente indispensable para los interesados en conocer y estudiar la genealogía de sus escritos.</p>
<p style="text-align: justify;">Una mención especial en esta recopilación merecen los cuentos: <i><strong>«Pancho Rojas»</strong></i>, <i><strong>«Una carabina y una cotorra»</strong></i> y <i><strong>«Mares libres»</strong></i>, publicados en 1951 en diferentes diarios del país. El primero es una reflexión sobre la libertad a propósito de un queltehue que el narrador y su familia cuidan en el patio de su casa. Los otros dos vuelven a explorar el tema de la libertad: en relación con la creatividad y el ingenio popular o en la forma de una alegoría que toma como emblemas las numerosas aves de la costa chilena.</p>
<p style="text-align: justify;">En 1982 Darío A. Cortés daría a conocer 3 relatos perdidos: <i><strong>«Una pelea en la pampa»</strong></i> (1926), <i><strong>«Una historia sin interés»</strong></i> (1927) y <i><strong>«Corazones sencillos»</strong></i> (1930). Rojas nunca los incluyó en sus antologías manifestando seguramente su disconformidad con el resultado alcanzado: <i>«Dos o tres se perdieron, –señala– de seguro por irremediables.»</i></p>
<hr />
<p style="text-align: justify;"><strong>Cuentos</strong>, contiene una introducción del autor titulada <a title="Manuel Rojas: Hablo de mis cuentos" href="http://www.manuelrojas.cl/wp-content/uploads/Manuel-Rojas-Hablo-de-mis-cuentos.pdf" target="_blank" rel="noopener noreferrer"><i>Hablo de mis cuentos</i></a> y los cuentos: <i><strong>Hombres del sur</strong></i>; <i><strong>Laguna</strong></i>; <i><strong>El cachorro</strong></i>; <i><strong>Un espíritu inquieto</strong></i>; <i><strong>El hombre de los ojos azules</strong></i>; <i><strong>El bonete maulino</strong></i>; <i><strong>El delincuente</strong></i>; <i><strong>El vaso de leche</strong></i>; <i><strong>Un mendigo</strong></i>; <i><strong>El trampolín</strong></i>; <i><strong>El colocolo</strong></i>; <i><strong>La aventura de Mr. Jaiva</strong></i>; <i><strong>Pedro, el Pequenero</strong></i>; <i><strong>Un ladrón y su mujer</strong></i>; <i><strong>La compañera de viaje</strong></i>; <i><strong>Bandidos en los caminos</strong></i>; <i><strong>El hombre de la rosa</strong></i>; <i><strong>La suerte de Cucho Vial</strong></i>; <i><strong>Canto y baile</strong></i>; <i><strong>El león y el hombre</strong></i>; <i><strong>El fantasma del patio</strong></i>; <i><strong>Historia de hospital</strong></i>; <i><strong>Poco sueldo</strong></i>; <i><strong>El rancho en la montaña</strong></i>; <i><strong>Una carabina y una cotorra</strong></i>; <i><strong>Oro en el sur</strong></i>; <i><strong>Mares libres</strong></i>; <i><strong>Pancho Rojas</strong></i> y <i><strong>Zapatos subdesarrollados</strong></i>.</p>
</td>
</tr>
</tbody>
</table>
<p>[tabbyending][/et_pb_text][/et_pb_column]<br />
			[/et_pb_row]<br />
		[/et_pb_section]</p>

<p>[tabby title=&#8221;Libro y Reseña&#8221;] Primera Edición: Editorial Sudamericana, Buenos Aires &#8211; Argentina, 1970 Última Edición: Ediciones Universidad Alberto Hurtado, Santiago de Chile, 2016 Acceda al prólogo de Manuel Rojas: «Hablo de mis cuentos» Reseña Esta edición es la primera recopilación integral de los cuentos de Manuel Rojas e implicó una corrección general de los textos, [&hellip;]</p>

[tabby title="Libro y Reseña"]
<table class="table">
<tbody>
<tr>
<td style="text-align: left; vertical-align: top;"><a href="http://www.manuelrojas.cl/wp-content/uploads/manuelrojascuentos51.jpg" rel="attachment wp-att-4435"><img class="margin-top: 5px;margin-bottom: 5px;margin-right: 5px;margin-left: 5px; alignleft wp-image-5611" src="http://www.manuelrojas.cl/wp-content/uploads/manuelrojascuentos51.jpg" alt="" width="150" height="225" /></a><a href="http://www.manuelrojas.cl/wp-content/uploads/Manuel-Rojas-Cuentos-Portada-Chica.jpg"><img class="alignleft size-full wp-image-6391" src="http://www.manuelrojas.cl/wp-content/uploads/Manuel-Rojas-Cuentos-Portada-Chica.jpg" alt="Manuel Rojas Cuentos Portada Chica" width="150" height="225" /></a></td>
<td style="vertical-align: top;" rowspan="2"><strong>Primera Edición:</strong> Editorial Sudamericana, Buenos Aires - Argentina, 1970
<strong>Última Edición:</strong> Ediciones Universidad Alberto Hurtado, Santiago de Chile, 2016
<p style="text-align: justify;"><a title="Manuel Rojas: Hablo de mis cuentos" href="http://www.manuelrojas.cl/wp-content/uploads/Manuel-Rojas-Hablo-de-mis-cuentos.pdf" target="_blank" rel="noopener noreferrer">Acceda al prólogo de Manuel Rojas: «Hablo de mis cuentos»</a></p>

<h2>Reseña</h2>
<p class="dropcap" style="text-align: justify;">Esta edición es la primera recopilación integral de los cuentos de Manuel Rojas e implicó una corrección general de los textos, en los que Rojas, cuyo método literario se caracterizó por la permanente revisión, introduce numerosos cambios. Cuentos incluye los 28 relatos publicados por Rojas, escritos entre los años 1922 y 1934, más un esclarecedor texto titulado <i><strong>«Hablo de mis cuentos»</strong></i>, en el que examina cada uno de ellos, proporcionando interesantes datos sobre la construcción literaria, el entorno biográfico y el origen de algunos personajes. Como en <strong><a title="Memorias - Antología autobiográfica" href="http://www.manuelrojas.cl/antologia-autobiografica/?lang=es">Antología autobiográfica</a></strong>, aparece aquí parte del «taller» del escritor: antecedente indispensable para los interesados en conocer y estudiar la genealogía de sus escritos.</p>
<p style="text-align: justify;">Una mención especial en esta recopilación merecen los cuentos: <i><strong>«Pancho Rojas»</strong></i>, <i><strong>«Una carabina y una cotorra»</strong></i> y <i><strong>«Mares libres»</strong></i>, publicados en 1951 en diferentes diarios del país. El primero es una reflexión sobre la libertad a propósito de un queltehue que el narrador y su familia cuidan en el patio de su casa. Los otros dos vuelven a explorar el tema de la libertad: en relación con la creatividad y el ingenio popular o en la forma de una alegoría que toma como emblemas las numerosas aves de la costa chilena.</p>
<p style="text-align: justify;">En 1982 Darío A. Cortés daría a conocer 3 relatos perdidos: <i><strong>«Una pelea en la pampa»</strong></i> (1926), <i><strong>«Una historia sin interés»</strong></i> (1927) y <i><strong>«Corazones sencillos»</strong></i> (1930). Rojas nunca los incluyó en sus antologías manifestando seguramente su disconformidad con el resultado alcanzado: <i>«Dos o tres se perdieron, –señala– de seguro por irremediables.»</i></p>


<hr />
<p style="text-align: justify;"><strong>Cuentos</strong>, contiene una introducción del autor titulada <a title="Manuel Rojas: Hablo de mis cuentos" href="http://www.manuelrojas.cl/wp-content/uploads/Manuel-Rojas-Hablo-de-mis-cuentos.pdf" target="_blank" rel="noopener noreferrer"><i>Hablo de mis cuentos</i></a> y los cuentos: <i><strong>Hombres del sur</strong></i>; <i><strong>Laguna</strong></i>; <i><strong>El cachorro</strong></i>; <i><strong>Un espíritu inquieto</strong></i>; <i><strong>El hombre de los ojos azules</strong></i>; <i><strong>El bonete maulino</strong></i>; <i><strong>El delincuente</strong></i>; <i><strong>El vaso de leche</strong></i>; <i><strong>Un mendigo</strong></i>; <i><strong>El trampolín</strong></i>; <i><strong>El colocolo</strong></i>; <i><strong>La aventura de Mr. Jaiva</strong></i>; <i><strong>Pedro, el Pequenero</strong></i>; <i><strong>Un ladrón y su mujer</strong></i>; <i><strong>La compañera de viaje</strong></i>; <i><strong>Bandidos en los caminos</strong></i>; <i><strong>El hombre de la rosa</strong></i>; <i><strong>La suerte de Cucho Vial</strong></i>; <i><strong>Canto y baile</strong></i>; <i><strong>El león y el hombre</strong></i>; <i><strong>El fantasma del patio</strong></i>; <i><strong>Historia de hospital</strong></i>; <i><strong>Poco sueldo</strong></i>; <i><strong>El rancho en la montaña</strong></i>; <i><strong>Una carabina y una cotorra</strong></i>; <i><strong>Oro en el sur</strong></i>; <i><strong>Mares libres</strong></i>; <i><strong>Pancho Rojas</strong></i> y <i><strong>Zapatos subdesarrollados</strong></i>.</p>
</td>
</tr>
</tbody>
</table>
[tabbyending]
