{"id":5076,"date":"2015-04-29T23:25:47","date_gmt":"2015-04-30T02:25:47","guid":{"rendered":"http:\/\/www.manuelrojas.cl\/?page_id=5076"},"modified":"2024-12-03T23:06:34","modified_gmt":"2024-12-03T23:06:34","slug":"antologia-autobiografica","status":"publish","type":"page","link":"https:\/\/manuelrojas.cl\/index.php\/antologia-autobiografica\/","title":{"rendered":"Antolog\u00eda autobiogr\u00e1fica"},"content":{"rendered":"<p>[et_pb_section fb_built=&#8221;1&#8243; _builder_version=&#8221;4.17.4&#8243; _module_preset=&#8221;default&#8221; background_color=&#8221;RGBA(255,255,255,0)&#8221; custom_margin=&#8221;0px||0px||false|false&#8221; custom_padding=&#8221;0px||0px||false|false&#8221; global_colors_info=&#8221;{}&#8221;][et_pb_row _builder_version=&#8221;4.17.4&#8243; _module_preset=&#8221;default&#8221; background_color=&#8221;#FFFFFF&#8221; max_width=&#8221;1277px&#8221; custom_margin=&#8221;0px||0px||false|false&#8221; custom_padding=&#8221;0px||0px||false|false&#8221; global_colors_info=&#8221;{}&#8221;][et_pb_column type=&#8221;4_4&#8243; _builder_version=&#8221;4.17.4&#8243; _module_preset=&#8221;default&#8221; global_colors_info=&#8221;{}&#8221;][et_pb_text _builder_version=&#8221;4.17.4&#8243; _module_preset=&#8221;default&#8221; text_font=&#8221;Alegreya||||||||&#8221; header_3_font=&#8221;Alegreya|600|||||||&#8221; header_3_text_color=&#8221;#005B84&#8243; custom_margin=&#8221;|20px|5px||false|false&#8221; custom_padding=&#8221;20px|20px|||false|false&#8221; hover_enabled=&#8221;0&#8243; border_width_bottom=&#8221;1px&#8221; border_color_bottom=&#8221;#cccccc&#8221; border_style_bottom=&#8221;dotted&#8221; border_width_left=&#8221;3px&#8221; border_color_left=&#8221;#005B84&#8243; global_colors_info=&#8221;{}&#8221; sticky_enabled=&#8221;0&#8243;]<\/p>\n<h3>\u00a0 <span style=\"color: rgba(53, 53, 53, 0.63);\">Obra \/<\/span> <a href=\"https:\/\/manuelrojas.cl\/index.php\/manuel-rojas\/obra\/autobiografias_viajes\/\">Autobiograf\u00edas &amp; Viajes<\/a> \/ Antolog\u00eda autobiogr\u00e1fica<\/h3>\n<p>[\/et_pb_text][\/et_pb_column][\/et_pb_row][et_pb_row column_structure=&#8221;2_5,3_5&#8243; _builder_version=&#8221;4.17.4&#8243; _module_preset=&#8221;default&#8221; background_color=&#8221;#FFFFFF&#8221; background_image=&#8221;https:\/\/manuelrojas.cl\/wp-content\/uploads\/2023\/05\/com-spliter.png&#8221; background_size=&#8221;initial&#8221; background_repeat=&#8221;repeat&#8221; custom_padding=&#8221;|30px||30px|false|false&#8221; hover_enabled=&#8221;0&#8243; global_colors_info=&#8221;{}&#8221; sticky_enabled=&#8221;0&#8243;][et_pb_column type=&#8221;2_5&#8243; _builder_version=&#8221;4.17.4&#8243; _module_preset=&#8221;default&#8221; global_colors_info=&#8221;{}&#8221;][et_pb_image src=&#8221;https:\/\/manuelrojas.cl\/wp-content\/uploads\/2023\/07\/manuelrojasantologiaautobiografica15.jpg&#8221; title_text=&#8221;manuelrojasantologiaautobiografica15&#8243; align=&#8221;center&#8221; _builder_version=&#8221;4.17.4&#8243; _module_preset=&#8221;default&#8221; height=&#8221;500px&#8221; max_height=&#8221;500px&#8221; hover_enabled=&#8221;0&#8243; border_radii=&#8221;on|3px|3px|3px|3px&#8221; border_width_all=&#8221;1px&#8221; border_color_all=&#8221;RGBA(48,48,48,0.77)&#8221; box_shadow_style=&#8221;preset1&#8243; box_shadow_blur=&#8221;5px&#8221; global_colors_info=&#8221;{}&#8221; height_last_edited=&#8221;on|phone&#8221; sticky_enabled=&#8221;0&#8243; max_height_last_edited=&#8221;on|phone&#8221; height_tablet=&#8221;500px&#8221; height_phone=&#8221;500px&#8221; max_height_tablet=&#8221;500px&#8221; max_height_phone=&#8221;500px&#8221;][\/et_pb_image][et_pb_image src=&#8221;https:\/\/manuelrojas.cl\/wp-content\/uploads\/2023\/07\/manuelrojasantologiaautobiografica200844.jpg&#8221; title_text=&#8221;manuelrojasantologiaautobiografica200844&#8243; url=&#8221;https:\/\/lom.cl\/products\/antologia-autobiografica-2a-edicion?srsltid=AfmBOopEmiFfk3N9303lEihzZCoyKhhSLxjajL2g4KtJW9bRPVYaoeAD&#8221; url_new_window=&#8221;on&#8221; align=&#8221;center&#8221; _builder_version=&#8221;4.17.4&#8243; _module_preset=&#8221;default&#8221; height=&#8221;500px&#8221; max_height=&#8221;500px&#8221; hover_enabled=&#8221;0&#8243; border_radii=&#8221;on|3px|3px|3px|3px&#8221; border_width_all=&#8221;1px&#8221; border_color_all=&#8221;RGBA(48,48,48,0.77)&#8221; box_shadow_style=&#8221;preset1&#8243; box_shadow_blur=&#8221;5px&#8221; global_colors_info=&#8221;{}&#8221; height_last_edited=&#8221;on|phone&#8221; sticky_enabled=&#8221;0&#8243; max_height_last_edited=&#8221;on|phone&#8221; height_tablet=&#8221;500px&#8221; height_phone=&#8221;500px&#8221; max_height_tablet=&#8221;500px&#8221; max_height_phone=&#8221;500px&#8221;][\/et_pb_image][\/et_pb_column][et_pb_column type=&#8221;3_5&#8243; _builder_version=&#8221;4.17.4&#8243; _module_preset=&#8221;default&#8221; global_colors_info=&#8221;{}&#8221;][et_pb_text _builder_version=&#8221;4.17.4&#8243; _module_preset=&#8221;default&#8221; text_font=&#8221;Alegreya||||||||&#8221; text_font_size=&#8221;18px&#8221; text_line_height=&#8221;1.8em&#8221; background_color=&#8221;#FFFFFF&#8221; width_tablet=&#8221;&#8221; width_phone=&#8221;&#8221; width_last_edited=&#8221;on|phone&#8221; max_width_tablet=&#8221;&#8221; max_width_phone=&#8221;&#8221; max_width_last_edited=&#8221;on|phone&#8221; custom_padding=&#8221;10px|10px|10px|10px|false|false&#8221; hover_enabled=&#8221;0&#8243; text_font_tablet=&#8221;Alegreya||||||||&#8221; text_font_phone=&#8221;Alegreya||||||||&#8221; text_font_last_edited=&#8221;off|desktop&#8221; text_font_size_tablet=&#8221;17px&#8221; text_font_size_phone=&#8221;10px&#8221; text_font_size_last_edited=&#8221;on|phone&#8221; border_radii=&#8221;on|1px|1px|1px|1px&#8221; border_width_all=&#8221;1px&#8221; border_color_all=&#8221;RGBA(0,91,132,0.8)&#8221; border_style_all=&#8221;dotted&#8221; global_colors_info=&#8221;{}&#8221; sticky_enabled=&#8221;0&#8243;]<\/p>\n<div class=\"content clearfix\">\n<div class=\"content clearfix\">\n<p><strong>Primera edici\u00f3n:<\/strong> Editorial Zig-Zag &#8211; Santiago de Chile, 1962<br \/><a href=\"https:\/\/lom.cl\/products\/antologia-autobiografica-2a-edicion?srsltid=AfmBOopEmiFfk3N9303lEihzZCoyKhhSLxjajL2g4KtJW9bRPVYaoeAD\" target=\"_blank\" rel=\"noopener\" title=\"Memorias - Antolog\u00eda autobiogr\u00e1fica\"><strong>\u00daltima edici\u00f3n:<\/strong> Ediciones LOM &#8211; Santiago de Chile, 2008<\/a><\/p>\n<div><a title=\"Pr\u00f3logo de Jos\u00e9 Miguel Varas: Antolog\u00eda autobigr\u00e1fica\" href=\"https:\/\/manuelrojas.cl\/wp-content\/uploads\/2023\/07\/Prologo-Jose-Miguel-Varas-Antologia-autobiografica.pdf\" target=\"_blank\" rel=\"noopener noreferrer\">Acceda al Pr\u00f3logo de Jos\u00e9 Miguel Varas: \u00abManuel Rojas\u00bb<\/a><\/div>\n<h2>Rese\u00f1a<\/h2>\n<p class=\"capdrop\" style=\"text-align: justify;\">Este libro constituye un documento esencial para todos los interesados en conocer el origen de las obras narrativas m\u00e1s destacadas de Manuel Rojas, no s\u00f3lo porque contiene una selecci\u00f3n revisada y preparada por el propio autor, sino porque \u00e9l mismo se encarga de presentar la genealog\u00eda de sus trabajos, aclarando el origen de los personajes de sus cuentos y novelas, distinguiendo entre reales y ficticios.<\/p>\n<p style=\"text-align: justify;\">Las p\u00e1ginas de <strong>Antolog\u00eda autobiogr\u00e1fica<\/strong> permiten saber algo m\u00e1s del m\u00e9todo literario de Rojas y dimensionar los rasgos biogr\u00e1ficos presentes en sus obras aqu\u00ed comentadas, publicadas \u00edntegramente en el caso de los cuentos y fragmentos seleccionados por el propio autor en el caso de las novelas.<\/p>\n<hr \/>\n<p style=\"text-align: justify;\"><strong>Antolog\u00eda autobiogr\u00e1fica<\/strong> contiene: un <i><a title=\"Pr\u00f3logo de Jos\u00e9 Miguel Varas: Manuel Rojas\" href=\"https:\/\/manuelrojas.cl\/wp-content\/uploads\/2023\/07\/Prologo-Jose-Miguel-Varas-Antologia-autobiografica.pdf\" target=\"_blank\" rel=\"noopener noreferrer\">Pr\u00f3logo de Jos\u00e9 Miguel Varas<\/a><\/i>, una <i><strong>Breve biograf\u00eda<\/strong><\/i>; y extractos de las siguientes obras: <i><strong>Im\u00e1genes de infancia<\/strong><\/i>; <i><strong>Laguna<\/strong><\/i>; <i><strong>El vaso de leche<\/strong><\/i>; <i><strong>Lanchas en la bah\u00eda<\/strong><\/i>; <i><strong>Hijo de ladr\u00f3n<\/strong><\/i>; <i><strong>Mejor que el vino<\/strong><\/i> y <i><strong>Punta de rieles<\/strong><\/i>.<\/p>\n<\/div>\n<\/div>\n<p>[\/et_pb_text][\/et_pb_column][\/et_pb_row][\/et_pb_section]<\/p>\n","protected":false},"excerpt":{"rendered":"<p>\u00a0 Obra \/ Autobiograf\u00edas &amp; Viajes \/ Antolog\u00eda autobiogr\u00e1fica Primera edici\u00f3n: Editorial Zig-Zag &#8211; Santiago de Chile, 1962\u00daltima edici\u00f3n: Ediciones LOM &#8211; Santiago de Chile, 2008 Acceda al Pr\u00f3logo de Jos\u00e9 Miguel Varas: \u00abManuel Rojas\u00bb Rese\u00f1a Este libro constituye un documento esencial para todos los interesados en conocer el origen de las obras narrativas m\u00e1s [&hellip;]<\/p>\n","protected":false},"author":1,"featured_media":5079,"parent":0,"menu_order":0,"comment_status":"closed","ping_status":"closed","template":"","meta":{"_et_pb_use_builder":"on","_et_pb_old_content":"[tabby title=\"Libro y Rese\u00f1a\"]\n<table class=\"table\">\n<tbody>\n<tr>\n<td style=\"text-align: left; vertical-align: top;\"><strong><a href=\"http:\/\/www.manuelrojas.cl\/wp-content\/uploads\/manuelrojasantologiaautobiografica15.jpg\" rel=\"attachment wp-att-4413\"><img class=\"alignleft wp-image-4413\" src=\"http:\/\/www.manuelrojas.cl\/wp-content\/uploads\/manuelrojasantologiaautobiografica15.jpg\" alt=\"manuelrojasantologiaautobiografica15\" width=\"150\" height=\"225\"><\/a><\/strong><\/td>\n<td style=\"vertical-align: top;\" rowspan=\"2\"><strong>Primera edici\u00f3n:<\/strong> Editorial Zig-Zag - Santiago de Chile, 1962\n<strong>\u00daltima edici\u00f3n:<\/strong> Ediciones LOM - Santiago de Chile, 2008\n<div><a title=\"Pr\u00f3logo de Jos\u00e9 Miguel Varas: Antolog\u00eda autobigr\u00e1fica\" href=\"http:\/\/www.manuelrojas.cl\/wp-content\/uploads\/Prologo-Jose-Miguel-Varas-Antologia-autobiografica.pdf\" target=\"_blank\" rel=\"noopener noreferrer\">Acceda al Pr\u00f3logo de Jos\u00e9 Miguel Varas: \u00abManuel Rojas\u00bb<\/a><\/div>\n<h2>Rese\u00f1a<\/h2>\n<p class=\"capdrop\" style=\"text-align: justify;\">Este libro constituye un documento esencial para todos los interesados en conocer el origen de las obras narrativas m\u00e1s destacadas de Manuel Rojas, no s\u00f3lo porque contiene una selecci\u00f3n revisada y preparada por el propio autor, sino porque \u00e9l mismo se encarga de presentar la genealog\u00eda de sus trabajos, aclarando el origen de los personajes de sus cuentos y novelas, distinguiendo entre reales y ficticios.<\/p>\n<p style=\"text-align: justify;\">Las p\u00e1ginas de <strong>Antolog\u00eda autobiogr\u00e1fica<\/strong> permiten saber algo m\u00e1s del m\u00e9todo literario de Rojas y dimensionar los rasgos biogr\u00e1ficos presentes en sus obras aqu\u00ed comentadas, publicadas \u00edntegramente en el caso de los cuentos y fragmentos seleccionados por el propio autor en el caso de las novelas.<\/p>\n\n\n<hr>\n<p style=\"text-align: justify;\"><strong>Antolog\u00eda autobiogr\u00e1fica<\/strong> contiene: un <i><a title=\"Pr\u00f3logo de Jos\u00e9 Miguel Varas: Manuel Rojas\" href=\"http:\/\/www.manuelrojas.cl\/wp-content\/uploads\/Prologo-Jose-Miguel-Varas-Antologia-autobiografica.pdf\" target=\"_blank\" rel=\"noopener noreferrer\">Pr\u00f3logo de Jos\u00e9 Miguel Varas<\/a><\/i>, una <i><strong>Breve biograf\u00eda<\/strong><\/i>; y extractos de las siguientes obras: <i><strong>Im\u00e1genes de infancia<\/strong><\/i>; <i><strong>Laguna<\/strong><\/i>; <i><strong>El vaso de leche<\/strong><\/i>; <i><strong>Lanchas en la bah\u00eda<\/strong><\/i>; <i><strong>Hijo de ladr\u00f3n<\/strong><\/i>; <i><strong>Mejor que el vino<\/strong><\/i> y <i><strong>Punta de rieles<\/strong><\/i>.<\/p>\n<\/td>\n<\/tr>\n<tr>\n<td style=\"text-align: left; vertical-align: top;\">&nbsp;<a href=\"http:\/\/www.manuelrojas.cl\/wp-content\/uploads\/manuelrojasantologiaautobiografica200844.jpg\" rel=\"attachment wp-att-5079\"><img class=\"alignleft wp-image-5079\" src=\"http:\/\/www.manuelrojas.cl\/wp-content\/uploads\/manuelrojasantologiaautobiografica200844.jpg\" alt=\"manuelrojasantologiaautobiografica200844\" width=\"150\" height=\"230\"><\/a><\/td>\n<\/tr>\n<\/tbody>\n<\/table>\n[tabbyending]","_et_gb_content_width":"","footnotes":""},"class_list":["post-5076","page","type-page","status-publish","has-post-thumbnail","hentry"],"_links":{"self":[{"href":"https:\/\/manuelrojas.cl\/index.php\/wp-json\/wp\/v2\/pages\/5076","targetHints":{"allow":["GET"]}}],"collection":[{"href":"https:\/\/manuelrojas.cl\/index.php\/wp-json\/wp\/v2\/pages"}],"about":[{"href":"https:\/\/manuelrojas.cl\/index.php\/wp-json\/wp\/v2\/types\/page"}],"author":[{"embeddable":true,"href":"https:\/\/manuelrojas.cl\/index.php\/wp-json\/wp\/v2\/users\/1"}],"replies":[{"embeddable":true,"href":"https:\/\/manuelrojas.cl\/index.php\/wp-json\/wp\/v2\/comments?post=5076"}],"version-history":[{"count":4,"href":"https:\/\/manuelrojas.cl\/index.php\/wp-json\/wp\/v2\/pages\/5076\/revisions"}],"predecessor-version":[{"id":11748,"href":"https:\/\/manuelrojas.cl\/index.php\/wp-json\/wp\/v2\/pages\/5076\/revisions\/11748"}],"wp:featuredmedia":[{"embeddable":true,"href":"https:\/\/manuelrojas.cl\/index.php\/wp-json\/"}],"wp:attachment":[{"href":"https:\/\/manuelrojas.cl\/index.php\/wp-json\/wp\/v2\/media?parent=5076"}],"curies":[{"name":"wp","href":"https:\/\/api.w.org\/{rel}","templated":true}]}}

Antología autobiográfica

<p>[et_pb_section fb_built=&#8221;1&#8243; _builder_version=&#8221;4.17.4&#8243; _module_preset=&#8221;default&#8221; background_color=&#8221;RGBA(255,255,255,0)&#8221; custom_margin=&#8221;0px||0px||false|false&#8221; custom_padding=&#8221;0px||0px||false|false&#8221; global_colors_info=&#8221;{}&#8221;][et_pb_row _builder_version=&#8221;4.17.4&#8243; _module_preset=&#8221;default&#8221; background_color=&#8221;#FFFFFF&#8221; max_width=&#8221;1277px&#8221; custom_margin=&#8221;0px||0px||false|false&#8221; custom_padding=&#8221;0px||0px||false|false&#8221; global_colors_info=&#8221;{}&#8221;][et_pb_column type=&#8221;4_4&#8243; _builder_version=&#8221;4.17.4&#8243; _module_preset=&#8221;default&#8221; global_colors_info=&#8221;{}&#8221;][et_pb_text _builder_version=&#8221;4.17.4&#8243; _module_preset=&#8221;default&#8221; text_font=&#8221;Alegreya||||||||&#8221; header_3_font=&#8221;Alegreya|600|||||||&#8221; header_3_text_color=&#8221;#005B84&#8243; custom_margin=&#8221;|20px|5px||false|false&#8221; custom_padding=&#8221;20px|20px|||false|false&#8221; hover_enabled=&#8221;0&#8243; border_width_bottom=&#8221;1px&#8221; border_color_bottom=&#8221;#cccccc&#8221; border_style_bottom=&#8221;dotted&#8221; border_width_left=&#8221;3px&#8221; border_color_left=&#8221;#005B84&#8243; global_colors_info=&#8221;{}&#8221; sticky_enabled=&#8221;0&#8243;]</p>
<h3>  <span style="color: rgba(53, 53, 53, 0.63);">Obra /</span> <a href="https://manuelrojas.cl/index.php/manuel-rojas/obra/autobiografias_viajes/">Autobiografías &amp; Viajes</a> / Antología autobiográfica</h3>
<p>[/et_pb_text][/et_pb_column][/et_pb_row][et_pb_row column_structure=&#8221;2_5,3_5&#8243; _builder_version=&#8221;4.17.4&#8243; _module_preset=&#8221;default&#8221; background_color=&#8221;#FFFFFF&#8221; background_image=&#8221;https://manuelrojas.cl/wp-content/uploads/2023/05/com-spliter.png&#8221; background_size=&#8221;initial&#8221; background_repeat=&#8221;repeat&#8221; custom_padding=&#8221;|30px||30px|false|false&#8221; hover_enabled=&#8221;0&#8243; global_colors_info=&#8221;{}&#8221; sticky_enabled=&#8221;0&#8243;][et_pb_column type=&#8221;2_5&#8243; _builder_version=&#8221;4.17.4&#8243; _module_preset=&#8221;default&#8221; global_colors_info=&#8221;{}&#8221;][et_pb_image src=&#8221;https://manuelrojas.cl/wp-content/uploads/2023/07/manuelrojasantologiaautobiografica15.jpg&#8221; title_text=&#8221;manuelrojasantologiaautobiografica15&#8243; align=&#8221;center&#8221; _builder_version=&#8221;4.17.4&#8243; _module_preset=&#8221;default&#8221; height=&#8221;500px&#8221; max_height=&#8221;500px&#8221; hover_enabled=&#8221;0&#8243; border_radii=&#8221;on|3px|3px|3px|3px&#8221; border_width_all=&#8221;1px&#8221; border_color_all=&#8221;RGBA(48,48,48,0.77)&#8221; box_shadow_style=&#8221;preset1&#8243; box_shadow_blur=&#8221;5px&#8221; global_colors_info=&#8221;{}&#8221; height_last_edited=&#8221;on|phone&#8221; sticky_enabled=&#8221;0&#8243; max_height_last_edited=&#8221;on|phone&#8221; height_tablet=&#8221;500px&#8221; height_phone=&#8221;500px&#8221; max_height_tablet=&#8221;500px&#8221; max_height_phone=&#8221;500px&#8221;][/et_pb_image][et_pb_image src=&#8221;https://manuelrojas.cl/wp-content/uploads/2023/07/manuelrojasantologiaautobiografica200844.jpg&#8221; title_text=&#8221;manuelrojasantologiaautobiografica200844&#8243; url=&#8221;https://lom.cl/products/antologia-autobiografica-2a-edicion?srsltid=AfmBOopEmiFfk3N9303lEihzZCoyKhhSLxjajL2g4KtJW9bRPVYaoeAD&#8221; url_new_window=&#8221;on&#8221; align=&#8221;center&#8221; _builder_version=&#8221;4.17.4&#8243; _module_preset=&#8221;default&#8221; height=&#8221;500px&#8221; max_height=&#8221;500px&#8221; hover_enabled=&#8221;0&#8243; border_radii=&#8221;on|3px|3px|3px|3px&#8221; border_width_all=&#8221;1px&#8221; border_color_all=&#8221;RGBA(48,48,48,0.77)&#8221; box_shadow_style=&#8221;preset1&#8243; box_shadow_blur=&#8221;5px&#8221; global_colors_info=&#8221;{}&#8221; height_last_edited=&#8221;on|phone&#8221; sticky_enabled=&#8221;0&#8243; max_height_last_edited=&#8221;on|phone&#8221; height_tablet=&#8221;500px&#8221; height_phone=&#8221;500px&#8221; max_height_tablet=&#8221;500px&#8221; max_height_phone=&#8221;500px&#8221;][/et_pb_image][/et_pb_column][et_pb_column type=&#8221;3_5&#8243; _builder_version=&#8221;4.17.4&#8243; _module_preset=&#8221;default&#8221; global_colors_info=&#8221;{}&#8221;][et_pb_text _builder_version=&#8221;4.17.4&#8243; _module_preset=&#8221;default&#8221; text_font=&#8221;Alegreya||||||||&#8221; text_font_size=&#8221;18px&#8221; text_line_height=&#8221;1.8em&#8221; background_color=&#8221;#FFFFFF&#8221; width_tablet=&#8221;&#8221; width_phone=&#8221;&#8221; width_last_edited=&#8221;on|phone&#8221; max_width_tablet=&#8221;&#8221; max_width_phone=&#8221;&#8221; max_width_last_edited=&#8221;on|phone&#8221; custom_padding=&#8221;10px|10px|10px|10px|false|false&#8221; hover_enabled=&#8221;0&#8243; text_font_tablet=&#8221;Alegreya||||||||&#8221; text_font_phone=&#8221;Alegreya||||||||&#8221; text_font_last_edited=&#8221;off|desktop&#8221; text_font_size_tablet=&#8221;17px&#8221; text_font_size_phone=&#8221;10px&#8221; text_font_size_last_edited=&#8221;on|phone&#8221; border_radii=&#8221;on|1px|1px|1px|1px&#8221; border_width_all=&#8221;1px&#8221; border_color_all=&#8221;RGBA(0,91,132,0.8)&#8221; border_style_all=&#8221;dotted&#8221; global_colors_info=&#8221;{}&#8221; sticky_enabled=&#8221;0&#8243;]</p>
<div class="content clearfix">
<div class="content clearfix">
<p><strong>Primera edición:</strong> Editorial Zig-Zag &#8211; Santiago de Chile, 1962<br /><a href="https://lom.cl/products/antologia-autobiografica-2a-edicion?srsltid=AfmBOopEmiFfk3N9303lEihzZCoyKhhSLxjajL2g4KtJW9bRPVYaoeAD" target="_blank" rel="noopener" title="Memorias - Antología autobiográfica"><strong>Última edición:</strong> Ediciones LOM &#8211; Santiago de Chile, 2008</a></p>
<div><a title="Prólogo de José Miguel Varas: Antología autobigráfica" href="https://manuelrojas.cl/wp-content/uploads/2023/07/Prologo-Jose-Miguel-Varas-Antologia-autobiografica.pdf" target="_blank" rel="noopener noreferrer">Acceda al Prólogo de José Miguel Varas: «Manuel Rojas»</a></div>
<h2>Reseña</h2>
<p class="capdrop" style="text-align: justify;">Este libro constituye un documento esencial para todos los interesados en conocer el origen de las obras narrativas más destacadas de Manuel Rojas, no sólo porque contiene una selección revisada y preparada por el propio autor, sino porque él mismo se encarga de presentar la genealogía de sus trabajos, aclarando el origen de los personajes de sus cuentos y novelas, distinguiendo entre reales y ficticios.</p>
<p style="text-align: justify;">Las páginas de <strong>Antología autobiográfica</strong> permiten saber algo más del método literario de Rojas y dimensionar los rasgos biográficos presentes en sus obras aquí comentadas, publicadas íntegramente en el caso de los cuentos y fragmentos seleccionados por el propio autor en el caso de las novelas.</p>
<hr />
<p style="text-align: justify;"><strong>Antología autobiográfica</strong> contiene: un <i><a title="Prólogo de José Miguel Varas: Manuel Rojas" href="https://manuelrojas.cl/wp-content/uploads/2023/07/Prologo-Jose-Miguel-Varas-Antologia-autobiografica.pdf" target="_blank" rel="noopener noreferrer">Prólogo de José Miguel Varas</a></i>, una <i><strong>Breve biografía</strong></i>; y extractos de las siguientes obras: <i><strong>Imágenes de infancia</strong></i>; <i><strong>Laguna</strong></i>; <i><strong>El vaso de leche</strong></i>; <i><strong>Lanchas en la bahía</strong></i>; <i><strong>Hijo de ladrón</strong></i>; <i><strong>Mejor que el vino</strong></i> y <i><strong>Punta de rieles</strong></i>.</p>
</div>
</div>
<p>[/et_pb_text][/et_pb_column][/et_pb_row][/et_pb_section]</p>

<p>  Obra / Autobiografías &amp; Viajes / Antología autobiográfica Primera edición: Editorial Zig-Zag &#8211; Santiago de Chile, 1962Última edición: Ediciones LOM &#8211; Santiago de Chile, 2008 Acceda al Prólogo de José Miguel Varas: «Manuel Rojas» Reseña Este libro constituye un documento esencial para todos los interesados en conocer el origen de las obras narrativas más [&hellip;]</p>

[tabby title="Libro y Reseña"]
<table class="table">
<tbody>
<tr>
<td style="text-align: left; vertical-align: top;"><strong><a href="http://www.manuelrojas.cl/wp-content/uploads/manuelrojasantologiaautobiografica15.jpg" rel="attachment wp-att-4413"><img class="alignleft wp-image-4413" src="http://www.manuelrojas.cl/wp-content/uploads/manuelrojasantologiaautobiografica15.jpg" alt="manuelrojasantologiaautobiografica15" width="150" height="225"></a></strong></td>
<td style="vertical-align: top;" rowspan="2"><strong>Primera edición:</strong> Editorial Zig-Zag - Santiago de Chile, 1962
<strong>Última edición:</strong> Ediciones LOM - Santiago de Chile, 2008
<div><a title="Prólogo de José Miguel Varas: Antología autobigráfica" href="http://www.manuelrojas.cl/wp-content/uploads/Prologo-Jose-Miguel-Varas-Antologia-autobiografica.pdf" target="_blank" rel="noopener noreferrer">Acceda al Prólogo de José Miguel Varas: «Manuel Rojas»</a></div>
<h2>Reseña</h2>
<p class="capdrop" style="text-align: justify;">Este libro constituye un documento esencial para todos los interesados en conocer el origen de las obras narrativas más destacadas de Manuel Rojas, no sólo porque contiene una selección revisada y preparada por el propio autor, sino porque él mismo se encarga de presentar la genealogía de sus trabajos, aclarando el origen de los personajes de sus cuentos y novelas, distinguiendo entre reales y ficticios.</p>
<p style="text-align: justify;">Las páginas de <strong>Antología autobiográfica</strong> permiten saber algo más del método literario de Rojas y dimensionar los rasgos biográficos presentes en sus obras aquí comentadas, publicadas íntegramente en el caso de los cuentos y fragmentos seleccionados por el propio autor en el caso de las novelas.</p>


<hr>
<p style="text-align: justify;"><strong>Antología autobiográfica</strong> contiene: un <i><a title="Prólogo de José Miguel Varas: Manuel Rojas" href="http://www.manuelrojas.cl/wp-content/uploads/Prologo-Jose-Miguel-Varas-Antologia-autobiografica.pdf" target="_blank" rel="noopener noreferrer">Prólogo de José Miguel Varas</a></i>, una <i><strong>Breve biografía</strong></i>; y extractos de las siguientes obras: <i><strong>Imágenes de infancia</strong></i>; <i><strong>Laguna</strong></i>; <i><strong>El vaso de leche</strong></i>; <i><strong>Lanchas en la bahía</strong></i>; <i><strong>Hijo de ladrón</strong></i>; <i><strong>Mejor que el vino</strong></i> y <i><strong>Punta de rieles</strong></i>.</p>
</td>
</tr>
<tr>
<td style="text-align: left; vertical-align: top;">&nbsp;<a href="http://www.manuelrojas.cl/wp-content/uploads/manuelrojasantologiaautobiografica200844.jpg" rel="attachment wp-att-5079"><img class="alignleft wp-image-5079" src="http://www.manuelrojas.cl/wp-content/uploads/manuelrojasantologiaautobiografica200844.jpg" alt="manuelrojasantologiaautobiografica200844" width="150" height="230"></a></td>
</tr>
</tbody>
</table>
[tabbyending]
