{"id":5083,"date":"2015-04-29T23:37:57","date_gmt":"2015-04-30T02:37:57","guid":{"rendered":"http:\/\/www.manuelrojas.cl\/?page_id=5083"},"modified":"2024-12-03T23:11:04","modified_gmt":"2024-12-03T23:11:04","slug":"pase-por-mexico-un-dia","status":"publish","type":"page","link":"https:\/\/manuelrojas.cl\/index.php\/pase-por-mexico-un-dia\/","title":{"rendered":"Pas\u00e9 por M\u00e9xico un d\u00eda"},"content":{"rendered":"<p>[et_pb_section fb_built=&#8221;1&#8243; _builder_version=&#8221;4.17.4&#8243; _module_preset=&#8221;default&#8221; background_color=&#8221;RGBA(255,255,255,0)&#8221; custom_margin=&#8221;0px||0px||false|false&#8221; custom_padding=&#8221;0px||0px||false|false&#8221; global_colors_info=&#8221;{}&#8221;][et_pb_row _builder_version=&#8221;4.17.4&#8243; _module_preset=&#8221;default&#8221; background_color=&#8221;#FFFFFF&#8221; max_width=&#8221;1277px&#8221; custom_margin=&#8221;0px||0px||false|false&#8221; custom_padding=&#8221;0px||0px||false|false&#8221; global_colors_info=&#8221;{}&#8221;][et_pb_column type=&#8221;4_4&#8243; _builder_version=&#8221;4.17.4&#8243; _module_preset=&#8221;default&#8221; global_colors_info=&#8221;{}&#8221;][et_pb_text _builder_version=&#8221;4.17.4&#8243; _module_preset=&#8221;default&#8221; text_font=&#8221;Alegreya||||||||&#8221; header_3_font=&#8221;Alegreya|600|||||||&#8221; header_3_text_color=&#8221;#005B84&#8243; custom_margin=&#8221;|20px|5px||false|false&#8221; custom_padding=&#8221;20px|20px|||false|false&#8221; hover_enabled=&#8221;0&#8243; border_width_bottom=&#8221;1px&#8221; border_color_bottom=&#8221;#cccccc&#8221; border_style_bottom=&#8221;dotted&#8221; border_width_left=&#8221;3px&#8221; border_color_left=&#8221;#005B84&#8243; global_colors_info=&#8221;{}&#8221; sticky_enabled=&#8221;0&#8243;]<\/p>\n<h3>\u00a0 <span style=\"color: rgba(53, 53, 53, 0.63);\">Obra \/<\/span> <a href=\"https:\/\/manuelrojas.cl\/index.php\/manuel-rojas\/obra\/autobiografias_viajes\/\">Autobiograf\u00edas &amp; Viajes<\/a> \/ Pas\u00e9 por M\u00e9xico un d\u00eda<\/h3>\n<p>[\/et_pb_text][\/et_pb_column][\/et_pb_row][et_pb_row column_structure=&#8221;2_5,3_5&#8243; _builder_version=&#8221;4.17.4&#8243; _module_preset=&#8221;default&#8221; background_color=&#8221;#FFFFFF&#8221; background_image=&#8221;https:\/\/manuelrojas.cl\/wp-content\/uploads\/2023\/05\/com-spliter.png&#8221; background_size=&#8221;initial&#8221; background_repeat=&#8221;repeat&#8221; custom_padding=&#8221;|30px||30px|false|false&#8221; global_colors_info=&#8221;{}&#8221;][et_pb_column type=&#8221;2_5&#8243; _builder_version=&#8221;4.17.4&#8243; _module_preset=&#8221;default&#8221; global_colors_info=&#8221;{}&#8221;][et_pb_image src=&#8221;https:\/\/manuelrojas.cl\/wp-content\/uploads\/2023\/07\/Manuel-Rojas-Pase-por-Mexico-un-Dia-1965.jpg&#8221; title_text=&#8221;Manuel-Rojas-Pase-por-Mexico-un-Dia-1965&#8243; align=&#8221;center&#8221; _builder_version=&#8221;4.17.4&#8243; _module_preset=&#8221;default&#8221; height=&#8221;500px&#8221; height_tablet=&#8221;500px&#8221; height_phone=&#8221;500px&#8221; height_last_edited=&#8221;on|phone&#8221; max_height=&#8221;500px&#8221; max_height_tablet=&#8221;500px&#8221; max_height_phone=&#8221;500px&#8221; max_height_last_edited=&#8221;on|phone&#8221; border_radii=&#8221;on|3px|3px|3px|3px&#8221; border_width_all=&#8221;1px&#8221; border_color_all=&#8221;RGBA(48,48,48,0.77)&#8221; box_shadow_style=&#8221;preset1&#8243; box_shadow_blur=&#8221;5px&#8221; global_colors_info=&#8221;{}&#8221;][\/et_pb_image][et_pb_image src=&#8221;https:\/\/manuelrojas.cl\/wp-content\/uploads\/2023\/07\/pasepormexico.jpg&#8221; title_text=&#8221;pasepormexico&#8221; url=&#8221;https:\/\/www.libreriacatalonia.cl\/product\/pase-por-mexico-un-dia&#8221; url_new_window=&#8221;on&#8221; align=&#8221;center&#8221; _builder_version=&#8221;4.17.4&#8243; _module_preset=&#8221;default&#8221; height=&#8221;500px&#8221; height_tablet=&#8221;500px&#8221; height_phone=&#8221;500px&#8221; height_last_edited=&#8221;on|phone&#8221; max_height=&#8221;500px&#8221; max_height_tablet=&#8221;500px&#8221; max_height_phone=&#8221;500px&#8221; max_height_last_edited=&#8221;on|phone&#8221; border_radii=&#8221;on|3px|3px|3px|3px&#8221; border_width_all=&#8221;1px&#8221; border_color_all=&#8221;RGBA(48,48,48,0.77)&#8221; box_shadow_style=&#8221;preset1&#8243; box_shadow_blur=&#8221;5px&#8221; global_colors_info=&#8221;{}&#8221;][\/et_pb_image][\/et_pb_column][et_pb_column type=&#8221;3_5&#8243; _builder_version=&#8221;4.17.4&#8243; _module_preset=&#8221;default&#8221; global_colors_info=&#8221;{}&#8221;][et_pb_text _builder_version=&#8221;4.17.4&#8243; _module_preset=&#8221;default&#8221; text_font=&#8221;Alegreya||||||||&#8221; text_font_size=&#8221;18px&#8221; text_line_height=&#8221;1.8em&#8221; background_color=&#8221;#FFFFFF&#8221; width_tablet=&#8221;&#8221; width_phone=&#8221;&#8221; width_last_edited=&#8221;on|phone&#8221; max_width_tablet=&#8221;&#8221; max_width_phone=&#8221;&#8221; max_width_last_edited=&#8221;on|phone&#8221; custom_padding=&#8221;10px|10px|10px|10px|false|false&#8221; text_font_tablet=&#8221;Alegreya||||||||&#8221; text_font_phone=&#8221;Alegreya||||||||&#8221; text_font_last_edited=&#8221;off|desktop&#8221; text_font_size_tablet=&#8221;17px&#8221; text_font_size_phone=&#8221;10px&#8221; text_font_size_last_edited=&#8221;on|phone&#8221; border_radii=&#8221;on|1px|1px|1px|1px&#8221; border_width_all=&#8221;1px&#8221; border_color_all=&#8221;RGBA(0,91,132,0.8)&#8221; border_style_all=&#8221;dotted&#8221; global_colors_info=&#8221;{}&#8221;]<\/p>\n<div class=\"content clearfix\">\n<div class=\"content clearfix\">\n<p><strong>Primera edici\u00f3n:<\/strong> Editorial Zig-Zag &#8211; Santiago de Chile, 1965<br \/><a href=\"https:\/\/www.libreriacatalonia.cl\/product\/pase-por-mexico-un-dia\" target=\"_blank\" rel=\"noopener\" title=\"Viajes - Pas\u00e9 por M\u00e9xico un d\u00eda\"><strong>\u00daltima edici\u00f3n:<\/strong> Editorial Catalonia &#8211; Santiago de Chile, 2014<\/a><\/p>\n<h2>Rese\u00f1a<\/h2>\n<p class=\"dropcap\" style=\"text-align: justify;\">A comienzos de 1962, Manuel Rojas cruza la frontera sur de Estados Unidos y llega a territorio mexicano acompa\u00f1ado de su alumna norteamericana Julianne Clark, con quien se casa en Ciudad Ju\u00e1rez. Despu\u00e9s de casi un a\u00f1o impartiendo clases en la <em>Universidad de Washington<\/em>, en Seattle, Manuel Rojas iniciaba un viaje por M\u00e9xico, pa\u00eds que despertara su inter\u00e9s desde hac\u00eda varios a\u00f1os.<\/p>\n<p style=\"text-align: justify;\"><strong>Pas\u00e9 por M\u00e9xico un d\u00eda<\/strong> recoge precisamente su experiencia en tierra mexicana por casi 10 meses, tiempo en el que recorre desde el estado de Chihuahua por el norte, hasta Chiapas por el sur; desde el Valle del An\u00e1huac, hasta Matamoros en Tamaulipas y desde Taxco, en Guerrero, hasta Veracruz en el golfo mexicano. Visitando centenares de pueblos, villorrios, ciudades y residiendo en Ciudad de M\u00e9xico por alg\u00fan tiempo, donde participa activamente en su vida cultural, interes\u00e1ndose en la historia precolombina y en los esfuerzos mexicanos por definir su propia identidad.<\/p>\n<p style=\"text-align: justify;\">Este libro, cuyo contenido se anticipara en una edici\u00f3n mexicana titulada <strong>Cuentos del sur y Diario de M\u00e9xico<\/strong>, no es, en estricto rigor, un diario de viaje. Esto porque no da cuenta de los hechos diariamente sino que destaca las experiencias que a su autor le merecen mayor atenci\u00f3n, pasando de un asunto a otro. De este modo, Manuel Rojas nos presenta la imagen que un pa\u00eds y sus habitantes producen en su sensibilidad, la que se mueve por un paisaje poblado de seres en los que se reconoce semejante en algunos aspectos y diferente en otros.<\/p>\n<\/div>\n<\/div>\n<p>[\/et_pb_text][\/et_pb_column][\/et_pb_row][\/et_pb_section]<\/p>\n","protected":false},"excerpt":{"rendered":"<p>\u00a0 Obra \/ Autobiograf\u00edas &amp; Viajes \/ Pas\u00e9 por M\u00e9xico un d\u00eda Primera edici\u00f3n: Editorial Zig-Zag &#8211; Santiago de Chile, 1965\u00daltima edici\u00f3n: Editorial Catalonia &#8211; Santiago de Chile, 2014 Rese\u00f1a A comienzos de 1962, Manuel Rojas cruza la frontera sur de Estados Unidos y llega a territorio mexicano acompa\u00f1ado de su alumna norteamericana Julianne Clark, [&hellip;]<\/p>\n","protected":false},"author":1,"featured_media":5084,"parent":0,"menu_order":0,"comment_status":"closed","ping_status":"closed","template":"","meta":{"_et_pb_use_builder":"on","_et_pb_old_content":"[tabby title=\"Libro y Rese\u00f1a\"]\n<table class=\"table\">\n<tbody>\n<tr>\n<td style=\"text-align: left; vertical-align: top;\"><strong><a href=\"http:\/\/www.manuelrojas.cl\/wp-content\/uploads\/Manuel-Rojas-Pase-por-Mexico-un-Dia-1965.jpg\" rel=\"attachment wp-att-4985\"><img class=\"alignleft wp-image-4985\" src=\"http:\/\/www.manuelrojas.cl\/wp-content\/uploads\/Manuel-Rojas-Pase-por-Mexico-un-Dia-1965.jpg\" alt=\"Manuel-Rojas-Pase-por-Mexico-un-Dia-1965\" width=\"150\" height=\"220\"><\/a><\/strong><\/td>\n<td style=\"vertical-align: top;\" rowspan=\"2\"><strong>Primera edici\u00f3n:<\/strong> Editorial Zig-Zag - Santiago de Chile, 1965\n<strong>\u00daltima edici\u00f3n:<\/strong> Editorial Catalonia - Santiago de Chile, 2014\n<div><a href=\"https:\/\/www.catalonia.cl\/libros\/pase-por-mexico-un-dia\/\" target=\"_blank\" rel=\"noopener noreferrer\">Acceda a la versi\u00f3n ebook<\/a><\/div>\n<h2>Rese\u00f1a<\/h2>\n<p class=\"dropcap\" style=\"text-align: justify;\">A comienzos de 1962, Manuel Rojas cruza la frontera sur de Estados Unidos y llega a territorio mexicano acompa\u00f1ado de su alumna norteamericana Julianne Clark, con quien se casa en Ciudad Ju\u00e1rez. Despu\u00e9s de casi un a\u00f1o impartiendo clases en la <em>Universidad de Washington<\/em>, en Seattle, Manuel Rojas iniciaba un viaje por M\u00e9xico, pa\u00eds que despertara su inter\u00e9s desde hac\u00eda varios a\u00f1os.<\/p>\n<p style=\"text-align: justify;\"><strong>Pas\u00e9 por M\u00e9xico un d\u00eda<\/strong> recoge precisamente su experiencia en tierra mexicana por casi 10 meses, tiempo en el que recorre desde el estado de Chihuahua por el norte, hasta Chiapas por el sur; desde el Valle del An\u00e1huac, hasta Matamoros en Tamaulipas y desde Taxco, en Guerrero, hasta Veracruz en el golfo mexicano. Visitando centenares de pueblos, villorrios, ciudades y residiendo en Ciudad de M\u00e9xico por alg\u00fan tiempo, donde participa activamente en su vida cultural, interes\u00e1ndose en la historia precolombina y en los esfuerzos mexicanos por definir su propia identidad.<\/p>\n<p style=\"text-align: justify;\">Este libro, cuyo contenido se anticipara en una edici\u00f3n mexicana titulada <strong>Cuentos del sur y Diario de M\u00e9xico<\/strong>, no es, en estricto rigor, un diario de viaje. Esto porque no da cuenta de los hechos diariamente sino que destaca las experiencias que a su autor le merecen mayor atenci\u00f3n, pasando de un asunto a otro. De este modo, Manuel Rojas nos presenta la imagen que un pa\u00eds y sus habitantes producen en su sensibilidad, la que se mueve por un paisaje poblado de seres en los que se reconoce semejante en algunos aspectos y diferente en otros.<\/p>\n<\/td>\n<\/tr>\n<tr>\n<td style=\"text-align: left; vertical-align: top;\"><a href=\"http:\/\/www.manuelrojas.cl\/wp-content\/uploads\/pasepormexico.jpg\" rel=\"attachment wp-att-5084\"><img class=\"alignleft wp-image-5084\" src=\"http:\/\/www.manuelrojas.cl\/wp-content\/uploads\/pasepormexico.jpg\" alt=\"pasepormexico\" width=\"150\" height=\"223\"><\/a><\/td>\n<\/tr>\n<\/tbody>\n<\/table>\n[tabbyending]","_et_gb_content_width":"","footnotes":""},"class_list":["post-5083","page","type-page","status-publish","has-post-thumbnail","hentry"],"_links":{"self":[{"href":"https:\/\/manuelrojas.cl\/index.php\/wp-json\/wp\/v2\/pages\/5083","targetHints":{"allow":["GET"]}}],"collection":[{"href":"https:\/\/manuelrojas.cl\/index.php\/wp-json\/wp\/v2\/pages"}],"about":[{"href":"https:\/\/manuelrojas.cl\/index.php\/wp-json\/wp\/v2\/types\/page"}],"author":[{"embeddable":true,"href":"https:\/\/manuelrojas.cl\/index.php\/wp-json\/wp\/v2\/users\/1"}],"replies":[{"embeddable":true,"href":"https:\/\/manuelrojas.cl\/index.php\/wp-json\/wp\/v2\/comments?post=5083"}],"version-history":[{"count":6,"href":"https:\/\/manuelrojas.cl\/index.php\/wp-json\/wp\/v2\/pages\/5083\/revisions"}],"predecessor-version":[{"id":11751,"href":"https:\/\/manuelrojas.cl\/index.php\/wp-json\/wp\/v2\/pages\/5083\/revisions\/11751"}],"wp:featuredmedia":[{"embeddable":true,"href":"https:\/\/manuelrojas.cl\/index.php\/wp-json\/"}],"wp:attachment":[{"href":"https:\/\/manuelrojas.cl\/index.php\/wp-json\/wp\/v2\/media?parent=5083"}],"curies":[{"name":"wp","href":"https:\/\/api.w.org\/{rel}","templated":true}]}}