{"id":5088,"date":"2015-04-29T23:41:47","date_gmt":"2015-04-30T02:41:47","guid":{"rendered":"http:\/\/www.manuelrojas.cl\/?page_id=5088"},"modified":"2024-12-03T23:03:48","modified_gmt":"2024-12-03T23:03:48","slug":"a-pie-por-chile","status":"publish","type":"page","link":"https:\/\/manuelrojas.cl\/index.php\/a-pie-por-chile\/","title":{"rendered":"A pie por Chile"},"content":{"rendered":"<p>[et_pb_section fb_built=&#8221;1&#8243; _builder_version=&#8221;4.17.4&#8243; _module_preset=&#8221;default&#8221; background_color=&#8221;RGBA(255,255,255,0)&#8221; custom_margin=&#8221;0px||0px||false|false&#8221; custom_padding=&#8221;0px||0px||false|false&#8221; global_colors_info=&#8221;{}&#8221;][et_pb_row _builder_version=&#8221;4.17.4&#8243; _module_preset=&#8221;default&#8221; background_color=&#8221;#FFFFFF&#8221; max_width=&#8221;1277px&#8221; custom_margin=&#8221;0px||0px||false|false&#8221; custom_padding=&#8221;0px||0px||false|false&#8221; global_colors_info=&#8221;{}&#8221;][et_pb_column type=&#8221;4_4&#8243; _builder_version=&#8221;4.17.4&#8243; _module_preset=&#8221;default&#8221; global_colors_info=&#8221;{}&#8221;][et_pb_text _builder_version=&#8221;4.17.4&#8243; _module_preset=&#8221;default&#8221; text_font=&#8221;Alegreya||||||||&#8221; header_3_font=&#8221;Alegreya|600|||||||&#8221; header_3_text_color=&#8221;#005B84&#8243; custom_margin=&#8221;|20px|5px||false|false&#8221; custom_padding=&#8221;20px|20px|||false|false&#8221; hover_enabled=&#8221;0&#8243; border_width_bottom=&#8221;1px&#8221; border_color_bottom=&#8221;#cccccc&#8221; border_style_bottom=&#8221;dotted&#8221; border_width_left=&#8221;3px&#8221; border_color_left=&#8221;#005B84&#8243; global_colors_info=&#8221;{}&#8221; sticky_enabled=&#8221;0&#8243;]<\/p>\n<h3>\u00a0 <span style=\"color: rgba(53, 53, 53, 0.63);\">Obra \/<\/span> <a href=\"https:\/\/manuelrojas.cl\/index.php\/manuel-rojas\/obra\/autobiografias_viajes\/\">Autobiograf\u00edas &amp; Viajes<\/a> \/ A pie por Chile<\/h3>\n<p>[\/et_pb_text][\/et_pb_column][\/et_pb_row][et_pb_row column_structure=&#8221;2_5,3_5&#8243; _builder_version=&#8221;4.17.4&#8243; _module_preset=&#8221;default&#8221; background_color=&#8221;#FFFFFF&#8221; background_image=&#8221;https:\/\/manuelrojas.cl\/wp-content\/uploads\/2023\/05\/com-spliter.png&#8221; background_size=&#8221;initial&#8221; background_repeat=&#8221;repeat&#8221; custom_padding=&#8221;|30px||30px|false|false&#8221; hover_enabled=&#8221;0&#8243; global_colors_info=&#8221;{}&#8221; sticky_enabled=&#8221;0&#8243;][et_pb_column type=&#8221;2_5&#8243; _builder_version=&#8221;4.17.4&#8243; _module_preset=&#8221;default&#8221; global_colors_info=&#8221;{}&#8221;][et_pb_image src=&#8221;https:\/\/manuelrojas.cl\/wp-content\/uploads\/2023\/07\/manuelrojasapieporchile.jpg&#8221; title_text=&#8221;manuelrojasapieporchile&#8221; align=&#8221;center&#8221; _builder_version=&#8221;4.17.4&#8243; _module_preset=&#8221;default&#8221; height=&#8221;500px&#8221; max_height=&#8221;500px&#8221; hover_enabled=&#8221;0&#8243; border_radii=&#8221;on|3px|3px|3px|3px&#8221; border_width_all=&#8221;1px&#8221; border_color_all=&#8221;RGBA(48,48,48,0.77)&#8221; box_shadow_style=&#8221;preset1&#8243; box_shadow_blur=&#8221;5px&#8221; global_colors_info=&#8221;{}&#8221; height_last_edited=&#8221;on|phone&#8221; sticky_enabled=&#8221;0&#8243; max_height_last_edited=&#8221;on|phone&#8221; height_tablet=&#8221;500px&#8221; height_phone=&#8221;500px&#8221; max_height_tablet=&#8221;500px&#8221; max_height_phone=&#8221;500px&#8221;][\/et_pb_image][et_pb_image src=&#8221;https:\/\/manuelrojas.cl\/wp-content\/uploads\/2023\/07\/Manuel-Roias-A-pie-por-Chile-2016.jpg&#8221; title_text=&#8221;Manuel-Roias-A-pie-por-Chile-2016&#8243; url=&#8221;https:\/\/www.libreriacatalonia.cl\/product\/a-pie-por-chile&#8221; url_new_window=&#8221;on&#8221; align=&#8221;center&#8221; _builder_version=&#8221;4.17.4&#8243; _module_preset=&#8221;default&#8221; height=&#8221;500px&#8221; max_height=&#8221;500px&#8221; hover_enabled=&#8221;0&#8243; border_radii=&#8221;on|3px|3px|3px|3px&#8221; border_width_all=&#8221;1px&#8221; border_color_all=&#8221;RGBA(48,48,48,0.77)&#8221; box_shadow_style=&#8221;preset1&#8243; box_shadow_blur=&#8221;5px&#8221; global_colors_info=&#8221;{}&#8221; height_last_edited=&#8221;on|phone&#8221; sticky_enabled=&#8221;0&#8243; max_height_last_edited=&#8221;on|phone&#8221; height_tablet=&#8221;500px&#8221; height_phone=&#8221;500px&#8221; max_height_tablet=&#8221;500px&#8221; max_height_phone=&#8221;500px&#8221;][\/et_pb_image][\/et_pb_column][et_pb_column type=&#8221;3_5&#8243; _builder_version=&#8221;4.17.4&#8243; _module_preset=&#8221;default&#8221; global_colors_info=&#8221;{}&#8221;][et_pb_text _builder_version=&#8221;4.17.4&#8243; _module_preset=&#8221;default&#8221; text_font=&#8221;Alegreya||||||||&#8221; text_font_size=&#8221;18px&#8221; text_line_height=&#8221;1.8em&#8221; background_color=&#8221;#FFFFFF&#8221; width_tablet=&#8221;&#8221; width_phone=&#8221;&#8221; width_last_edited=&#8221;on|phone&#8221; max_width_tablet=&#8221;&#8221; max_width_phone=&#8221;&#8221; max_width_last_edited=&#8221;on|phone&#8221; custom_padding=&#8221;10px|10px|10px|10px|false|false&#8221; hover_enabled=&#8221;0&#8243; text_font_tablet=&#8221;Alegreya||||||||&#8221; text_font_phone=&#8221;Alegreya||||||||&#8221; text_font_last_edited=&#8221;off|desktop&#8221; text_font_size_tablet=&#8221;17px&#8221; text_font_size_phone=&#8221;10px&#8221; text_font_size_last_edited=&#8221;on|phone&#8221; border_radii=&#8221;on|1px|1px|1px|1px&#8221; border_width_all=&#8221;1px&#8221; border_color_all=&#8221;RGBA(0,91,132,0.8)&#8221; border_style_all=&#8221;dotted&#8221; global_colors_info=&#8221;{}&#8221; sticky_enabled=&#8221;0&#8243;]<\/p>\n<div class=\"content clearfix\">\n<div class=\"content clearfix\">\n<p><strong>Primera edici\u00f3n:<\/strong> Editorial Santiago &#8211; Santiago de Chile, 1967<br \/><a href=\"https:\/\/www.libreriacatalonia.cl\/product\/a-pie-por-chile\" target=\"_blank\" rel=\"noopener\" title=\"Viajes - A pie por Chile\"><strong>\u00daltima edici\u00f3n:<\/strong>\u00a0Catalonia &#8211; Santiago de Chile, 2016<\/a><\/p>\n<h2>Rese\u00f1a<\/h2>\n<p class=\"dropcap\" style=\"text-align: justify;\">La primera edici\u00f3n de<strong>\u00a0A pie por Chile<\/strong> re\u00fane art\u00edculos publicados entre 1929 y 1967\u00a0y\u00a0corresponden a relatos de los numerosos paseos y excursiones que realiz\u00f3 Manuel Rojas en su pasi\u00f3n por conocer las monta\u00f1as, playas, lagos y los numerosos paisajes y rincones de la geograf\u00eda de Chile.<\/p>\n<p style=\"text-align: justify;\">Como infatigable andinista, caminante y atento observador de la naturaleza, Rojas conoc\u00eda de \u00e1rboles, p\u00e1jaros, flores e insectos, as\u00ed como del relieve de la costa y el cielo de Chile. En sus silenciosas excursiones y caminatas, solo o acompa\u00f1ado, aprendi\u00f3 el ruido del bosque y la soledad de las monta\u00f1as de Los Andes por las cuales ten\u00eda especial predilecci\u00f3n porque eran, para \u00e9l, una inagotable fuente de riqueza emocional.<\/p>\n<p style=\"text-align: justify;\">Esta serie de cr\u00f3nicas\u00a0tienen el sabor de nuestros paisajes y, como dice su autor <i>\u00ab\u2026pueden inspirar, a un ni\u00f1o, a un adolescente, el deseo de caminar su tierra y conocerla con detenci\u00f3n, conocer las cosas, los seres y los hechos peque\u00f1os\u2026 porque representa un h\u00e1bito m\u00edo y quiz\u00e1 de otros: el de pensar y sentir mientras hago algo, en este caso, caminar por las monta\u00f1as y las playas de mi pa\u00eds\u00bb<\/i>.<\/p>\n<p style=\"text-align: justify;\">La \u00faltima edici\u00f3n del libro, publicada por Catalonia, es una versi\u00f3n aumentada e ilustrada con fotograf\u00edas del archivo de la <strong>Fundaci\u00f3n Manuel Rojas<\/strong> y con dibujos del artista Rafael Edwards. A los 65 art\u00edculos originales escogidos por el autor, se agregaron otros 27. Los nuevos relatos fueron seleccionados con los mismos criterios que Rojas usara para hacer su primera elecci\u00f3n: \u00abtodos invitan a caminar su tierra\u00bb. Adem\u00e1s, en todas sus narraciones Rojas es el protagonista y testigo principal, pues es \u00e9l mismo el que viaja, camina y se detiene a conocer en profundidad la geograf\u00eda humana y original de su pa\u00eds.<\/p>\n<\/div>\n<\/div>\n<p>[\/et_pb_text][\/et_pb_column][\/et_pb_row][\/et_pb_section]<\/p>\n","protected":false},"excerpt":{"rendered":"<p>\u00a0 Obra \/ Autobiograf\u00edas &amp; Viajes \/ A pie por Chile Primera edici\u00f3n: Editorial Santiago &#8211; Santiago de Chile, 1967\u00daltima edici\u00f3n:\u00a0Catalonia &#8211; Santiago de Chile, 2016 Rese\u00f1a La primera edici\u00f3n de\u00a0A pie por Chile re\u00fane art\u00edculos publicados entre 1929 y 1967\u00a0y\u00a0corresponden a relatos de los numerosos paseos y excursiones que realiz\u00f3 Manuel Rojas en su [&hellip;]<\/p>\n","protected":false},"author":1,"featured_media":6513,"parent":0,"menu_order":0,"comment_status":"closed","ping_status":"closed","template":"","meta":{"_et_pb_use_builder":"on","_et_pb_old_content":"[tabby title=\"Libro y Rese\u00f1a\"]\n<table class=\"table\">\n<tbody>\n<tr>\n<td style=\"text-align: left; vertical-align: top;\"><strong><a href=\"http:\/\/www.manuelrojas.cl\/wp-content\/uploads\/manuelrojasapieporchile.jpg\" rel=\"attachment wp-att-4417\"><img class=\"alignleft wp-image-4417\" src=\"http:\/\/www.manuelrojas.cl\/wp-content\/uploads\/manuelrojasapieporchile.jpg\" alt=\"manuelrojasapieporchile\" width=\"150\" height=\"222\"><\/a><\/strong><\/td>\n<td style=\"vertical-align: top;\" rowspan=\"2\"><strong>Primera edici\u00f3n:<\/strong> Editorial Santiago - Santiago de Chile, 1967\n<strong>\u00daltima edici\u00f3n:<\/strong>&nbsp;Catalonia - Santiago de Chile, 2016\n<div><a href=\"https:\/\/www.catalonia.cl\/libros\/a-pie-por-chile\/\" target=\"_blank\" rel=\"noopener noreferrer\">Acceda a la versi\u00f3n ebook<\/a><\/div>\n<h2>Rese\u00f1a<\/h2>\n<p class=\"dropcap\" style=\"text-align: justify;\">La primera edici\u00f3n de<strong>&nbsp;A pie por Chile<\/strong> re\u00fane art\u00edculos publicados entre 1929 y 1967&nbsp;y&nbsp;corresponden a relatos de los numerosos paseos y excursiones que realiz\u00f3 Manuel Rojas en su pasi\u00f3n por conocer las monta\u00f1as, playas, lagos y los numerosos paisajes y rincones de la geograf\u00eda de Chile.<\/p>\n<p style=\"text-align: justify;\">Como infatigable andinista, caminante y atento observador de la naturaleza, Rojas conoc\u00eda de \u00e1rboles, p\u00e1jaros, flores e insectos, as\u00ed como del relieve de la costa y el cielo de Chile. En sus silenciosas excursiones y caminatas, solo o acompa\u00f1ado, aprendi\u00f3 el ruido del bosque y la soledad de las monta\u00f1as de Los Andes por las cuales ten\u00eda especial predilecci\u00f3n porque eran, para \u00e9l, una inagotable fuente de riqueza emocional.<\/p>\n<p style=\"text-align: justify;\">Esta serie de cr\u00f3nicas&nbsp;tienen el sabor de nuestros paisajes y, como dice su autor <i>\u00ab\u2026pueden inspirar, a un ni\u00f1o, a un adolescente, el deseo de caminar su tierra y conocerla con detenci\u00f3n, conocer las cosas, los seres y los hechos peque\u00f1os\u2026 porque representa un h\u00e1bito m\u00edo y quiz\u00e1 de otros: el de pensar y sentir mientras hago algo, en este caso, caminar por las monta\u00f1as y las playas de mi pa\u00eds\u00bb<\/i>.<\/p>\n<p style=\"text-align: justify;\">La \u00faltima edici\u00f3n del libro, publicada por Catalonia, es una versi\u00f3n aumentada e ilustrada con fotograf\u00edas del archivo de la <strong>Fundaci\u00f3n Manuel Rojas<\/strong> y con dibujos del artista Rafael Edwards. A los 65 art\u00edculos originales escogidos por el autor, se agregaron otros 27. Los nuevos relatos fueron seleccionados con los mismos criterios que Rojas usara para hacer su primera elecci\u00f3n: \u00abtodos invitan a caminar su tierra\u00bb. Adem\u00e1s, en todas sus narraciones Rojas es el protagonista y testigo principal, pues es \u00e9l mismo el que viaja, camina y se detiene a conocer en profundidad la geograf\u00eda humana y original de su pa\u00eds.<\/p>\n<\/td>\n<\/tr>\n<tr>\n<td style=\"text-align: left; vertical-align: top;\"><a href=\"http:\/\/www.manuelrojas.cl\/wp-content\/uploads\/Manuel-Roias-A-pie-por-Chile-2016.jpg\"><img class=\"alignleft wp-image-6513\" src=\"http:\/\/www.manuelrojas.cl\/wp-content\/uploads\/Manuel-Roias-A-pie-por-Chile-2016.jpg\" alt=\"\" width=\"150\" height=\"212\"><\/a><\/td>\n<\/tr>\n<\/tbody>\n<\/table>\n[tabbyending]","_et_gb_content_width":"","footnotes":""},"class_list":["post-5088","page","type-page","status-publish","has-post-thumbnail","hentry"],"_links":{"self":[{"href":"https:\/\/manuelrojas.cl\/index.php\/wp-json\/wp\/v2\/pages\/5088","targetHints":{"allow":["GET"]}}],"collection":[{"href":"https:\/\/manuelrojas.cl\/index.php\/wp-json\/wp\/v2\/pages"}],"about":[{"href":"https:\/\/manuelrojas.cl\/index.php\/wp-json\/wp\/v2\/types\/page"}],"author":[{"embeddable":true,"href":"https:\/\/manuelrojas.cl\/index.php\/wp-json\/wp\/v2\/users\/1"}],"replies":[{"embeddable":true,"href":"https:\/\/manuelrojas.cl\/index.php\/wp-json\/wp\/v2\/comments?post=5088"}],"version-history":[{"count":5,"href":"https:\/\/manuelrojas.cl\/index.php\/wp-json\/wp\/v2\/pages\/5088\/revisions"}],"predecessor-version":[{"id":11746,"href":"https:\/\/manuelrojas.cl\/index.php\/wp-json\/wp\/v2\/pages\/5088\/revisions\/11746"}],"wp:featuredmedia":[{"embeddable":true,"href":"https:\/\/manuelrojas.cl\/index.php\/wp-json\/"}],"wp:attachment":[{"href":"https:\/\/manuelrojas.cl\/index.php\/wp-json\/wp\/v2\/media?parent=5088"}],"curies":[{"name":"wp","href":"https:\/\/api.w.org\/{rel}","templated":true}]}}