{"id":5107,"date":"2015-05-01T02:30:49","date_gmt":"2015-05-01T05:30:49","guid":{"rendered":"http:\/\/www.manuelrojas.cl\/?page_id=5107"},"modified":"2024-11-12T00:39:02","modified_gmt":"2024-11-12T00:39:02","slug":"travesia","status":"publish","type":"page","link":"https:\/\/manuelrojas.cl\/index.php\/travesia\/","title":{"rendered":"Traves\u00eda"},"content":{"rendered":"<p>[et_pb_section fb_built=&#8221;1&#8243; _builder_version=&#8221;4.17.4&#8243; _module_preset=&#8221;default&#8221; background_color=&#8221;RGBA(255,255,255,0)&#8221; custom_margin=&#8221;0px||0px||false|false&#8221; custom_padding=&#8221;0px||0px||false|false&#8221; global_colors_info=&#8221;{}&#8221;][et_pb_row _builder_version=&#8221;4.17.4&#8243; _module_preset=&#8221;default&#8221; background_color=&#8221;#FFFFFF&#8221; max_width=&#8221;1277px&#8221; custom_margin=&#8221;0px||0px||false|false&#8221; custom_padding=&#8221;0px||0px||false|false&#8221; global_colors_info=&#8221;{}&#8221;][et_pb_column type=&#8221;4_4&#8243; _builder_version=&#8221;4.17.4&#8243; _module_preset=&#8221;default&#8221; global_colors_info=&#8221;{}&#8221;][et_pb_text _builder_version=&#8221;4.17.4&#8243; _module_preset=&#8221;default&#8221; text_font=&#8221;Alegreya||||||||&#8221; header_3_font=&#8221;Alegreya|600|||||||&#8221; header_3_text_color=&#8221;#005B84&#8243; custom_margin=&#8221;|20px|5px||false|false&#8221; custom_padding=&#8221;20px|20px|||false|false&#8221; hover_enabled=&#8221;0&#8243; border_width_bottom=&#8221;1px&#8221; border_color_bottom=&#8221;#cccccc&#8221; border_style_bottom=&#8221;dotted&#8221; border_width_left=&#8221;3px&#8221; border_color_left=&#8221;#005B84&#8243; global_colors_info=&#8221;{}&#8221; sticky_enabled=&#8221;0&#8243;]<\/p>\n<h3>\u00a0 <span style=\"color: rgba(53, 53, 53, 0.63);\">Obra \/<\/span> <a href=\"https:\/\/manuelrojas.cl\/index.php\/obras_libro\/cuentos-libro\/\">Cuentos<\/a> \/ Traves\u00eda<\/h3>\n<p>[\/et_pb_text][\/et_pb_column][\/et_pb_row][et_pb_row column_structure=&#8221;2_5,3_5&#8243; _builder_version=&#8221;4.17.4&#8243; _module_preset=&#8221;default&#8221; background_color=&#8221;#FFFFFF&#8221; background_image=&#8221;https:\/\/manuelrojas.cl\/wp-content\/uploads\/2023\/05\/com-spliter.png&#8221; background_size=&#8221;initial&#8221; background_repeat=&#8221;repeat&#8221; width_tablet=&#8221;90%&#8221; width_phone=&#8221;90%&#8221; width_last_edited=&#8221;on|phone&#8221; max_width_tablet=&#8221;1258px&#8221; max_width_phone=&#8221;&#8221; max_width_last_edited=&#8221;on|phone&#8221; custom_padding=&#8221;|30px||30px|false|false&#8221; hover_enabled=&#8221;0&#8243; global_colors_info=&#8221;{}&#8221; sticky_enabled=&#8221;0&#8243;][et_pb_column type=&#8221;2_5&#8243; _builder_version=&#8221;4.17.4&#8243; _module_preset=&#8221;default&#8221; global_colors_info=&#8221;{}&#8221;][et_pb_image src=&#8221;https:\/\/manuelrojas.cl\/wp-content\/uploads\/2023\/06\/manuelrojastravesia1973161.jpg&#8221; title_text=&#8221;manuelrojastravesia1973161&#8243; align=&#8221;center&#8221; _builder_version=&#8221;4.17.4&#8243; _module_preset=&#8221;default&#8221; max_width_tablet=&#8221;&#8221; max_width_phone=&#8221;&#8221; max_width_last_edited=&#8221;on|phone&#8221; height=&#8221;500px&#8221; height_tablet=&#8221;500px&#8221; height_phone=&#8221;&#8221; height_last_edited=&#8221;on|phone&#8221; max_height=&#8221;500px&#8221; max_height_tablet=&#8221;500px&#8221; max_height_phone=&#8221;&#8221; max_height_last_edited=&#8221;on|phone&#8221; hover_enabled=&#8221;0&#8243; border_radii=&#8221;on|3px|3px|3px|3px&#8221; border_width_all=&#8221;1px&#8221; border_color_all=&#8221;RGBA(48,48,48,0.77)&#8221; box_shadow_style=&#8221;preset1&#8243; box_shadow_blur=&#8221;5px&#8221; global_colors_info=&#8221;{}&#8221; sticky_enabled=&#8221;0&#8243;][\/et_pb_image][\/et_pb_column][et_pb_column type=&#8221;3_5&#8243; _builder_version=&#8221;4.17.4&#8243; _module_preset=&#8221;default&#8221; global_colors_info=&#8221;{}&#8221;][et_pb_text _builder_version=&#8221;4.17.4&#8243; _module_preset=&#8221;default&#8221; text_font=&#8221;Alegreya||||||||&#8221; text_font_size=&#8221;18px&#8221; text_line_height=&#8221;1.8em&#8221; background_color=&#8221;#FFFFFF&#8221; width_tablet=&#8221;&#8221; width_phone=&#8221;&#8221; width_last_edited=&#8221;on|phone&#8221; max_width_tablet=&#8221;&#8221; max_width_phone=&#8221;100%&#8221; max_width_last_edited=&#8221;on|phone&#8221; custom_padding=&#8221;10px|10px|10px|10px|false|false&#8221; text_font_tablet=&#8221;Alegreya||||||||&#8221; text_font_phone=&#8221;Alegreya||||||||&#8221; text_font_last_edited=&#8221;off|desktop&#8221; text_font_size_tablet=&#8221;17px&#8221; text_font_size_phone=&#8221;10px&#8221; text_font_size_last_edited=&#8221;on|phone&#8221; border_radii=&#8221;on|1px|1px|1px|1px&#8221; border_width_all=&#8221;1px&#8221; border_color_all=&#8221;RGBA(0,91,132,0.8)&#8221; border_style_all=&#8221;dotted&#8221; global_colors_info=&#8221;{}&#8221;]<\/p>\n<div class=\"content clearfix\">\n<div class=\"content clearfix\">\n<p><strong>Primera edici\u00f3n:<\/strong> Ed. Nascimento &#8211; Santiago de Chile, 1934<\/p>\n<h2>Rese\u00f1a<\/h2>\n<p class=\"dropcap\" style=\"text-align: justify;\">Esta compilaci\u00f3n es, en general, muy heterog\u00e9nea. Sus relatos cuentan an\u00e9cdotas m\u00e1s o menos cotidianas que tienen un toque de humor: <strong>\u00abEl fantasma del patio\u00bb<\/strong> e <strong>\u00abHistoria de hospital\u00bb<\/strong>, y tambi\u00e9n vuelven a dialogar con el criollismo: <strong>\u00abBandidos en los caminos\u00bb<\/strong>, <strong>\u00abEl Le\u00f3n y el Hombre\u00bb<\/strong>, <strong>\u00abCanto y baile\u00bb<\/strong>, <strong>\u00abLa suerte de Cucho Vial\u00bb<\/strong>, <strong>\u00abEl rancho en la monta\u00f1a\u00bb<\/strong>, o bien con la ficci\u00f3n fant\u00e1stica: <strong>\u00abEl hombre de la rosa\u00bb<\/strong>.<\/p>\n<p style=\"text-align: justify;\">En su primera edici\u00f3n se llama a estos relatos \u00abnovelas breves\u00bb, y tal vez el nombre quiere describir el modo en que son trabajados. Como cuentista, Rojas casi nunca busca el efecto que da un giro argumental inesperado. En general intenta describir una experiencia, es decir, el modo en que toca a la conciencia de las personas el tener que enfrentar situaciones extraordinarias. Es un empe\u00f1o que requiere cierto despliegue, y por eso, quiz\u00e1, estos cuentos son m\u00e1s bien largos.<\/p>\n<p style=\"text-align: justify;\">Pese a sus di\u00e1logos con otros proyectos literarios, se mantienen en este libro los pilares de la narrativa <i>rojasiana<\/i>: la descripci\u00f3n abierta de los m\u00e1rgenes sociales y una perspectiva que busca el aprendizaje de los dem\u00e1s. Dos cuentos destacan en este conjunto: <strong>\u00abEl hombre de la rosa\u00bb<\/strong> y <strong>\u00abPoco sueldo\u00bb<\/strong>, relato con el que se inaugura la oficina como espacio para la narrativa chilena.<\/p>\n<hr \/>\n<p><strong>Traves\u00eda<\/strong>, contiene los cuentos <i><strong>Bandidos en los caminos<\/strong><\/i>; <i><strong>El hombre de la rosa<\/strong><\/i>; <i><strong>La suerte de Cucho Vial<\/strong><\/i>; <i><strong>Canto y baile<\/strong><\/i>; <i><strong>El le\u00f3n y el hombre<\/strong><\/i>; <i><strong>El fantasma del patio<\/strong><\/i>; <i><strong>Historia de hospital<\/strong><\/i>; <i><strong>Poco sueldo<\/strong><\/i> y <i><strong>El rancho en la monta\u00f1a<\/strong><\/i>.<\/p>\n<\/div>\n<\/div>\n<p>[\/et_pb_text][\/et_pb_column][\/et_pb_row][\/et_pb_section]<\/p>\n","protected":false},"excerpt":{"rendered":"<p>\u00a0 Obra \/ Cuentos \/ Traves\u00eda Primera edici\u00f3n: Ed. Nascimento &#8211; Santiago de Chile, 1934 Rese\u00f1a Esta compilaci\u00f3n es, en general, muy heterog\u00e9nea. Sus relatos cuentan an\u00e9cdotas m\u00e1s o menos cotidianas que tienen un toque de humor: \u00abEl fantasma del patio\u00bb e \u00abHistoria de hospital\u00bb, y tambi\u00e9n vuelven a dialogar con el criollismo: \u00abBandidos en [&hellip;]<\/p>\n","protected":false},"author":1,"featured_media":4424,"parent":0,"menu_order":0,"comment_status":"closed","ping_status":"closed","template":"","meta":{"_et_pb_use_builder":"on","_et_pb_old_content":"[tabby title=\"Libro y Rese\u00f1a\"]\n<table class=\"table\">\n<tbody>\n<tr>\n<td style=\"text-align: left; vertical-align: top;\"><strong><a href=\"http:\/\/www.manuelrojas.cl\/wp-content\/uploads\/manuelrojastravesia1973161.jpg\" rel=\"attachment wp-att-4424\"><img class=\"margin-top: 5px;margin-bottom: 5px;margin-right: 5px;margin-left: 5px; alignleft wp-image-5591\" src=\"http:\/\/www.manuelrojas.cl\/wp-content\/uploads\/manuelrojastravesia1973161.jpg\" alt=\"\" width=\"150\" height=\"225\"><\/a><\/strong><\/td>\n<td style=\"vertical-align: top;\" rowspan=\"2\"><strong>Primera edici\u00f3n:<\/strong> Ed. Nascimento - Santiago de Chile, 1934\n<h2>Rese\u00f1a<\/h2>\n<p class=\"dropcap\" style=\"text-align: justify;\">Esta compilaci\u00f3n es, en general, muy heterog\u00e9nea. Sus relatos cuentan an\u00e9cdotas m\u00e1s o menos cotidianas que tienen un toque de humor: <strong>\u00abEl fantasma del patio\u00bb<\/strong> e <strong>\u00abHistoria de hospital\u00bb<\/strong>, y tambi\u00e9n vuelven a dialogar con el criollismo: <strong>\u00abBandidos en los caminos\u00bb<\/strong>, <strong>\u00abEl Le\u00f3n y el Hombre\u00bb<\/strong>, <strong>\u00abCanto y baile\u00bb<\/strong>, <strong>\u00abLa suerte de Cucho Vial\u00bb<\/strong>, <strong>\u00abEl rancho en la monta\u00f1a\u00bb<\/strong>, o bien con la ficci\u00f3n fant\u00e1stica: <strong>\u00abEl hombre de la rosa\u00bb<\/strong>.<\/p>\n<p style=\"text-align: justify;\">En su primera edici\u00f3n se llama a estos relatos \u00abnovelas breves\u00bb, y tal vez el nombre quiere describir el modo en que son trabajados. Como cuentista, Rojas casi nunca busca el efecto que da un giro argumental inesperado. En general intenta describir una experiencia, es decir, el modo en que toca a la conciencia de las personas el tener que enfrentar situaciones extraordinarias. Es un empe\u00f1o que requiere cierto despliegue, y por eso, quiz\u00e1, estos cuentos son m\u00e1s bien largos.<\/p>\n<p style=\"text-align: justify;\">Pese a sus di\u00e1logos con otros proyectos literarios, se mantienen en este libro los pilares de la narrativa <i>rojasiana<\/i>: la descripci\u00f3n abierta de los m\u00e1rgenes sociales y una perspectiva que busca el aprendizaje de los dem\u00e1s. Dos cuentos destacan en este conjunto: <strong>\u00abEl hombre de la rosa\u00bb<\/strong> y <strong>\u00abPoco sueldo\u00bb<\/strong>, relato con el que se inaugura la oficina como espacio para la narrativa chilena.<\/p>\n\n\n<hr>\n\n<strong>Traves\u00eda<\/strong>, contiene los cuentos <i><strong>Bandidos en los caminos<\/strong><\/i>; <i><strong>El hombre de la rosa<\/strong><\/i>; <i><strong>La suerte de Cucho Vial<\/strong><\/i>; <i><strong>Canto y baile<\/strong><\/i>; <i><strong>El le\u00f3n y el hombre<\/strong><\/i>; <i><strong>El fantasma del patio<\/strong><\/i>; <i><strong>Historia de hospital<\/strong><\/i>; <i><strong>Poco sueldo<\/strong><\/i> y <i><strong>El rancho en la monta\u00f1a<\/strong><\/i>.<\/td>\n<\/tr>\n<tr>\n<td style=\"text-align: left; vertical-align: top;\"><\/td>\n<\/tr>\n<\/tbody>\n<\/table>\n[tabbyending]","_et_gb_content_width":"","footnotes":""},"class_list":["post-5107","page","type-page","status-publish","has-post-thumbnail","hentry"],"_links":{"self":[{"href":"https:\/\/manuelrojas.cl\/index.php\/wp-json\/wp\/v2\/pages\/5107","targetHints":{"allow":["GET"]}}],"collection":[{"href":"https:\/\/manuelrojas.cl\/index.php\/wp-json\/wp\/v2\/pages"}],"about":[{"href":"https:\/\/manuelrojas.cl\/index.php\/wp-json\/wp\/v2\/types\/page"}],"author":[{"embeddable":true,"href":"https:\/\/manuelrojas.cl\/index.php\/wp-json\/wp\/v2\/users\/1"}],"replies":[{"embeddable":true,"href":"https:\/\/manuelrojas.cl\/index.php\/wp-json\/wp\/v2\/comments?post=5107"}],"version-history":[{"count":7,"href":"https:\/\/manuelrojas.cl\/index.php\/wp-json\/wp\/v2\/pages\/5107\/revisions"}],"predecessor-version":[{"id":11546,"href":"https:\/\/manuelrojas.cl\/index.php\/wp-json\/wp\/v2\/pages\/5107\/revisions\/11546"}],"wp:featuredmedia":[{"embeddable":true,"href":"https:\/\/manuelrojas.cl\/index.php\/wp-json\/"}],"wp:attachment":[{"href":"https:\/\/manuelrojas.cl\/index.php\/wp-json\/wp\/v2\/media?parent=5107"}],"curies":[{"name":"wp","href":"https:\/\/api.w.org\/{rel}","templated":true}]}}