{"id":5117,"date":"2015-05-01T03:40:11","date_gmt":"2015-05-01T06:40:11","guid":{"rendered":"http:\/\/www.manuelrojas.cl\/?page_id=5117"},"modified":"2026-04-25T15:26:52","modified_gmt":"2026-04-25T15:26:52","slug":"lanchas-en-la-bahia","status":"publish","type":"page","link":"https:\/\/manuelrojas.cl\/index.php\/lanchas-en-la-bahia\/","title":{"rendered":"Lanchas en la bah\u00eda"},"content":{"rendered":"<p>[et_pb_section fb_built=&#8221;1&#8243; _builder_version=&#8221;4.17.4&#8243; _module_preset=&#8221;default&#8221; background_color=&#8221;RGBA(255,255,255,0)&#8221; custom_margin=&#8221;0px||0px||false|false&#8221; custom_padding=&#8221;0px||0px||false|false&#8221; global_colors_info=&#8221;{}&#8221;][et_pb_row _builder_version=&#8221;4.17.4&#8243; _module_preset=&#8221;default&#8221; background_color=&#8221;#FFFFFF&#8221; max_width=&#8221;1277px&#8221; custom_margin=&#8221;0px||0px||false|false&#8221; custom_padding=&#8221;0px||0px||false|false&#8221; global_colors_info=&#8221;{}&#8221;][et_pb_column type=&#8221;4_4&#8243; _builder_version=&#8221;4.17.4&#8243; _module_preset=&#8221;default&#8221; global_colors_info=&#8221;{}&#8221;][et_pb_text _builder_version=&#8221;4.17.4&#8243; _module_preset=&#8221;default&#8221; text_font=&#8221;Alegreya||||||||&#8221; header_3_font=&#8221;Alegreya|600|||||||&#8221; header_3_text_color=&#8221;#005B84&#8243; custom_margin=&#8221;|20px|5px||false|false&#8221; custom_padding=&#8221;20px|20px|||false|false&#8221; border_width_bottom=&#8221;1px&#8221; border_color_bottom=&#8221;#cccccc&#8221; border_style_bottom=&#8221;dotted&#8221; border_width_left=&#8221;3px&#8221; border_color_left=&#8221;#005B84&#8243; global_colors_info=&#8221;{}&#8221;]<\/p>\n<h3>\u00a0 <span style=\"color: rgba(53, 53, 53, 0.63);\">Obra \/<\/span> <a href=\"https:\/\/manuelrojas.cl\/index.php\/novelas\/\">Novelas<\/a> \/ Lanchas en la bah\u00eda<\/h3>\n<p>[\/et_pb_text][\/et_pb_column][\/et_pb_row][et_pb_row column_structure=&#8221;2_5,3_5&#8243; _builder_version=&#8221;4.17.4&#8243; _module_preset=&#8221;default&#8221; background_color=&#8221;#FFFFFF&#8221; background_image=&#8221;https:\/\/manuelrojas.cl\/wp-content\/uploads\/2023\/05\/com-spliter.png&#8221; background_size=&#8221;initial&#8221; background_repeat=&#8221;repeat&#8221; width_tablet=&#8221;90%&#8221; width_phone=&#8221;90%&#8221; width_last_edited=&#8221;on|phone&#8221; custom_padding=&#8221;|30px||30px|false|false&#8221; global_colors_info=&#8221;{}&#8221;][et_pb_column type=&#8221;2_5&#8243; _builder_version=&#8221;4.17.4&#8243; _module_preset=&#8221;default&#8221; global_colors_info=&#8221;{}&#8221;][et_pb_image src=&#8221;https:\/\/manuelrojas.cl\/wp-content\/uploads\/2023\/06\/manuelrojaslanchasenlabahia55.jpg&#8221; title_text=&#8221;manuelrojaslanchasenlabahia55&#8243; align=&#8221;center&#8221; _builder_version=&#8221;4.17.4&#8243; _module_preset=&#8221;default&#8221; height=&#8221;500px&#8221; height_tablet=&#8221;500px&#8221; height_phone=&#8221;&#8221; height_last_edited=&#8221;on|phone&#8221; max_height=&#8221;500px&#8221; max_height_tablet=&#8221;500px&#8221; max_height_phone=&#8221;&#8221; max_height_last_edited=&#8221;on|phone&#8221; border_radii=&#8221;on|3px|3px|3px|3px&#8221; border_width_all=&#8221;1px&#8221; border_color_all=&#8221;RGBA(48,48,48,0.77)&#8221; box_shadow_style=&#8221;preset1&#8243; box_shadow_blur=&#8221;5px&#8221; global_colors_info=&#8221;{}&#8221;][\/et_pb_image][et_pb_image src=&#8221;https:\/\/manuelrojas.cl\/wp-content\/uploads\/2026\/04\/Manuel-Rojas-Lanchas-en-la-bahia-Zig-Zag.png&#8221; title_text=&#8221;Manuel Rojas &#8211; Lanchas en la bahia Zig-Zag&#8221; url=&#8221;https:\/\/www.zigzag.cl\/9789561238565-lanchas-en-la-bahia.html&#8221; url_new_window=&#8221;on&#8221; align=&#8221;center&#8221; _builder_version=&#8221;4.17.4&#8243; _module_preset=&#8221;default&#8221; width_tablet=&#8221;&#8221; width_phone=&#8221;&#8221; width_last_edited=&#8221;on|phone&#8221; max_width_tablet=&#8221;&#8221; max_width_phone=&#8221;&#8221; max_width_last_edited=&#8221;on|desktop&#8221; height=&#8221;500px&#8221; height_tablet=&#8221;500px&#8221; height_phone=&#8221;&#8221; height_last_edited=&#8221;on|phone&#8221; max_height=&#8221;500px&#8221; max_height_tablet=&#8221;500px&#8221; max_height_phone=&#8221;&#8221; max_height_last_edited=&#8221;on|phone&#8221; border_radii=&#8221;on|3px|3px|3px|3px&#8221; border_width_all=&#8221;1px&#8221; border_color_all=&#8221;RGBA(48,48,48,0.77)&#8221; box_shadow_style=&#8221;preset1&#8243; box_shadow_blur=&#8221;5px&#8221; global_colors_info=&#8221;{}&#8221;][\/et_pb_image][\/et_pb_column][et_pb_column type=&#8221;3_5&#8243; _builder_version=&#8221;4.17.4&#8243; _module_preset=&#8221;default&#8221; global_colors_info=&#8221;{}&#8221;][et_pb_text _builder_version=&#8221;4.17.4&#8243; _module_preset=&#8221;default&#8221; text_font=&#8221;Alegreya||||||||&#8221; text_font_size=&#8221;18px&#8221; text_line_height=&#8221;1.8em&#8221; background_color=&#8221;#FFFFFF&#8221; width_tablet=&#8221;&#8221; width_phone=&#8221;&#8221; width_last_edited=&#8221;on|phone&#8221; max_width_tablet=&#8221;&#8221; max_width_phone=&#8221;100%&#8221; max_width_last_edited=&#8221;on|phone&#8221; custom_padding=&#8221;10px|10px|10px|10px|false|false&#8221; hover_enabled=&#8221;0&#8243; text_font_tablet=&#8221;Alegreya||||||||&#8221; text_font_phone=&#8221;Alegreya||||||||&#8221; text_font_last_edited=&#8221;off|desktop&#8221; text_font_size_tablet=&#8221;17px&#8221; text_font_size_phone=&#8221;10px&#8221; text_font_size_last_edited=&#8221;on|phone&#8221; border_radii=&#8221;on|1px|1px|1px|1px&#8221; border_width_all=&#8221;1px&#8221; border_color_all=&#8221;RGBA(0,91,132,0.8)&#8221; border_style_all=&#8221;dotted&#8221; global_colors_info=&#8221;{}&#8221; sticky_enabled=&#8221;0&#8243;]<\/p>\n<div class=\"content clearfix\">\n<div class=\"content clearfix\">\n<p><strong>Primera edici\u00f3n:<\/strong> Editorial Zig-Zag &#8211; Santiago de Chile, 1932<br \/><a href=\"https:\/\/www.zigzag.cl\/9789561238565-lanchas-en-la-bahia.html\" target=\"_blank\" rel=\"noopener\" title=\"Novelas - Lanchas en la bah\u00eda\"><strong>\u00daltima edici\u00f3n:<\/strong> Editorial Zig-Zag &#8211; Santiago de Chile, 2026<\/a><\/p>\n<p style=\"text-align: justify;\"><a title=\"Pr\u00f3logo de Alone: Lanchas en la bah\u00eda\" href=\"https:\/\/manuelrojas.cl\/wp-content\/uploads\/2023\/06\/Prologo-Alone-Lanchas-en-la-bahia.pdf\" target=\"_blank\" rel=\"noopener noreferrer\">Acceda al pr\u00f3logo de Alone de 1932<\/a><\/p>\n<h2>Rese\u00f1a<\/h2>\n<p class=\"dropcap\" style=\"text-align: justify;\">Desde las primeras l\u00edneas de <strong>Lanchas en la bah\u00eda<\/strong> se puede distinguir el estilo que, a\u00f1os adelantado a su \u00e9poca, marcar\u00e1 la obra narrativa de Manuel Rojas. En esta, su primera novela de 1932, se pueden apreciar ya el uso di\u00e1fano y \u00e1gil de la dial\u00f3gica de los personajes. No existe en ese momento un di\u00e1logo dram\u00e1tico marcado por la afectaci\u00f3n de la narrativa chilena de entonces, sino que su profundidad se encuentra en la situaci\u00f3n cotidiana que de pronto se mueve hacia lo ins\u00f3lito o sorprendente, pero dentro de los m\u00e1rgenes del puerto, la descripci\u00f3n descarnada de Valpara\u00edso que pareciera someter a los hombres m\u00e1s all\u00e1 de su encantada poes\u00eda.<\/p>\n<p style=\"text-align: justify;\">Est\u00e1 ah\u00ed la descripci\u00f3n po\u00e9tica de Rojas, pero tambi\u00e9n su naturalismo que hace ver las aceras oscuras del puerto, el insomnio vigilante que, m\u00e1s que un insomnio del mismo sue\u00f1o, pareciera un relato on\u00edrico de las pesadillas del personaje. Tambi\u00e9n se encuentra ya el mon\u00f3logo interior, una conciencia que sobrepasa la mirada mundana del buitre y del cuidador de lanchones que encarna la soledad existencial del puerto. Se prefigura el famoso mon\u00f3logo de <i>Aniceto Hevia<\/i> en <strong><a title=\"Novelas - Hijo de ladr\u00f3n\" href=\"https:\/\/manuelrojas.cl\/index.php\/hijo-de-ladron\/\" target=\"_blank\" rel=\"noopener\">Hijo de ladr\u00f3n<\/a><\/strong> sobre la herida, un mon\u00f3logo que es el mismo Rojas caminando y abriendo la conciencia del lector, hacia la luz y hacia la sombra: un estilo que marcar\u00e1, m\u00e1s all\u00e1 del siglo XX, no s\u00f3lo el panorama de la literatura chilena.<\/p>\n<\/div>\n<\/div>\n<p>[\/et_pb_text][\/et_pb_column][\/et_pb_row][\/et_pb_section]<\/p>\n","protected":false},"excerpt":{"rendered":"<p>\u00a0 Obra \/ Novelas \/ Lanchas en la bah\u00eda Primera edici\u00f3n: Editorial Zig-Zag &#8211; Santiago de Chile, 1932\u00daltima edici\u00f3n: Editorial Zig-Zag &#8211; Santiago de Chile, 2026 Acceda al pr\u00f3logo de Alone de 1932 Rese\u00f1a Desde las primeras l\u00edneas de Lanchas en la bah\u00eda se puede distinguir el estilo que, a\u00f1os adelantado a su \u00e9poca, marcar\u00e1 [&hellip;]<\/p>\n","protected":false},"author":1,"featured_media":6165,"parent":0,"menu_order":0,"comment_status":"closed","ping_status":"closed","template":"","meta":{"_et_pb_use_builder":"on","_et_pb_old_content":"[tabby title=\"Libro y Rese\u00f1a\"]\n<table class=\"table\">\n<tbody>\n<tr>\n<td style=\"text-align: left; vertical-align: top;\"><a href=\"http:\/\/www.manuelrojas.cl\/wp-content\/uploads\/manuelrojaslanchasenlabahia55.jpg\" rel=\"attachment wp-att-5208\"><img class=\"margin-top: 5px;margin-bottom: 5px;margin-right: 5px;margin-left: 5px; alignleft wp-image-5208\" src=\"http:\/\/www.manuelrojas.cl\/wp-content\/uploads\/manuelrojaslanchasenlabahia55.jpg\" alt=\"Lanchas en la Bah\u00eda\" width=\"150\" height=\"225\"><\/a><\/td>\n<td style=\"vertical-align: top;\" rowspan=\"2\"><strong>Primera edici\u00f3n:<\/strong> Editorial Zig-Zag - Santiago de Chile, 1932\n<strong>\u00daltima edici\u00f3n:<\/strong> Tajamar Ediciones - Santiago de Chile, 2015\n<p style=\"text-align: justify;\"><a title=\"Pr\u00f3logo de Alone: Lanchas en la bah\u00eda\" href=\"http:\/\/www.manuelrojas.cl\/wp-content\/uploads\/Prologo-Alone-Lanchas-en-la-bahia.pdf\" target=\"_blank\" rel=\"noopener noreferrer\">Acceda al pr\u00f3logo de Alone de 1932<\/a><\/p>\n\n<h2>Rese\u00f1a<\/h2>\n<p class=\"dropcap\" style=\"text-align: justify;\">Desde las primeras l\u00edneas de <strong>Lanchas en la bah\u00eda<\/strong> se puede distinguir el estilo que, a\u00f1os adelantado a su \u00e9poca, marcar\u00e1 la obra narrativa de Manuel Rojas. En esta, su primera novela de 1932, se pueden apreciar ya el uso di\u00e1fano y \u00e1gil de la dial\u00f3gica de los personajes. No existe en ese momento un di\u00e1logo dram\u00e1tico marcado por la afectaci\u00f3n de la narrativa chilena de entonces, sino que su profundidad se encuentra en la situaci\u00f3n cotidiana que de pronto se mueve hacia lo ins\u00f3lito o sorprendente, pero dentro de los m\u00e1rgenes del puerto, la descripci\u00f3n descarnada de Valpara\u00edso que pareciera someter a los hombres m\u00e1s all\u00e1 de su encantada poes\u00eda.<\/p>\n<p style=\"text-align: justify;\">Est\u00e1 ah\u00ed la descripci\u00f3n po\u00e9tica de Rojas, pero tambi\u00e9n su naturalismo que hace ver las aceras oscuras del puerto, el insomnio vigilante que, m\u00e1s que un insomnio del mismo sue\u00f1o, pareciera un relato on\u00edrico de las pesadillas del personaje. Tambi\u00e9n se encuentra ya el mon\u00f3logo interior, una conciencia que sobrepasa la mirada mundana del buitre y del cuidador de lanchones que encarna la soledad existencial del puerto. Se prefigura el famoso mon\u00f3logo de <i>Aniceto Hevia<\/i> en <strong><a title=\"Novelas - Hijo de ladr\u00f3n\" href=\"http:\/\/www.manuelrojas.cl\/hijo-de-ladron\/?lang=es\">Hijo de ladr\u00f3n<\/a><\/strong> sobre la herida, un mon\u00f3logo que es el mismo Rojas caminando y abriendo la conciencia del lector, hacia la luz y hacia la sombra: un estilo que marcar\u00e1, m\u00e1s all\u00e1 del siglo XX, no s\u00f3lo el panorama de la literatura chilena.<\/p>\n<\/td>\n<\/tr>\n<tr>\n<td style=\"text-align: left; vertical-align: top;\"><a href=\"http:\/\/www.manuelrojas.cl\/wp-content\/uploads\/Lanchas-en-la-bahia_PORTADA.jpg\"><img class=\"alignleft wp-image-6033\" src=\"http:\/\/www.manuelrojas.cl\/wp-content\/uploads\/Lanchas-en-la-bahia_PORTADA.jpg\" alt=\"Lanchas en la bahia_PORTADA\" width=\"150\" height=\"240\"><\/a><\/td>\n<\/tr>\n<\/tbody>\n<\/table>\n[tabbyending]","_et_gb_content_width":"","footnotes":""},"class_list":["post-5117","page","type-page","status-publish","has-post-thumbnail","hentry"],"_links":{"self":[{"href":"https:\/\/manuelrojas.cl\/index.php\/wp-json\/wp\/v2\/pages\/5117","targetHints":{"allow":["GET"]}}],"collection":[{"href":"https:\/\/manuelrojas.cl\/index.php\/wp-json\/wp\/v2\/pages"}],"about":[{"href":"https:\/\/manuelrojas.cl\/index.php\/wp-json\/wp\/v2\/types\/page"}],"author":[{"embeddable":true,"href":"https:\/\/manuelrojas.cl\/index.php\/wp-json\/wp\/v2\/users\/1"}],"replies":[{"embeddable":true,"href":"https:\/\/manuelrojas.cl\/index.php\/wp-json\/wp\/v2\/comments?post=5117"}],"version-history":[{"count":13,"href":"https:\/\/manuelrojas.cl\/index.php\/wp-json\/wp\/v2\/pages\/5117\/revisions"}],"predecessor-version":[{"id":12058,"href":"https:\/\/manuelrojas.cl\/index.php\/wp-json\/wp\/v2\/pages\/5117\/revisions\/12058"}],"wp:featuredmedia":[{"embeddable":true,"href":"https:\/\/manuelrojas.cl\/index.php\/wp-json\/"}],"wp:attachment":[{"href":"https:\/\/manuelrojas.cl\/index.php\/wp-json\/wp\/v2\/media?parent=5117"}],"curies":[{"name":"wp","href":"https:\/\/api.w.org\/{rel}","templated":true}]}}