{"id":5290,"date":"2015-05-05T00:12:05","date_gmt":"2015-05-05T03:12:05","guid":{"rendered":"http:\/\/www.manuelrojas.cl\/?page_id=5290"},"modified":"2024-12-08T19:28:34","modified_gmt":"2024-12-08T19:28:34","slug":"sombras-contra-el-muro","status":"publish","type":"page","link":"https:\/\/manuelrojas.cl\/index.php\/sombras-contra-el-muro\/","title":{"rendered":"Sombras contra el muro"},"content":{"rendered":"<p>[et_pb_section fb_built=&#8221;1&#8243; _builder_version=&#8221;4.17.4&#8243; _module_preset=&#8221;default&#8221; background_color=&#8221;RGBA(255,255,255,0)&#8221; custom_margin=&#8221;0px||0px||false|false&#8221; custom_padding=&#8221;0px||0px||false|false&#8221; global_colors_info=&#8221;{}&#8221;][et_pb_row _builder_version=&#8221;4.17.4&#8243; _module_preset=&#8221;default&#8221; background_color=&#8221;#FFFFFF&#8221; max_width=&#8221;1277px&#8221; custom_margin=&#8221;0px||0px||false|false&#8221; custom_padding=&#8221;0px||0px||false|false&#8221; global_colors_info=&#8221;{}&#8221;][et_pb_column type=&#8221;4_4&#8243; _builder_version=&#8221;4.17.4&#8243; _module_preset=&#8221;default&#8221; global_colors_info=&#8221;{}&#8221;][et_pb_text _builder_version=&#8221;4.17.4&#8243; _module_preset=&#8221;default&#8221; text_font=&#8221;Alegreya||||||||&#8221; header_3_font=&#8221;Alegreya|600|||||||&#8221; header_3_text_color=&#8221;#005B84&#8243; custom_margin=&#8221;|20px|5px||false|false&#8221; custom_padding=&#8221;20px|20px|||false|false&#8221; border_width_bottom=&#8221;1px&#8221; border_color_bottom=&#8221;#cccccc&#8221; border_style_bottom=&#8221;dotted&#8221; border_width_left=&#8221;3px&#8221; border_color_left=&#8221;#005B84&#8243; global_colors_info=&#8221;{}&#8221;]<\/p>\n<h3>\u00a0 <span style=\"color: rgba(53, 53, 53, 0.63);\">Obra \/<\/span> <a href=\"https:\/\/manuelrojas.cl\/index.php\/novelas\/\">Novelas<\/a> \/ Sombras contra el muro<\/h3>\n<p>[\/et_pb_text][\/et_pb_column][\/et_pb_row][et_pb_row column_structure=&#8221;2_5,3_5&#8243; _builder_version=&#8221;4.17.4&#8243; _module_preset=&#8221;default&#8221; background_color=&#8221;#FFFFFF&#8221; background_image=&#8221;https:\/\/manuelrojas.cl\/wp-content\/uploads\/2023\/05\/com-spliter.png&#8221; background_size=&#8221;initial&#8221; background_repeat=&#8221;repeat&#8221; width_tablet=&#8221;&#8221; width_phone=&#8221;&#8221; width_last_edited=&#8221;on|phone&#8221; max_width_tablet=&#8221;&#8221; max_width_phone=&#8221;&#8221; max_width_last_edited=&#8221;on|desktop&#8221; custom_padding=&#8221;|30px||30px|false|false&#8221; global_colors_info=&#8221;{}&#8221;][et_pb_column type=&#8221;2_5&#8243; _builder_version=&#8221;4.17.4&#8243; _module_preset=&#8221;default&#8221; global_colors_info=&#8221;{}&#8221;][et_pb_image src=&#8221;https:\/\/manuelrojas.cl\/wp-content\/uploads\/2023\/06\/manuelrojassombrascontraelmuro58.jpg&#8221; title_text=&#8221;manuelrojassombrascontraelmuro58&#8243; align=&#8221;center&#8221; _builder_version=&#8221;4.17.4&#8243; _module_preset=&#8221;default&#8221; width_tablet=&#8221;&#8221; width_phone=&#8221;&#8221; width_last_edited=&#8221;on|phone&#8221; max_width_tablet=&#8221;&#8221; max_width_phone=&#8221;&#8221; max_width_last_edited=&#8221;on|phone&#8221; module_alignment=&#8221;center&#8221; height=&#8221;500px&#8221; height_tablet=&#8221;500px&#8221; height_phone=&#8221;&#8221; height_last_edited=&#8221;on|phone&#8221; max_height=&#8221;500px&#8221; max_height_tablet=&#8221;500px&#8221; max_height_phone=&#8221;&#8221; max_height_last_edited=&#8221;on|phone&#8221; border_radii=&#8221;on|3px|3px|3px|3px&#8221; border_width_all=&#8221;1px&#8221; border_color_all=&#8221;#8F8F8F&#8221; global_colors_info=&#8221;{}&#8221;][\/et_pb_image][et_pb_image src=&#8221;https:\/\/manuelrojas.cl\/wp-content\/uploads\/2024\/11\/Manuel-Rojas-Sombras-contra-el-muro.png&#8221; title_text=&#8221;Manuel Rojas &#8211; Sombras contra el muro&#8221; align=&#8221;center&#8221; _builder_version=&#8221;4.17.4&#8243; _module_preset=&#8221;default&#8221; width_tablet=&#8221;&#8221; width_phone=&#8221;&#8221; width_last_edited=&#8221;on|phone&#8221; max_width_tablet=&#8221;&#8221; max_width_phone=&#8221;&#8221; max_width_last_edited=&#8221;on|phone&#8221; module_alignment=&#8221;center&#8221; min_height_tablet=&#8221;&#8221; min_height_phone=&#8221;&#8221; min_height_last_edited=&#8221;on|phone&#8221; height=&#8221;500px&#8221; height_tablet=&#8221;500px&#8221; height_phone=&#8221;&#8221; height_last_edited=&#8221;on|phone&#8221; max_height=&#8221;500px&#8221; max_height_tablet=&#8221;500px&#8221; max_height_phone=&#8221;&#8221; max_height_last_edited=&#8221;on|phone&#8221; hover_enabled=&#8221;0&#8243; border_radii=&#8221;on|3px|3px|3px|3px&#8221; border_width_all=&#8221;1px&#8221; border_color_all=&#8221;#8F8F8F&#8221; global_colors_info=&#8221;{}&#8221; sticky_enabled=&#8221;0&#8243; url=&#8221;https:\/\/www.falabella.com\/falabella-cl\/product\/113550892\/Sombras-Contra-El-Muro\/113550894&#8243; url_new_window=&#8221;on&#8221;][\/et_pb_image][\/et_pb_column][et_pb_column type=&#8221;3_5&#8243; _builder_version=&#8221;4.17.4&#8243; _module_preset=&#8221;default&#8221; global_colors_info=&#8221;{}&#8221;][et_pb_text _builder_version=&#8221;4.17.4&#8243; _module_preset=&#8221;default&#8221; text_font=&#8221;Alegreya||||||||&#8221; text_font_size=&#8221;18px&#8221; text_line_height=&#8221;1.8em&#8221; background_color=&#8221;#FFFFFF&#8221; width_tablet=&#8221;&#8221; width_phone=&#8221;&#8221; width_last_edited=&#8221;on|phone&#8221; max_width_tablet=&#8221;&#8221; max_width_phone=&#8221;&#8221; max_width_last_edited=&#8221;on|phone&#8221; custom_padding=&#8221;10px|10px|10px|10px|false|false&#8221; text_font_tablet=&#8221;Alegreya||||||||&#8221; text_font_phone=&#8221;Alegreya||||||||&#8221; text_font_last_edited=&#8221;off|desktop&#8221; text_font_size_tablet=&#8221;17px&#8221; text_font_size_phone=&#8221;10px&#8221; text_font_size_last_edited=&#8221;on|phone&#8221; border_radii=&#8221;on|1px|1px|1px|1px&#8221; border_width_all=&#8221;1px&#8221; border_color_all=&#8221;RGBA(0,91,132,0.8)&#8221; border_style_all=&#8221;dotted&#8221; global_colors_info=&#8221;{}&#8221;]<\/p>\n<div class=\"content clearfix\">\n<div class=\"content clearfix\">\n<p><strong>Primera edici\u00f3n:<\/strong> Editorial Zig-Zag &#8211; Santiago de Chile, 1964<br \/><a href=\"https:\/\/www.falabella.com\/falabella-cl\/product\/113550892\/Sombras-Contra-El-Muro\/113550894\" target=\"_blank\" rel=\"noopener\" title=\"Novelas - Sombras contra el muro\"><strong>\u00daltima edici\u00f3n:<\/strong> Editorial Zig-Zag &#8211; Santiago de Chile, 2012<\/a><\/p>\n<h2>Rese\u00f1a<\/h2>\n<p class=\"dropcap\" style=\"text-align: justify;\">El relato de <strong>Sombras contra el muro<\/strong> retoma al <i>Aniceto Hevia<\/i> de las \u00faltimas p\u00e1ginas de <strong><a title=\"Novelas - Hijo de ladr\u00f3n\" href=\"https:\/\/manuelrojas.cl\/index.php\/hijo-de-ladron\/\" target=\"_blank\" rel=\"noopener\">Hijo de ladr\u00f3n<\/a><\/strong>. De la comunidad de recolectores reunidos azarosamente en la caleta, <i>Aniceto Hevia<\/i> transita a una comunidad consciente de s\u00ed misma, formada en torno al ideario anarquista y un deseo intenso por pr\u00e1cticas colectivas que lo sostengan. El tr\u00e1nsito est\u00e1 marcado por un despertar intelectual, donde el personaje de Rojas se descubre fascinado con esas ideas, en gran medida retrato de lo que hab\u00edan ya sido sus pr\u00e1cticas.<\/p>\n<p style=\"text-align: justify;\">A la vez, el tr\u00e1nsito que narra la novela es uno de geograf\u00eda bastante significativa: del puerto, y del previo deambular, <i>Hevia<\/i> llega a la capital. All\u00ed es donde ocurre la integraci\u00f3n a esa comunidad libertaria, y en el proceso, la propia ciudad cambia de significado. Es otro Santiago el narrado, no solo por la representaci\u00f3n de la marginalidad que alberga, sino por ser un Santiago siempre en el umbral de un suceso que cambiar\u00eda el orden de las cosas, el curso de la historia. En la novela el anarquismo, siendo idea y lenguaje, es tambi\u00e9n, y con toda intensidad, cuerpos vivos transformando una ciudad viva.<\/p>\n<p style=\"text-align: justify;\">No llega a concretarse en la narraci\u00f3n un evento singular que cambie el curso de la historia. \u00bfC\u00f3mo podr\u00eda haberlo, sin traicionarse, en una novela que tan bien lee la propia historia? La novela, en cambio, apuesta por la potencia de la comunidad formada, por efectiva ocupaci\u00f3n, en el lenguaje y en la pr\u00e1ctica, de ese otro espacio.<\/p>\n<\/div>\n<\/div>\n<p>[\/et_pb_text][\/et_pb_column][\/et_pb_row][\/et_pb_section]<\/p>\n","protected":false},"excerpt":{"rendered":"<p>\u00a0 Obra \/ Novelas \/ Sombras contra el muro Primera edici\u00f3n: Editorial Zig-Zag &#8211; Santiago de Chile, 1964\u00daltima edici\u00f3n: Editorial Zig-Zag &#8211; Santiago de Chile, 2012 Rese\u00f1a El relato de Sombras contra el muro retoma al Aniceto Hevia de las \u00faltimas p\u00e1ginas de Hijo de ladr\u00f3n. De la comunidad de recolectores reunidos azarosamente en la [&hellip;]<\/p>\n","protected":false},"author":1,"featured_media":5293,"parent":0,"menu_order":0,"comment_status":"closed","ping_status":"closed","template":"","meta":{"_et_pb_use_builder":"on","_et_pb_old_content":"[tabby title=\"Libro y Rese\u00f1a\"]\n<table class=\"table\">\n<tbody>\n<tr>\n<td style=\"text-align: left; vertical-align: top;\"><a href=\"http:\/\/www.manuelrojas.cl\/wp-content\/uploads\/manuelrojassombrascontraelmuro58.jpg\" rel=\"attachment wp-att-5292\"><img class=\"margin-top: 5px;margin-bottom: 5px;margin-right: 5px;margin-left: 5px; alignleft wp-image-5292\" src=\"http:\/\/www.manuelrojas.cl\/wp-content\/uploads\/manuelrojassombrascontraelmuro58.jpg\" alt=\"Sombras Contra el Muro\" width=\"150\" height=\"225\"><\/a><\/td>\n<td style=\"vertical-align: top;\" rowspan=\"2\"><strong>Primera edici\u00f3n:<\/strong> Editorial Zig-Zag - Santiago de Chile, 1964\n<strong>\u00daltima edici\u00f3n:<\/strong> Editorial Zig-Zag - Santiago de Chile, 2012\n<h2>Rese\u00f1a<\/h2>\n<p class=\"dropcap\" style=\"text-align: justify;\">El relato de <strong>Sombras contra el muro<\/strong> retoma al <i>Aniceto Hevia<\/i> de las \u00faltimas p\u00e1ginas de <strong><a title=\"Novelas - Hijo de ladr\u00f3n\" href=\"http:\/\/www.manuelrojas.cl\/hijo-de-ladron\/?lang=es\">Hijo de ladr\u00f3n<\/a><\/strong>. De la comunidad de recolectores reunidos azarosamente en la caleta, <i>Aniceto Hevia<\/i> transita a una comunidad consciente de s\u00ed misma, formada en torno al ideario anarquista y un deseo intenso por pr\u00e1cticas colectivas que lo sostengan. El tr\u00e1nsito est\u00e1 marcado por un despertar intelectual, donde el personaje de Rojas se descubre fascinado con esas ideas, en gran medida retrato de lo que hab\u00edan ya sido sus pr\u00e1cticas.<\/p>\n<p style=\"text-align: justify;\">A la vez, el tr\u00e1nsito que narra la novela es uno de geograf\u00eda bastante significativa: del puerto, y del previo deambular, <i>Hevia<\/i> llega a la capital. All\u00ed es donde ocurre la integraci\u00f3n a esa comunidad libertaria, y en el proceso, la propia ciudad cambia de significado. Es otro Santiago el narrado, no solo por la representaci\u00f3n de la marginalidad que alberga, sino por ser un Santiago siempre en el umbral de un suceso que cambiar\u00eda el orden de las cosas, el curso de la historia. En la novela el anarquismo, siendo idea y lenguaje, es tambi\u00e9n, y con toda intensidad, cuerpos vivos transformando una ciudad viva.<\/p>\n<p style=\"text-align: justify;\">No llega a concretarse en la narraci\u00f3n un evento singular que cambie el curso de la historia. \u00bfC\u00f3mo podr\u00eda haberlo, sin traicionarse, en una novela que tan bien lee la propia historia? La novela, en cambio, apuesta por la potencia de la comunidad formada, por efectiva ocupaci\u00f3n, en el lenguaje y en la pr\u00e1ctica, de ese otro espacio.<\/p>\n<\/td>\n<\/tr>\n<tr>\n<td style=\"text-align: left; vertical-align: top;\"><a href=\"http:\/\/www.manuelrojas.cl\/wp-content\/uploads\/manuelrojassombrascontraelmuro2012.jpg\" rel=\"attachment wp-att-5293\"><img class=\"margin-top: 5px;margin-bottom: 5px;margin-right: 5px;margin-left: 5px; alignleft wp-image-5293\" src=\"http:\/\/www.manuelrojas.cl\/wp-content\/uploads\/manuelrojassombrascontraelmuro2012.jpg\" alt=\"Sombras Contra el Muro\" width=\"150\" height=\"225\"><\/a><\/td>\n<\/tr>\n<\/tbody>\n<\/table>\n[tabbyending]","_et_gb_content_width":"","footnotes":""},"class_list":["post-5290","page","type-page","status-publish","has-post-thumbnail","hentry"],"_links":{"self":[{"href":"https:\/\/manuelrojas.cl\/index.php\/wp-json\/wp\/v2\/pages\/5290","targetHints":{"allow":["GET"]}}],"collection":[{"href":"https:\/\/manuelrojas.cl\/index.php\/wp-json\/wp\/v2\/pages"}],"about":[{"href":"https:\/\/manuelrojas.cl\/index.php\/wp-json\/wp\/v2\/types\/page"}],"author":[{"embeddable":true,"href":"https:\/\/manuelrojas.cl\/index.php\/wp-json\/wp\/v2\/users\/1"}],"replies":[{"embeddable":true,"href":"https:\/\/manuelrojas.cl\/index.php\/wp-json\/wp\/v2\/comments?post=5290"}],"version-history":[{"count":13,"href":"https:\/\/manuelrojas.cl\/index.php\/wp-json\/wp\/v2\/pages\/5290\/revisions"}],"predecessor-version":[{"id":11820,"href":"https:\/\/manuelrojas.cl\/index.php\/wp-json\/wp\/v2\/pages\/5290\/revisions\/11820"}],"wp:featuredmedia":[{"embeddable":true,"href":"https:\/\/manuelrojas.cl\/index.php\/wp-json\/"}],"wp:attachment":[{"href":"https:\/\/manuelrojas.cl\/index.php\/wp-json\/wp\/v2\/media?parent=5290"}],"curies":[{"name":"wp","href":"https:\/\/api.w.org\/{rel}","templated":true}]}}