{"id":5296,"date":"2015-05-05T01:31:09","date_gmt":"2015-05-05T04:31:09","guid":{"rendered":"http:\/\/www.manuelrojas.cl\/?page_id=5296"},"modified":"2024-12-01T22:33:37","modified_gmt":"2024-12-01T22:33:37","slug":"la-oscura-vida-radiante","status":"publish","type":"page","link":"https:\/\/manuelrojas.cl\/index.php\/la-oscura-vida-radiante\/","title":{"rendered":"La oscura vida radiante"},"content":{"rendered":"<p>[et_pb_section fb_built=&#8221;1&#8243; _builder_version=&#8221;4.17.4&#8243; _module_preset=&#8221;default&#8221; background_color=&#8221;RGBA(255,255,255,0)&#8221; custom_margin=&#8221;0px||0px||false|false&#8221; custom_padding=&#8221;0px||0px||false|false&#8221; global_colors_info=&#8221;{}&#8221;][et_pb_row _builder_version=&#8221;4.17.4&#8243; _module_preset=&#8221;default&#8221; background_color=&#8221;#FFFFFF&#8221; max_width=&#8221;1277px&#8221; custom_margin=&#8221;0px||0px||false|false&#8221; custom_padding=&#8221;0px||0px||false|false&#8221; global_colors_info=&#8221;{}&#8221;][et_pb_column type=&#8221;4_4&#8243; _builder_version=&#8221;4.17.4&#8243; _module_preset=&#8221;default&#8221; global_colors_info=&#8221;{}&#8221;][et_pb_text _builder_version=&#8221;4.17.4&#8243; _module_preset=&#8221;default&#8221; text_font=&#8221;Alegreya||||||||&#8221; header_3_font=&#8221;Alegreya|600|||||||&#8221; header_3_text_color=&#8221;#005B84&#8243; custom_margin=&#8221;|20px|5px||false|false&#8221; custom_padding=&#8221;20px|20px|||false|false&#8221; hover_enabled=&#8221;0&#8243; border_width_bottom=&#8221;1px&#8221; border_color_bottom=&#8221;#cccccc&#8221; border_style_bottom=&#8221;dotted&#8221; border_width_left=&#8221;3px&#8221; border_color_left=&#8221;#005B84&#8243; global_colors_info=&#8221;{}&#8221; sticky_enabled=&#8221;0&#8243;]<\/p>\n<h3>\u00a0 <span style=\"color: rgba(53, 53, 53, 0.63);\">Obra \/<\/span> <a href=\"https:\/\/manuelrojas.cl\/index.php\/novelas\/\">Novelas<\/a> \/ La oscura vida radiante<\/h3>\n<p>[\/et_pb_text][\/et_pb_column][\/et_pb_row][et_pb_row column_structure=&#8221;2_5,3_5&#8243; _builder_version=&#8221;4.17.4&#8243; _module_preset=&#8221;default&#8221; background_color=&#8221;#FFFFFF&#8221; background_image=&#8221;https:\/\/manuelrojas.cl\/wp-content\/uploads\/2023\/05\/com-spliter.png&#8221; background_size=&#8221;initial&#8221; background_repeat=&#8221;repeat&#8221; custom_padding=&#8221;|30px||30px|false|false&#8221; hover_enabled=&#8221;0&#8243; global_colors_info=&#8221;{}&#8221; width_last_edited=&#8221;on|phone&#8221; sticky_enabled=&#8221;0&#8243; max_width_last_edited=&#8221;on|phone&#8221;][et_pb_column type=&#8221;2_5&#8243; _builder_version=&#8221;4.17.4&#8243; _module_preset=&#8221;default&#8221; global_colors_info=&#8221;{}&#8221;][et_pb_image src=&#8221;https:\/\/manuelrojas.cl\/wp-content\/uploads\/2023\/06\/manuelrojaslaoscuravidaradiante35.jpg&#8221; title_text=&#8221;manuelrojaslaoscuravidaradiante35&#8243; align=&#8221;center&#8221; _builder_version=&#8221;4.17.4&#8243; _module_preset=&#8221;default&#8221; width_tablet=&#8221;&#8221; width_phone=&#8221;&#8221; width_last_edited=&#8221;on|phone&#8221; max_width_tablet=&#8221;&#8221; max_width_phone=&#8221;&#8221; max_width_last_edited=&#8221;on|desktop&#8221; module_alignment=&#8221;left&#8221; height=&#8221;500px&#8221; height_tablet=&#8221;500px&#8221; height_phone=&#8221;&#8221; height_last_edited=&#8221;on|phone&#8221; max_height=&#8221;500px&#8221; max_height_tablet=&#8221;500px&#8221; max_height_phone=&#8221;&#8221; max_height_last_edited=&#8221;on|phone&#8221; hover_enabled=&#8221;0&#8243; border_radii=&#8221;on|3px|3px|3px|3px&#8221; border_width_all=&#8221;1px&#8221; border_color_all=&#8221;RGBA(48,48,48,0.77)&#8221; box_shadow_style=&#8221;preset1&#8243; box_shadow_blur=&#8221;5px&#8221; global_colors_info=&#8221;{}&#8221; sticky_enabled=&#8221;0&#8243;][\/et_pb_image][et_pb_image src=&#8221;https:\/\/manuelrojas.cl\/wp-content\/uploads\/2023\/06\/manuelrojaslaoscuravidaradiante_lom83.jpg&#8221; title_text=&#8221;manuelrojaslaoscuravidaradiante_lom83&#8243; url=&#8221;https:\/\/www.buscalibre.cl\/libro-oscura-vida-radiante-la\/9789562829236\/p\/1098083?srsltid=AfmBOoou6DDWqPAP6-9jTgW47MYBYkYXoylwoCVCDP9GP3irilFZAQ9Q&#8221; url_new_window=&#8221;on&#8221; align=&#8221;center&#8221; _builder_version=&#8221;4.17.4&#8243; _module_preset=&#8221;default&#8221; width_tablet=&#8221;&#8221; width_phone=&#8221;&#8221; width_last_edited=&#8221;on|phone&#8221; max_width_tablet=&#8221;&#8221; max_width_phone=&#8221;&#8221; max_width_last_edited=&#8221;on|desktop&#8221; module_alignment=&#8221;left&#8221; height=&#8221;500px&#8221; height_tablet=&#8221;500px&#8221; height_phone=&#8221;&#8221; height_last_edited=&#8221;on|phone&#8221; max_height=&#8221;500px&#8221; max_height_tablet=&#8221;500px&#8221; max_height_phone=&#8221;&#8221; max_height_last_edited=&#8221;on|phone&#8221; hover_enabled=&#8221;0&#8243; border_radii=&#8221;on|3px|3px|3px|3px&#8221; border_width_all=&#8221;1px&#8221; border_color_all=&#8221;RGBA(48,48,48,0.77)&#8221; box_shadow_style=&#8221;preset1&#8243; box_shadow_blur=&#8221;5px&#8221; global_colors_info=&#8221;{}&#8221; sticky_enabled=&#8221;0&#8243;][\/et_pb_image][\/et_pb_column][et_pb_column type=&#8221;3_5&#8243; _builder_version=&#8221;4.17.4&#8243; _module_preset=&#8221;default&#8221; global_colors_info=&#8221;{}&#8221;][et_pb_text _builder_version=&#8221;4.17.4&#8243; _module_preset=&#8221;default&#8221; text_font=&#8221;Alegreya||||||||&#8221; text_font_size=&#8221;18px&#8221; text_line_height=&#8221;1.8em&#8221; background_color=&#8221;#FFFFFF&#8221; width_tablet=&#8221;&#8221; width_phone=&#8221;&#8221; width_last_edited=&#8221;on|phone&#8221; max_width_tablet=&#8221;&#8221; max_width_phone=&#8221;&#8221; max_width_last_edited=&#8221;on|phone&#8221; min_height_tablet=&#8221;&#8221; min_height_phone=&#8221;&#8221; min_height_last_edited=&#8221;on|phone&#8221; height_tablet=&#8221;&#8221; height_phone=&#8221;&#8221; height_last_edited=&#8221;on|phone&#8221; custom_padding=&#8221;10px|10px|10px|10px|false|false&#8221; hover_enabled=&#8221;0&#8243; text_font_tablet=&#8221;Alegreya||||||||&#8221; text_font_phone=&#8221;Alegreya||||||||&#8221; text_font_last_edited=&#8221;off|desktop&#8221; text_font_size_tablet=&#8221;17px&#8221; text_font_size_phone=&#8221;10px&#8221; text_font_size_last_edited=&#8221;on|phone&#8221; border_radii=&#8221;on|1px|1px|1px|1px&#8221; border_width_all=&#8221;1px&#8221; border_color_all=&#8221;RGBA(0,91,132,0.8)&#8221; border_style_all=&#8221;dotted&#8221; global_colors_info=&#8221;{}&#8221; sticky_enabled=&#8221;0&#8243;]<\/p>\n<div class=\"content clearfix\">\n<div class=\"content clearfix\">\n<p><strong>Primera edici\u00f3n:<\/strong> Editorial Sudamericana, Buenos Aires &#8211; Argentina, 1971<br \/><a href=\"https:\/\/www.buscalibre.cl\/libro-oscura-vida-radiante-la\/9789562829236\/p\/1098083?srsltid=AfmBOoou6DDWqPAP6-9jTgW47MYBYkYXoylwoCVCDP9GP3irilFZAQ9Q\" target=\"_blank\" rel=\"noopener\" title=\"Novelas - La oscura vida radiante\"><strong>\u00daltima edici\u00f3n:<\/strong> Ediciones LOM &#8211; Santiago de Chile, 2007<\/a><\/p>\n<h2>Rese\u00f1a<\/h2>\n<p class=\"dropcap\" style=\"text-align: justify;\"><strong>La oscura vida radiante<\/strong>, \u00faltimo volumen de la tetralog\u00eda de <i>Aniceto Hevia<\/i>, es la novela que de forma m\u00e1s directa narra el v\u00ednculo que ha existido a lo largo de toda la serie, entre la historia del personaje y esa historia de la experiencia social de la primera mitad del siglo XX chileno.<\/p>\n<p style=\"text-align: justify;\">La tetralog\u00eda de <i>Aniceto Hevia<\/i> concluye con un gui\u00f1o a la realidad hist\u00f3rica. Gui\u00f1o que no debe leerse como una renuncia a la individualidad de ese sujeto representado. Muy por el contrario, llega a recordar el modo particular en que su subjetividad se ha formado. En el encuentro y la permanente apertura a otros y lo otro, en la lectura y el reconocimiento de s\u00ed mismo en circunstancias siempre concretas, siempre arraigadas en la materialidad de una experiencia que es tanto del personaje, <i>Aniceto Hevia<\/i>, como lo es de ese lugar de la sociedad que en sus andares logra representar.<\/p>\n<p style=\"text-align: justify;\">Justamente porque vuelve a esa historia que trasciende la ficci\u00f3n, aunque <strong>La oscura vida radiante<\/strong> termina \u2013como toda buena ficci\u00f3n, que ha de terminar\u2013, no concluye ni busca contener los problemas que presenta. Tanto como el relato vuelve a ocuparse de aquellas escenas iniciales de <strong><a title=\"Novelas - Hijo de ladr\u00f3n\" href=\"https:\/\/manuelrojas.cl\/index.php\/hijo-de-ladron\/\" target=\"_blank\" rel=\"noopener\">Hijo de ladr\u00f3n<\/a><\/strong>, vuelve tambi\u00e9n a la apertura. Acaba la ficci\u00f3n para abrir paso a lo que en ella se traz\u00f3 de la realidad, abriendo as\u00ed un espacio de trabajo, cr\u00edtico y literario, que hasta hoy contin\u00faa.<\/p>\n<\/div>\n<\/div>\n<p>[\/et_pb_text][\/et_pb_column][\/et_pb_row][\/et_pb_section]<\/p>\n","protected":false},"excerpt":{"rendered":"<p>\u00a0 Obra \/ Novelas \/ La oscura vida radiante Primera edici\u00f3n: Editorial Sudamericana, Buenos Aires &#8211; Argentina, 1971\u00daltima edici\u00f3n: Ediciones LOM &#8211; Santiago de Chile, 2007 Rese\u00f1a La oscura vida radiante, \u00faltimo volumen de la tetralog\u00eda de Aniceto Hevia, es la novela que de forma m\u00e1s directa narra el v\u00ednculo que ha existido a lo [&hellip;]<\/p>\n","protected":false},"author":1,"featured_media":5298,"parent":0,"menu_order":0,"comment_status":"closed","ping_status":"closed","template":"","meta":{"_et_pb_use_builder":"on","_et_pb_old_content":"[tabby title=\"Libro y Rese\u00f1a\"]\n<table class=\"table\">\n<tbody>\n<tr>\n<td style=\"text-align: left; vertical-align: top;\"><a href=\"http:\/\/www.manuelrojas.cl\/wp-content\/uploads\/manuelrojaslaoscuravidaradiante35.jpg\" rel=\"attachment wp-att-5297\"><img class=\"margin-top: 5px;margin-bottom: 5px;margin-right: 5px;margin-left: 5px; alignleft wp-image-5297\" src=\"http:\/\/www.manuelrojas.cl\/wp-content\/uploads\/manuelrojaslaoscuravidaradiante35.jpg\" alt=\"La Oscura Vida Radiante\" width=\"150\" height=\"225\"><\/a><\/td>\n<td style=\"vertical-align: top;\" rowspan=\"2\"><strong>Primera edici\u00f3n:<\/strong> Editorial Sudamericana, Buenos Aires - Argentina, 1971\n<strong>\u00daltima edici\u00f3n:<\/strong> Ediciones LOM - Santiago de Chile, 2007\n<h2>Rese\u00f1a<\/h2>\n<p class=\"dropcap\" style=\"text-align: justify;\"><strong>La oscura vida radiante<\/strong>, \u00faltimo volumen de la tetralog\u00eda de <i>Aniceto Hevia<\/i>, es la novela que de forma m\u00e1s directa narra el v\u00ednculo que ha existido a lo largo de toda la serie, entre la historia del personaje y esa historia de la experiencia social de la primera mitad del siglo XX chileno.<\/p>\n<p style=\"text-align: justify;\">La tetralog\u00eda de <i>Aniceto Hevia<\/i> concluye con un gui\u00f1o a la realidad hist\u00f3rica. Gui\u00f1o que no debe leerse como una renuncia a la individualidad de ese sujeto representado. Muy por el contrario, llega a recordar el modo particular en que su subjetividad se ha formado. En el encuentro y la permanente apertura a otros y lo otro, en la lectura y el reconocimiento de s\u00ed mismo en circunstancias siempre concretas, siempre arraigadas en la materialidad de una experiencia que es tanto del personaje, <i>Aniceto Hevia<\/i>, como lo es de ese lugar de la sociedad que en sus andares logra representar.<\/p>\n<p style=\"text-align: justify;\">Justamente porque vuelve a esa historia que trasciende la ficci\u00f3n, aunque <strong>La oscura vida radiante<\/strong> termina \u2013como toda buena ficci\u00f3n, que ha de terminar\u2013, no concluye ni busca contener los problemas que presenta. Tanto como el relato vuelve a ocuparse de aquellas escenas iniciales de <strong><a title=\"Novelas - Hijo de ladr\u00f3n\" href=\"http:\/\/www.manuelrojas.cl\/hijo-de-ladron\/?lang=es\">Hijo de ladr\u00f3n<\/a><\/strong>, vuelve tambi\u00e9n a la apertura. Acaba la ficci\u00f3n para abrir paso a lo que en ella se traz\u00f3 de la realidad, abriendo as\u00ed un espacio de trabajo, cr\u00edtico y literario, que hasta hoy contin\u00faa.<\/p>\n<\/td>\n<\/tr>\n<tr>\n<td style=\"text-align: left; vertical-align: top;\"><a href=\"http:\/\/www.manuelrojas.cl\/wp-content\/uploads\/manuelrojaslaoscuravidaradiante_lom83.jpg\" rel=\"attachment wp-att-5298\"><img class=\"margin-top: 5px;margin-bottom: 5px;margin-right: 5px;margin-left: 5px; alignleft wp-image-5298\" src=\"http:\/\/www.manuelrojas.cl\/wp-content\/uploads\/manuelrojaslaoscuravidaradiante_lom83.jpg\" alt=\"La Oscura Vida Radiante\" width=\"150\" height=\"225\"><\/a><\/td>\n<\/tr>\n<\/tbody>\n<\/table>\n[tabbyending]","_et_gb_content_width":"","footnotes":""},"class_list":["post-5296","page","type-page","status-publish","has-post-thumbnail","hentry"],"_links":{"self":[{"href":"https:\/\/manuelrojas.cl\/index.php\/wp-json\/wp\/v2\/pages\/5296","targetHints":{"allow":["GET"]}}],"collection":[{"href":"https:\/\/manuelrojas.cl\/index.php\/wp-json\/wp\/v2\/pages"}],"about":[{"href":"https:\/\/manuelrojas.cl\/index.php\/wp-json\/wp\/v2\/types\/page"}],"author":[{"embeddable":true,"href":"https:\/\/manuelrojas.cl\/index.php\/wp-json\/wp\/v2\/users\/1"}],"replies":[{"embeddable":true,"href":"https:\/\/manuelrojas.cl\/index.php\/wp-json\/wp\/v2\/comments?post=5296"}],"version-history":[{"count":6,"href":"https:\/\/manuelrojas.cl\/index.php\/wp-json\/wp\/v2\/pages\/5296\/revisions"}],"predecessor-version":[{"id":11695,"href":"https:\/\/manuelrojas.cl\/index.php\/wp-json\/wp\/v2\/pages\/5296\/revisions\/11695"}],"wp:featuredmedia":[{"embeddable":true,"href":"https:\/\/manuelrojas.cl\/index.php\/wp-json\/"}],"wp:attachment":[{"href":"https:\/\/manuelrojas.cl\/index.php\/wp-json\/wp\/v2\/media?parent=5296"}],"curies":[{"name":"wp","href":"https:\/\/api.w.org\/{rel}","templated":true}]}}

<p>[et_pb_section fb_built=&#8221;1&#8243; _builder_version=&#8221;4.17.4&#8243; _module_preset=&#8221;default&#8221; background_color=&#8221;RGBA(255,255,255,0)&#8221; custom_margin=&#8221;0px||0px||false|false&#8221; custom_padding=&#8221;0px||0px||false|false&#8221; global_colors_info=&#8221;{}&#8221;][et_pb_row _builder_version=&#8221;4.17.4&#8243; _module_preset=&#8221;default&#8221; background_color=&#8221;#FFFFFF&#8221; max_width=&#8221;1277px&#8221; custom_margin=&#8221;0px||0px||false|false&#8221; custom_padding=&#8221;0px||0px||false|false&#8221; global_colors_info=&#8221;{}&#8221;][et_pb_column type=&#8221;4_4&#8243; _builder_version=&#8221;4.17.4&#8243; _module_preset=&#8221;default&#8221; global_colors_info=&#8221;{}&#8221;][et_pb_text _builder_version=&#8221;4.17.4&#8243; _module_preset=&#8221;default&#8221; text_font=&#8221;Alegreya||||||||&#8221; header_3_font=&#8221;Alegreya|600|||||||&#8221; header_3_text_color=&#8221;#005B84&#8243; custom_margin=&#8221;|20px|5px||false|false&#8221; custom_padding=&#8221;20px|20px|||false|false&#8221; hover_enabled=&#8221;0&#8243; border_width_bottom=&#8221;1px&#8221; border_color_bottom=&#8221;#cccccc&#8221; border_style_bottom=&#8221;dotted&#8221; border_width_left=&#8221;3px&#8221; border_color_left=&#8221;#005B84&#8243; global_colors_info=&#8221;{}&#8221; sticky_enabled=&#8221;0&#8243;]</p>
<h3>  <span style="color: rgba(53, 53, 53, 0.63);">Obra /</span> <a href="https://manuelrojas.cl/index.php/novelas/">Novelas</a> / La oscura vida radiante</h3>
<p>[/et_pb_text][/et_pb_column][/et_pb_row][et_pb_row column_structure=&#8221;2_5,3_5&#8243; _builder_version=&#8221;4.17.4&#8243; _module_preset=&#8221;default&#8221; background_color=&#8221;#FFFFFF&#8221; background_image=&#8221;https://manuelrojas.cl/wp-content/uploads/2023/05/com-spliter.png&#8221; background_size=&#8221;initial&#8221; background_repeat=&#8221;repeat&#8221; custom_padding=&#8221;|30px||30px|false|false&#8221; hover_enabled=&#8221;0&#8243; global_colors_info=&#8221;{}&#8221; width_last_edited=&#8221;on|phone&#8221; sticky_enabled=&#8221;0&#8243; max_width_last_edited=&#8221;on|phone&#8221;][et_pb_column type=&#8221;2_5&#8243; _builder_version=&#8221;4.17.4&#8243; _module_preset=&#8221;default&#8221; global_colors_info=&#8221;{}&#8221;][et_pb_image src=&#8221;https://manuelrojas.cl/wp-content/uploads/2023/06/manuelrojaslaoscuravidaradiante35.jpg&#8221; title_text=&#8221;manuelrojaslaoscuravidaradiante35&#8243; align=&#8221;center&#8221; _builder_version=&#8221;4.17.4&#8243; _module_preset=&#8221;default&#8221; width_tablet=&#8221;&#8221; width_phone=&#8221;&#8221; width_last_edited=&#8221;on|phone&#8221; max_width_tablet=&#8221;&#8221; max_width_phone=&#8221;&#8221; max_width_last_edited=&#8221;on|desktop&#8221; module_alignment=&#8221;left&#8221; height=&#8221;500px&#8221; height_tablet=&#8221;500px&#8221; height_phone=&#8221;&#8221; height_last_edited=&#8221;on|phone&#8221; max_height=&#8221;500px&#8221; max_height_tablet=&#8221;500px&#8221; max_height_phone=&#8221;&#8221; max_height_last_edited=&#8221;on|phone&#8221; hover_enabled=&#8221;0&#8243; border_radii=&#8221;on|3px|3px|3px|3px&#8221; border_width_all=&#8221;1px&#8221; border_color_all=&#8221;RGBA(48,48,48,0.77)&#8221; box_shadow_style=&#8221;preset1&#8243; box_shadow_blur=&#8221;5px&#8221; global_colors_info=&#8221;{}&#8221; sticky_enabled=&#8221;0&#8243;][/et_pb_image][et_pb_image src=&#8221;https://manuelrojas.cl/wp-content/uploads/2023/06/manuelrojaslaoscuravidaradiante_lom83.jpg&#8221; title_text=&#8221;manuelrojaslaoscuravidaradiante_lom83&#8243; url=&#8221;https://www.buscalibre.cl/libro-oscura-vida-radiante-la/9789562829236/p/1098083?srsltid=AfmBOoou6DDWqPAP6-9jTgW47MYBYkYXoylwoCVCDP9GP3irilFZAQ9Q&#8221; url_new_window=&#8221;on&#8221; align=&#8221;center&#8221; _builder_version=&#8221;4.17.4&#8243; _module_preset=&#8221;default&#8221; width_tablet=&#8221;&#8221; width_phone=&#8221;&#8221; width_last_edited=&#8221;on|phone&#8221; max_width_tablet=&#8221;&#8221; max_width_phone=&#8221;&#8221; max_width_last_edited=&#8221;on|desktop&#8221; module_alignment=&#8221;left&#8221; height=&#8221;500px&#8221; height_tablet=&#8221;500px&#8221; height_phone=&#8221;&#8221; height_last_edited=&#8221;on|phone&#8221; max_height=&#8221;500px&#8221; max_height_tablet=&#8221;500px&#8221; max_height_phone=&#8221;&#8221; max_height_last_edited=&#8221;on|phone&#8221; hover_enabled=&#8221;0&#8243; border_radii=&#8221;on|3px|3px|3px|3px&#8221; border_width_all=&#8221;1px&#8221; border_color_all=&#8221;RGBA(48,48,48,0.77)&#8221; box_shadow_style=&#8221;preset1&#8243; box_shadow_blur=&#8221;5px&#8221; global_colors_info=&#8221;{}&#8221; sticky_enabled=&#8221;0&#8243;][/et_pb_image][/et_pb_column][et_pb_column type=&#8221;3_5&#8243; _builder_version=&#8221;4.17.4&#8243; _module_preset=&#8221;default&#8221; global_colors_info=&#8221;{}&#8221;][et_pb_text _builder_version=&#8221;4.17.4&#8243; _module_preset=&#8221;default&#8221; text_font=&#8221;Alegreya||||||||&#8221; text_font_size=&#8221;18px&#8221; text_line_height=&#8221;1.8em&#8221; background_color=&#8221;#FFFFFF&#8221; width_tablet=&#8221;&#8221; width_phone=&#8221;&#8221; width_last_edited=&#8221;on|phone&#8221; max_width_tablet=&#8221;&#8221; max_width_phone=&#8221;&#8221; max_width_last_edited=&#8221;on|phone&#8221; min_height_tablet=&#8221;&#8221; min_height_phone=&#8221;&#8221; min_height_last_edited=&#8221;on|phone&#8221; height_tablet=&#8221;&#8221; height_phone=&#8221;&#8221; height_last_edited=&#8221;on|phone&#8221; custom_padding=&#8221;10px|10px|10px|10px|false|false&#8221; hover_enabled=&#8221;0&#8243; text_font_tablet=&#8221;Alegreya||||||||&#8221; text_font_phone=&#8221;Alegreya||||||||&#8221; text_font_last_edited=&#8221;off|desktop&#8221; text_font_size_tablet=&#8221;17px&#8221; text_font_size_phone=&#8221;10px&#8221; text_font_size_last_edited=&#8221;on|phone&#8221; border_radii=&#8221;on|1px|1px|1px|1px&#8221; border_width_all=&#8221;1px&#8221; border_color_all=&#8221;RGBA(0,91,132,0.8)&#8221; border_style_all=&#8221;dotted&#8221; global_colors_info=&#8221;{}&#8221; sticky_enabled=&#8221;0&#8243;]</p>
<div class="content clearfix">
<div class="content clearfix">
<p><strong>Primera edición:</strong> Editorial Sudamericana, Buenos Aires &#8211; Argentina, 1971<br /><a href="https://www.buscalibre.cl/libro-oscura-vida-radiante-la/9789562829236/p/1098083?srsltid=AfmBOoou6DDWqPAP6-9jTgW47MYBYkYXoylwoCVCDP9GP3irilFZAQ9Q" target="_blank" rel="noopener" title="Novelas - La oscura vida radiante"><strong>Última edición:</strong> Ediciones LOM &#8211; Santiago de Chile, 2007</a></p>
<h2>Reseña</h2>
<p class="dropcap" style="text-align: justify;"><strong>La oscura vida radiante</strong>, último volumen de la tetralogía de <i>Aniceto Hevia</i>, es la novela que de forma más directa narra el vínculo que ha existido a lo largo de toda la serie, entre la historia del personaje y esa historia de la experiencia social de la primera mitad del siglo XX chileno.</p>
<p style="text-align: justify;">La tetralogía de <i>Aniceto Hevia</i> concluye con un guiño a la realidad histórica. Guiño que no debe leerse como una renuncia a la individualidad de ese sujeto representado. Muy por el contrario, llega a recordar el modo particular en que su subjetividad se ha formado. En el encuentro y la permanente apertura a otros y lo otro, en la lectura y el reconocimiento de sí mismo en circunstancias siempre concretas, siempre arraigadas en la materialidad de una experiencia que es tanto del personaje, <i>Aniceto Hevia</i>, como lo es de ese lugar de la sociedad que en sus andares logra representar.</p>
<p style="text-align: justify;">Justamente porque vuelve a esa historia que trasciende la ficción, aunque <strong>La oscura vida radiante</strong> termina –como toda buena ficción, que ha de terminar–, no concluye ni busca contener los problemas que presenta. Tanto como el relato vuelve a ocuparse de aquellas escenas iniciales de <strong><a title="Novelas - Hijo de ladrón" href="https://manuelrojas.cl/index.php/hijo-de-ladron/" target="_blank" rel="noopener">Hijo de ladrón</a></strong>, vuelve también a la apertura. Acaba la ficción para abrir paso a lo que en ella se trazó de la realidad, abriendo así un espacio de trabajo, crítico y literario, que hasta hoy continúa.</p>
</div>
</div>
<p>[/et_pb_text][/et_pb_column][/et_pb_row][/et_pb_section]</p>

<p>  Obra / Novelas / La oscura vida radiante Primera edición: Editorial Sudamericana, Buenos Aires &#8211; Argentina, 1971Última edición: Ediciones LOM &#8211; Santiago de Chile, 2007 Reseña La oscura vida radiante, último volumen de la tetralogía de Aniceto Hevia, es la novela que de forma más directa narra el vínculo que ha existido a lo [&hellip;]</p>

[tabby title="Libro y Reseña"]
<table class="table">
<tbody>
<tr>
<td style="text-align: left; vertical-align: top;"><a href="http://www.manuelrojas.cl/wp-content/uploads/manuelrojaslaoscuravidaradiante35.jpg" rel="attachment wp-att-5297"><img class="margin-top: 5px;margin-bottom: 5px;margin-right: 5px;margin-left: 5px; alignleft wp-image-5297" src="http://www.manuelrojas.cl/wp-content/uploads/manuelrojaslaoscuravidaradiante35.jpg" alt="La Oscura Vida Radiante" width="150" height="225"></a></td>
<td style="vertical-align: top;" rowspan="2"><strong>Primera edición:</strong> Editorial Sudamericana, Buenos Aires - Argentina, 1971
<strong>Última edición:</strong> Ediciones LOM - Santiago de Chile, 2007
<h2>Reseña</h2>
<p class="dropcap" style="text-align: justify;"><strong>La oscura vida radiante</strong>, último volumen de la tetralogía de <i>Aniceto Hevia</i>, es la novela que de forma más directa narra el vínculo que ha existido a lo largo de toda la serie, entre la historia del personaje y esa historia de la experiencia social de la primera mitad del siglo XX chileno.</p>
<p style="text-align: justify;">La tetralogía de <i>Aniceto Hevia</i> concluye con un guiño a la realidad histórica. Guiño que no debe leerse como una renuncia a la individualidad de ese sujeto representado. Muy por el contrario, llega a recordar el modo particular en que su subjetividad se ha formado. En el encuentro y la permanente apertura a otros y lo otro, en la lectura y el reconocimiento de sí mismo en circunstancias siempre concretas, siempre arraigadas en la materialidad de una experiencia que es tanto del personaje, <i>Aniceto Hevia</i>, como lo es de ese lugar de la sociedad que en sus andares logra representar.</p>
<p style="text-align: justify;">Justamente porque vuelve a esa historia que trasciende la ficción, aunque <strong>La oscura vida radiante</strong> termina –como toda buena ficción, que ha de terminar–, no concluye ni busca contener los problemas que presenta. Tanto como el relato vuelve a ocuparse de aquellas escenas iniciales de <strong><a title="Novelas - Hijo de ladrón" href="http://www.manuelrojas.cl/hijo-de-ladron/?lang=es">Hijo de ladrón</a></strong>, vuelve también a la apertura. Acaba la ficción para abrir paso a lo que en ella se trazó de la realidad, abriendo así un espacio de trabajo, crítico y literario, que hasta hoy continúa.</p>
</td>
</tr>
<tr>
<td style="text-align: left; vertical-align: top;"><a href="http://www.manuelrojas.cl/wp-content/uploads/manuelrojaslaoscuravidaradiante_lom83.jpg" rel="attachment wp-att-5298"><img class="margin-top: 5px;margin-bottom: 5px;margin-right: 5px;margin-left: 5px; alignleft wp-image-5298" src="http://www.manuelrojas.cl/wp-content/uploads/manuelrojaslaoscuravidaradiante_lom83.jpg" alt="La Oscura Vida Radiante" width="150" height="225"></a></td>
</tr>
</tbody>
</table>
[tabbyending]
