{"id":5328,"date":"2015-05-05T21:36:59","date_gmt":"2015-05-06T00:36:59","guid":{"rendered":"http:\/\/www.manuelrojas.cl\/?page_id=5328"},"modified":"2024-12-02T23:53:16","modified_gmt":"2024-12-02T23:53:16","slug":"jose-joaquin-vallejo","status":"publish","type":"page","link":"https:\/\/manuelrojas.cl\/index.php\/jose-joaquin-vallejo\/","title":{"rendered":"1842 &#8211; Jos\u00e9 Joaqu\u00edn Vallejo"},"content":{"rendered":"<p>[et_pb_section fb_built=&#8221;1&#8243; _builder_version=&#8221;4.17.4&#8243; _module_preset=&#8221;default&#8221; background_color=&#8221;RGBA(255,255,255,0)&#8221; custom_margin=&#8221;0px||0px||false|false&#8221; custom_padding=&#8221;0px||0px||false|false&#8221; global_colors_info=&#8221;{}&#8221;][et_pb_row _builder_version=&#8221;4.17.4&#8243; _module_preset=&#8221;default&#8221; background_color=&#8221;#FFFFFF&#8221; max_width=&#8221;1277px&#8221; custom_margin=&#8221;0px||0px||false|false&#8221; custom_padding=&#8221;0px||0px||false|false&#8221; global_colors_info=&#8221;{}&#8221;][et_pb_column type=&#8221;4_4&#8243; _builder_version=&#8221;4.17.4&#8243; _module_preset=&#8221;default&#8221; global_colors_info=&#8221;{}&#8221;][et_pb_text _builder_version=&#8221;4.17.4&#8243; _module_preset=&#8221;default&#8221; text_font=&#8221;Alegreya||||||||&#8221; header_3_font=&#8221;Alegreya|600|||||||&#8221; header_3_text_color=&#8221;#005B84&#8243; custom_margin=&#8221;|20px|5px||false|false&#8221; custom_padding=&#8221;20px|20px|||false|false&#8221; border_width_bottom=&#8221;1px&#8221; border_color_bottom=&#8221;#cccccc&#8221; border_style_bottom=&#8221;dotted&#8221; border_width_left=&#8221;3px&#8221; border_color_left=&#8221;#005B84&#8243; global_colors_info=&#8221;{}&#8221;]<\/p>\n<h3>\u00a0 <span style=\"color: rgba(53, 53, 53, 0.63);\">Obra \/<\/span> <a href=\"https:\/\/manuelrojas.cl\/index.php\/ensayos-2\">Ensayos<\/a> \/ 1842, Jos\u00e9 Joaqu\u00edn Vallejo<\/h3>\n<p>[\/et_pb_text][\/et_pb_column][\/et_pb_row][et_pb_row column_structure=&#8221;2_5,3_5&#8243; _builder_version=&#8221;4.17.4&#8243; _module_preset=&#8221;default&#8221; background_color=&#8221;#FFFFFF&#8221; background_image=&#8221;https:\/\/manuelrojas.cl\/wp-content\/uploads\/2023\/05\/com-spliter.png&#8221; background_size=&#8221;initial&#8221; background_repeat=&#8221;repeat&#8221; width_tablet=&#8221;&#8221; width_phone=&#8221;&#8221; width_last_edited=&#8221;on|phone&#8221; max_width_tablet=&#8221;&#8221; max_width_phone=&#8221;&#8221; max_width_last_edited=&#8221;on|phone&#8221; custom_padding=&#8221;|30px||30px|false|false&#8221; global_colors_info=&#8221;{}&#8221;][et_pb_column type=&#8221;2_5&#8243; _builder_version=&#8221;4.17.4&#8243; _module_preset=&#8221;default&#8221; global_colors_info=&#8221;{}&#8221;][et_pb_image src=&#8221;https:\/\/manuelrojas.cl\/wp-content\/uploads\/2023\/06\/manuelrojasjosejoaquinvallejos16.jpg&#8221; title_text=&#8221;manuelrojasjosejoaquinvallejos16&#8243; align=&#8221;center&#8221; _builder_version=&#8221;4.17.4&#8243; _module_preset=&#8221;default&#8221; height=&#8221;500px&#8221; height_tablet=&#8221;500px&#8221; height_phone=&#8221;&#8221; height_last_edited=&#8221;on|desktop&#8221; max_height=&#8221;500px&#8221; max_height_tablet=&#8221;500px&#8221; max_height_phone=&#8221;&#8221; max_height_last_edited=&#8221;on|phone&#8221; hover_enabled=&#8221;0&#8243; border_radii=&#8221;on|3px|3px|3px|3px&#8221; border_width_all=&#8221;1px&#8221; border_color_all=&#8221;RGBA(48,48,48,0.77)&#8221; box_shadow_style=&#8221;preset1&#8243; box_shadow_blur=&#8221;5px&#8221; global_colors_info=&#8221;{}&#8221; sticky_enabled=&#8221;0&#8243;][\/et_pb_image][\/et_pb_column][et_pb_column type=&#8221;3_5&#8243; _builder_version=&#8221;4.17.4&#8243; _module_preset=&#8221;default&#8221; global_colors_info=&#8221;{}&#8221;][et_pb_text _builder_version=&#8221;4.17.4&#8243; _module_preset=&#8221;default&#8221; text_font=&#8221;Alegreya||||||||&#8221; text_font_size=&#8221;18px&#8221; text_line_height=&#8221;1.8em&#8221; background_color=&#8221;#FFFFFF&#8221; width_tablet=&#8221;&#8221; width_phone=&#8221;&#8221; width_last_edited=&#8221;on|phone&#8221; max_width_tablet=&#8221;&#8221; max_width_phone=&#8221;&#8221; max_width_last_edited=&#8221;on|phone&#8221; custom_padding=&#8221;10px|10px|10px|10px|false|false&#8221; text_font_tablet=&#8221;Alegreya||||||||&#8221; text_font_phone=&#8221;Alegreya||||||||&#8221; text_font_last_edited=&#8221;off|desktop&#8221; text_font_size_tablet=&#8221;17px&#8221; text_font_size_phone=&#8221;10px&#8221; text_font_size_last_edited=&#8221;on|phone&#8221; border_radii=&#8221;on|1px|1px|1px|1px&#8221; border_width_all=&#8221;1px&#8221; border_color_all=&#8221;RGBA(0,91,132,0.8)&#8221; border_style_all=&#8221;dotted&#8221; global_colors_info=&#8221;{}&#8221;]<\/p>\n<div class=\"content clearfix\">\n<div class=\"content clearfix\">\n<p><a href=\"https:\/\/manuelrojas.cl\/wp-content\/uploads\/2023\/07\/Manuel-Rojas-1842-Jose-Joaquin-Vallejo.pdf\" target=\"_blank\" rel=\"noopener\" title=\"Ensayos - 1842\"><strong>Primera edici\u00f3n:<\/strong> Ediciones de la Universidad de Chile &#8211; Santiago de Chile, 1942<\/a><\/p>\n<h2>Rese\u00f1a<\/h2>\n<p class=\"dropcap\" style=\"text-align: justify;\">Al cumplirse en Chile el centenario del llamado Movimiento Literario de 1842, se edita esta obra titulada simplemente <strong>1842<\/strong>, que re\u00fane los ensayos de N. Pinilla, T. Lagos y Manuel Rojas. La aparici\u00f3n de aquel Movimiento, o Generaci\u00f3n de 1842, es posible gracias a la auspiciosa paz social y a la situaci\u00f3n material del pa\u00eds, que a su vez favorece la llegada a Chile de importantes y decisivos intelectuales hispanoamericanos, como Domingo F. Sarmiento, Jos\u00e9 Joaqu\u00edn de Mora y Andr\u00e9s Bello.<\/p>\n<p style=\"text-align: justify;\">Aunque no es posible distinguir una cabeza que lidere este movimiento rupturista y proclive a la pol\u00e9mica intelectual, destacan ciertas figuras como Jos\u00e9 Joaqu\u00edn Vallejo, conocido tambi\u00e9n como \u00abJotabeche\u00bb, de quien precisamente se ocupa Manuel Rojas en esta edici\u00f3n. Seg\u00fan Rojas, <i>\u00abJotabeche es el m\u00e1s gracioso y el m\u00e1s original\u00bb<\/i> de sus contempor\u00e1neos.<\/p>\n<p style=\"text-align: justify;\">El texto, titulado simplemente <a title=\"Ensayos - 1842\" href=\"https:\/\/manuelrojas.cl\/wp-content\/uploads\/2023\/07\/Manuel-Rojas-1842-Jose-Joaquin-Vallejo.pdf\" target=\"_blank\" rel=\"noopener noreferrer\">\u00abJotabeche\u00bb<\/a>, consta de dos partes; en la primera se presenta el origen biogr\u00e1fico de Jos\u00e9 Joaqu\u00edn Vallejo, lo que nos permite conocer el perfil pol\u00e9mico de este personaje quien, m\u00e1s tarde, usar\u00e1 sus recursos literarios para disparar contra las figuras que ocupaban la cima del poder pol\u00edtico en Chile. En la segunda parte, se completa la revisi\u00f3n cr\u00edtica de la obra de <i>Jotabeche<\/i>, aportando nuevos datos biogr\u00e1ficos, citando a otros autores y al propio Vallejo, quien, luego de una breve e intrascendente incursi\u00f3n en la pol\u00edtica nacional, morir\u00e1 a los 47 a\u00f1os en Copiap\u00f3, su ciudad natal.<\/p>\n<\/div>\n<\/div>\n<p>[\/et_pb_text][\/et_pb_column][\/et_pb_row][\/et_pb_section]<\/p>\n","protected":false},"excerpt":{"rendered":"<p>\u00a0 Obra \/ Ensayos \/ 1842, Jos\u00e9 Joaqu\u00edn Vallejo Primera edici\u00f3n: Ediciones de la Universidad de Chile &#8211; Santiago de Chile, 1942 Rese\u00f1a Al cumplirse en Chile el centenario del llamado Movimiento Literario de 1842, se edita esta obra titulada simplemente 1842, que re\u00fane los ensayos de N. Pinilla, T. Lagos y Manuel Rojas. La [&hellip;]<\/p>\n","protected":false},"author":1,"featured_media":5332,"parent":0,"menu_order":0,"comment_status":"closed","ping_status":"closed","template":"","meta":{"_et_pb_use_builder":"on","_et_pb_old_content":"[tabby title=\"Libro y Rese\u00f1a\"]\n<table class=\"table\">\n<tbody>\n<tr>\n<td style=\"text-align: left; vertical-align: top;\"><a href=\"http:\/\/www.manuelrojas.cl\/wp-content\/uploads\/manuelrojasjosejoaquinvallejos16.jpg\" rel=\"attachment wp-att-5332\"><img class=\"margin-top: 5px;margin-bottom: 5px;margin-right: 5px;margin-left: 5px; alignleft wp-image-5332\" src=\"http:\/\/www.manuelrojas.cl\/wp-content\/uploads\/manuelrojasjosejoaquinvallejos16.jpg\" alt=\"Jos\u00e9 Joaqu\u00edn Vallejo\" width=\"150\" height=\"225\"><\/a><\/td>\n<td style=\"vertical-align: top;\" rowspan=\"2\"><strong>Primera edici\u00f3n:<\/strong> Ediciones de la Universidad de Chile - Santiago de Chile, 1942\n<h2>Rese\u00f1a<\/h2>\n<p class=\"dropcap\" style=\"text-align: justify;\">Al cumplirse en Chile el centenario del llamado Movimiento Literario de 1842, se edita esta obra titulada simplemente <strong>1842<\/strong>, que re\u00fane los ensayos de N. Pinilla, T. Lagos y Manuel Rojas. La aparici\u00f3n de aquel Movimiento, o Generaci\u00f3n de 1842, es posible gracias a la auspiciosa paz social y a la situaci\u00f3n material del pa\u00eds, que a su vez favorece la llegada a Chile de importantes y decisivos intelectuales hispanoamericanos, como Domingo F. Sarmiento, Jos\u00e9 Joaqu\u00edn de Mora y Andr\u00e9s Bello.<\/p>\n<p style=\"text-align: justify;\">Aunque no es posible distinguir una cabeza que lidere este movimiento rupturista y proclive a la pol\u00e9mica intelectual, destacan ciertas figuras como Jos\u00e9 Joaqu\u00edn Vallejo, conocido tambi\u00e9n como \u00abJotabeche\u00bb, de quien precisamente se ocupa Manuel Rojas en esta edici\u00f3n. Seg\u00fan Rojas, <i>\u00abJotabeche es el m\u00e1s gracioso y el m\u00e1s original\u00bb<\/i> de sus contempor\u00e1neos.<\/p>\n<p style=\"text-align: justify;\">El texto, titulado simplemente <a title=\"1842 - Jos\u00e9 Joaqu\u00edn Vallejo\" href=\"http:\/\/www.manuelrojas.cl\/wp-content\/uploads\/Manuel-Rojas-1842-Jose-Joaquin-Vallejo.pdf\" target=\"_blank\" rel=\"noopener noreferrer\">\u00abJotabeche\u00bb<\/a>, consta de dos partes; en la primera se presenta el origen biogr\u00e1fico de Jos\u00e9 Joaqu\u00edn Vallejo, lo que nos permite conocer el perfil pol\u00e9mico de este personaje quien, m\u00e1s tarde, usar\u00e1 sus recursos literarios para disparar contra las figuras que ocupaban la cima del poder pol\u00edtico en Chile. En la segunda parte, se completa la revisi\u00f3n cr\u00edtica de la obra de <i>Jotabeche<\/i>, aportando nuevos datos biogr\u00e1ficos, citando a otros autores y al propio Vallejo, quien, luego de una breve e intrascendente incursi\u00f3n en la pol\u00edtica nacional, morir\u00e1 a los 47 a\u00f1os en Copiap\u00f3, su ciudad natal.<\/p>\n<\/td>\n<\/tr>\n<tr>\n<td style=\"text-align: left; vertical-align: top;\"><\/td>\n<\/tr>\n<\/tbody>\n<\/table>\n[tabbyending]","_et_gb_content_width":"","footnotes":""},"class_list":["post-5328","page","type-page","status-publish","has-post-thumbnail","hentry"],"_links":{"self":[{"href":"https:\/\/manuelrojas.cl\/index.php\/wp-json\/wp\/v2\/pages\/5328","targetHints":{"allow":["GET"]}}],"collection":[{"href":"https:\/\/manuelrojas.cl\/index.php\/wp-json\/wp\/v2\/pages"}],"about":[{"href":"https:\/\/manuelrojas.cl\/index.php\/wp-json\/wp\/v2\/types\/page"}],"author":[{"embeddable":true,"href":"https:\/\/manuelrojas.cl\/index.php\/wp-json\/wp\/v2\/users\/1"}],"replies":[{"embeddable":true,"href":"https:\/\/manuelrojas.cl\/index.php\/wp-json\/wp\/v2\/comments?post=5328"}],"version-history":[{"count":7,"href":"https:\/\/manuelrojas.cl\/index.php\/wp-json\/wp\/v2\/pages\/5328\/revisions"}],"predecessor-version":[{"id":11731,"href":"https:\/\/manuelrojas.cl\/index.php\/wp-json\/wp\/v2\/pages\/5328\/revisions\/11731"}],"wp:featuredmedia":[{"embeddable":true,"href":"https:\/\/manuelrojas.cl\/index.php\/wp-json\/"}],"wp:attachment":[{"href":"https:\/\/manuelrojas.cl\/index.php\/wp-json\/wp\/v2\/media?parent=5328"}],"curies":[{"name":"wp","href":"https:\/\/api.w.org\/{rel}","templated":true}]}}