{"id":7828,"date":"2012-09-26T14:54:14","date_gmt":"2012-09-26T14:54:14","guid":{"rendered":"http:\/\/www.manuelrojas.cl\/?page_id=14"},"modified":"2023-05-11T17:29:33","modified_gmt":"2023-05-11T17:29:33","slug":"fundacion","status":"publish","type":"page","link":"https:\/\/manuelrojas.cl\/index.php\/quienes-somos\/fundacion\/","title":{"rendered":"Fundaci\u00f3n"},"content":{"rendered":"<p>[et_pb_section fb_built=&#8221;1&#8243; admin_label=&#8221;section&#8221; _builder_version=&#8221;4.17.4&#8243; background_image=&#8221;https:\/\/manuelrojas.cl\/wp-content\/uploads\/2022\/11\/background_deshecharosa804.jpg&#8221; background_size=&#8221;initial&#8221; background_repeat=&#8221;repeat&#8221; custom_margin=&#8221;0px||||false|false&#8221; custom_padding=&#8221;0px||||false|false&#8221; hover_enabled=&#8221;0&#8243; global_colors_info=&#8221;{}&#8221; sticky_enabled=&#8221;0&#8243;][et_pb_row column_structure=&#8221;2_3,1_3&#8243; admin_label=&#8221;row&#8221; _builder_version=&#8221;4.17.4&#8243; background_color=&#8221;#FFFFFF&#8221; background_size=&#8221;initial&#8221; background_position=&#8221;top_left&#8221; background_repeat=&#8221;repeat&#8221; custom_margin=&#8221;0px||||false|false&#8221; custom_padding=&#8221;0px||||false|false&#8221; hover_enabled=&#8221;0&#8243; box_shadow_style=&#8221;preset1&#8243; box_shadow_blur=&#8221;7px&#8221; global_colors_info=&#8221;{}&#8221; sticky_enabled=&#8221;0&#8243;][et_pb_column type=&#8221;2_3&#8243; _builder_version=&#8221;4.16&#8243; custom_padding=&#8221;|||&#8221; global_colors_info=&#8221;{}&#8221; custom_padding__hover=&#8221;|||&#8221;][et_pb_text _builder_version=&#8221;4.17.4&#8243; _module_preset=&#8221;default&#8221; header_font=&#8221;Alegreya|600|||||||&#8221; header_text_color=&#8221;#005B84&#8243; background_color=&#8221;#FFFFFF&#8221; custom_padding=&#8221;10px|||10px|false|false&#8221; border_width_bottom=&#8221;2px&#8221; border_color_bottom=&#8221;rgba(48,48,48,0.15)&#8221; border_style_bottom=&#8221;dotted&#8221; border_width_left=&#8221;10px&#8221; border_color_left=&#8221;#005B84&#8243; global_colors_info=&#8221;{}&#8221;]<\/p>\n<h1>Fundaci\u00f3n<\/h1>\n<p>[\/et_pb_text][et_pb_text admin_label=&#8221;Text&#8221; _builder_version=&#8221;4.17.4&#8243; header_font=&#8221;Alegreya|600|||||||&#8221; header_text_color=&#8221;#353535&#8243; background_size=&#8221;initial&#8221; background_position=&#8221;top_left&#8221; background_repeat=&#8221;repeat&#8221; custom_margin=&#8221;10px|10px||10px|false|false&#8221; custom_padding=&#8221;10px|10px||10px|false|false&#8221; global_colors_info=&#8221;{}&#8221;]<\/p>\n<p><a href=\"http:\/\/www.manuelrojas.cl\/wp-content\/uploads\/MR_fundacion.jpg\"><img loading=\"lazy\" decoding=\"async\" class=\"responsiva aligncenter wp-image-6770 size-full\" src=\"http:\/\/www.manuelrojas.cl\/wp-content\/uploads\/MR_fundacion.jpg\" alt=\"\" width=\"570\" height=\"319\" \/><\/a><\/p>\n<p class=\"dropcap\" style=\"text-align: justify;\">Los familiares del escritor\u00a0Manuel Rojas\u00a0y un grupo de personas cercanas y conocedoras de su vida y obra, se han\u00a0reunido para crear la <strong>Fundaci\u00f3n Manuel Rojas<\/strong>.<\/p>\n<p style=\"text-align: justify;\">El objetivo principal de\u00a0esta Fundaci\u00f3n es preservar y difundir la obra literaria del reconocido escritor chileno\u00a0Manuel Rojas (1896 &#8211; 1973).<\/p>\n<p style=\"text-align: justify;\">Para realizar su misi\u00f3n, la <strong>Fundaci\u00f3n Manuel Rojas<\/strong> promover\u00e1 las publicaciones y adaptaciones de sus escritos, as\u00ed como\u00a0la difusi\u00f3n de su legado a trav\u00e9s de la\u00a0investigaci\u00f3n y debate sobre el escritor.<\/p>\n<p style=\"text-align: justify;\">La <strong>Fundaci\u00f3n\u00a0Manuel Rojas<\/strong> buscar\u00e1 siempre la colaboraci\u00f3n de amigos, personas e instituciones interesados en contribuir con sus objetivos y actividades.<\/p>\n<div id=\"s3gt_translate_tooltip\" style=\"left: 379px; top: 109px; opacity: 0.15;\" title=\"Traducci\u00f3n del texto seleccionado sobre la marcha\"><\/div>\n<p>[\/et_pb_text][\/et_pb_column][et_pb_column type=&#8221;1_3&#8243; _builder_version=&#8221;4.16&#8243; custom_padding=&#8221;|||&#8221; global_colors_info=&#8221;{}&#8221; custom_padding__hover=&#8221;|||&#8221;][et_pb_text _builder_version=&#8221;4.17.4&#8243; _module_preset=&#8221;default&#8221; header_3_font=&#8221;Alegreya|600|||||||&#8221; custom_margin=&#8221;15px||0px||false|false&#8221; custom_padding=&#8221;15px||0px||false|false&#8221; global_colors_info=&#8221;{}&#8221;]<\/p>\n<h3>Noticias<\/h3>\n<p>[\/et_pb_text][et_pb_blog fullwidth=&#8221;off&#8221; posts_number=&#8221;5&#8243; show_author=&#8221;off&#8221; show_date=&#8221;off&#8221; show_categories=&#8221;off&#8221; show_pagination=&#8221;off&#8221; _builder_version=&#8221;4.17.4&#8243; _module_preset=&#8221;default&#8221; custom_margin=&#8221;|10px|10px||false|false&#8221; custom_padding=&#8221;||10px||false|false&#8221; border_width_all=&#8221;0px&#8221; border_width_top=&#8221;1px&#8221; border_width_right=&#8221;1px&#8221; border_style_right=&#8221;dotted&#8221; border_width_bottom=&#8221;1px&#8221; border_color_bottom=&#8221;#005B84&#8243; border_style_bottom=&#8221;dotted&#8221; border_width_left=&#8221;1px&#8221; border_style_left=&#8221;dotted&#8221; global_colors_info=&#8221;{}&#8221;][\/et_pb_blog][\/et_pb_column][\/et_pb_row][\/et_pb_section]<\/p>\n","protected":false},"excerpt":{"rendered":"<p>Fundaci\u00f3n Los familiares del escritor\u00a0Manuel Rojas\u00a0y un grupo de personas cercanas y conocedoras de su vida y obra, se han\u00a0reunido para crear la Fundaci\u00f3n Manuel Rojas. El objetivo principal de\u00a0esta Fundaci\u00f3n es preservar y difundir la obra literaria del reconocido escritor chileno\u00a0Manuel Rojas (1896 &#8211; 1973). Para realizar su misi\u00f3n, la Fundaci\u00f3n Manuel Rojas promover\u00e1 [&hellip;]<\/p>\n","protected":false},"author":1,"featured_media":7799,"parent":606,"menu_order":2,"comment_status":"closed","ping_status":"closed","template":"","meta":{"_et_pb_use_builder":"on","_et_pb_old_content":"<a href=\"http:\/\/www.manuelrojas.cl\/wp-content\/uploads\/MR_fundacion.jpg\"><img class=\"responsiva aligncenter wp-image-6770 size-full\" src=\"http:\/\/www.manuelrojas.cl\/wp-content\/uploads\/MR_fundacion.jpg\" alt=\"\" width=\"570\" height=\"319\" \/><\/a>\n<p class=\"dropcap\" style=\"text-align: justify;\">Los familiares del escritor\u00a0Manuel Rojas\u00a0y un grupo de personas cercanas y conocedoras de su vida y obra, se han\u00a0reunido para crear la <strong>Fundaci\u00f3n Manuel Rojas<\/strong>.<\/p>\n<p style=\"text-align: justify;\">El objetivo principal de\u00a0esta Fundaci\u00f3n es preservar y difundir la obra literaria del reconocido escritor chileno\u00a0Manuel Rojas (1896 - 1973).<\/p>\n<p style=\"text-align: justify;\">Para realizar su misi\u00f3n, la <strong>Fundaci\u00f3n Manuel Rojas<\/strong> promover\u00e1 las publicaciones y adaptaciones de sus escritos, as\u00ed como\u00a0la difusi\u00f3n de su legado a trav\u00e9s de la\u00a0investigaci\u00f3n y debate sobre el escritor.<\/p>\n<p style=\"text-align: justify;\">La <strong>Fundaci\u00f3n\u00a0Manuel Rojas<\/strong> buscar\u00e1 siempre la colaboraci\u00f3n de amigos, personas e instituciones interesados en contribuir con sus objetivos y actividades.<\/p>\n\n<div id=\"s3gt_translate_tooltip\" style=\"left: 379px; top: 109px; opacity: 0.15;\" title=\"Traducci\u00f3n del texto seleccionado sobre la marcha\"><\/div>\n","_et_gb_content_width":"","footnotes":""},"class_list":["post-7828","page","type-page","status-publish","has-post-thumbnail","hentry"],"_links":{"self":[{"href":"https:\/\/manuelrojas.cl\/index.php\/wp-json\/wp\/v2\/pages\/7828","targetHints":{"allow":["GET"]}}],"collection":[{"href":"https:\/\/manuelrojas.cl\/index.php\/wp-json\/wp\/v2\/pages"}],"about":[{"href":"https:\/\/manuelrojas.cl\/index.php\/wp-json\/wp\/v2\/types\/page"}],"author":[{"embeddable":true,"href":"https:\/\/manuelrojas.cl\/index.php\/wp-json\/wp\/v2\/users\/1"}],"replies":[{"embeddable":true,"href":"https:\/\/manuelrojas.cl\/index.php\/wp-json\/wp\/v2\/comments?post=7828"}],"version-history":[{"count":8,"href":"https:\/\/manuelrojas.cl\/index.php\/wp-json\/wp\/v2\/pages\/7828\/revisions"}],"predecessor-version":[{"id":8390,"href":"https:\/\/manuelrojas.cl\/index.php\/wp-json\/wp\/v2\/pages\/7828\/revisions\/8390"}],"up":[{"embeddable":true,"href":"https:\/\/manuelrojas.cl\/index.php\/wp-json\/wp\/v2\/pages\/606"}],"wp:featuredmedia":[{"embeddable":true,"href":"https:\/\/manuelrojas.cl\/index.php\/wp-json\/wp\/v2\/posts\/7799"}],"wp:attachment":[{"href":"https:\/\/manuelrojas.cl\/index.php\/wp-json\/wp\/v2\/media?parent=7828"}],"curies":[{"name":"wp","href":"https:\/\/api.w.org\/{rel}","templated":true}]}}