{"id":7829,"date":"2012-09-26T14:56:58","date_gmt":"2012-09-26T14:56:58","guid":{"rendered":"http:\/\/www.manuelrojas.cl\/?page_id=16"},"modified":"2024-11-06T15:53:13","modified_gmt":"2024-11-06T15:53:13","slug":"integrantes","status":"publish","type":"page","link":"https:\/\/manuelrojas.cl\/index.php\/quienes-somos\/integrantes\/","title":{"rendered":"Miembros"},"content":{"rendered":"\n[et_pb_section fb_built=&#8221;1&#8243; admin_label=&#8221;section&#8221; _builder_version=&#8221;4.17.4&#8243; hover_enabled=&#8221;0&#8243; global_colors_info=&#8221;{}&#8221; custom_margin=&#8221;0px||||false|false&#8221; custom_padding=&#8221;0px||||false|false&#8221; sticky_enabled=&#8221;0&#8243;][et_pb_row admin_label=&#8221;row&#8221; _builder_version=&#8221;4.17.4&#8243; background_size=&#8221;initial&#8221; background_position=&#8221;top_left&#8221; background_repeat=&#8221;repeat&#8221; hover_enabled=&#8221;0&#8243; global_colors_info=&#8221;{}&#8221; custom_margin=&#8221;0px||||false|false&#8221; custom_padding=&#8221;0px||||false|false&#8221; sticky_enabled=&#8221;0&#8243;][et_pb_column type=&#8221;4_4&#8243; _builder_version=&#8221;4.16&#8243; custom_padding=&#8221;|||&#8221; global_colors_info=&#8221;{}&#8221; custom_padding__hover=&#8221;|||&#8221;][et_pb_text _builder_version=&#8221;4.17.4&#8243; _module_preset=&#8221;default&#8221; header_font=&#8221;Alegreya|600|||||||&#8221; header_text_color=&#8221;#005B84&#8243; background_color=&#8221;#FFFFFF&#8221; custom_padding=&#8221;10px|||10px|false|false&#8221; border_width_bottom=&#8221;2px&#8221; border_color_bottom=&#8221;rgba(48,48,48,0.15)&#8221; border_style_bottom=&#8221;dotted&#8221; border_width_left=&#8221;10px&#8221; border_color_left=&#8221;#005B84&#8243; global_colors_info=&#8221;{}&#8221; theme_builder_area=&#8221;post_content&#8221;]<h1>Biograf\u00eda<\/h1>[\/et_pb_text][et_pb_text admin_label=&#8221;Text&#8221; _builder_version=&#8221;4.16&#8243; background_size=&#8221;initial&#8221; background_position=&#8221;top_left&#8221; background_repeat=&#8221;repeat&#8221; global_colors_info=&#8221;{}&#8221;]<!-- divi:image {\"align\":\"center\",\"id\":6777,\"linkDestination\":\"custom\"} -->\n<figure class=\"wp-block-image aligncenter\"><a href=\"http:\/\/www.manuelrojas.cl\/wp-content\/uploads\/MR_hijos-1.jpg\"><img decoding=\"async\" src=\"http:\/\/www.manuelrojas.cl\/wp-content\/uploads\/MR_hijos-1.jpg\" alt=\"\" class=\"wp-image-6777\"\/><\/a><\/figure>\n<!-- \/divi:image -->\n\n<!-- divi:separator -->\n<hr class=\"wp-block-separator has-alpha-channel-opacity\"\/>\n<!-- \/divi:separator -->\n\n<!-- divi:heading {\"level\":3} -->\n<h3>Fundadores<\/h3>\n<!-- \/divi:heading -->\n\n<!-- divi:separator -->\n<hr class=\"wp-block-separator has-alpha-channel-opacity\"\/>\n<!-- \/divi:separator -->\n\n<!-- divi:paragraph -->\n<p>Los fundadores son los hijos y nietos de Manuel Rojas :<\/p>\n<!-- \/divi:paragraph -->\n\n<!-- divi:list -->\n<ul><!-- divi:list-item -->\n<li>Mar\u00eda Eugenia Rojas, Patricio Rojas y Paz Rojas<\/li>\n<!-- \/divi:list-item -->\n\n<!-- divi:list-item -->\n<li>Estela Ortiz, Mar\u00eda Luisa Ortiz, Mauricio Mu\u00f1oz y Daniel Mu\u00f1oz<\/li>\n<!-- \/divi:list-item --><\/ul>\n<!-- \/divi:list -->\n\n<!-- divi:heading {\"level\":3} -->\n<h3>Directorio (2015-2018)<\/h3>\n<!-- \/divi:heading -->\n\n<!-- divi:separator -->\n<hr class=\"wp-block-separator has-alpha-channel-opacity\"\/>\n<!-- \/divi:separator -->\n\n<!-- divi:list -->\n<ul><!-- divi:list-item -->\n<li>Jorge Guerra Carre\u00f1o &#8211; <strong>Presidente<\/strong> \/ Arquitecto<\/li>\n<!-- \/divi:list-item -->\n\n<!-- divi:list-item -->\n<li>Daniel Mu\u00f1oz Rojas &#8211; <strong>Coordinador<\/strong> \/ Psic\u00f3logo Social<\/li>\n<!-- \/divi:list-item -->\n\n<!-- divi:list-item -->\n<li>Ignacio \u00c1lvarez &#8211; Dr. en Literatura<\/li>\n<!-- \/divi:list-item -->\n\n<!-- divi:list-item -->\n<li>Andrea Palet &#8211; Editora<\/li>\n<!-- \/divi:list-item -->\n\n<!-- divi:list-item -->\n<li>Gabirel Romero &#8211; Profesor<\/li>\n<!-- \/divi:list-item -->\n\n<!-- divi:list-item -->\n<li>Pedro Pablo Guerrero &#8211; Periodista<\/li>\n<!-- \/divi:list-item -->\n\n<!-- divi:list-item -->\n<li>Dar\u00edo Cort\u00e9s &#8211; Dr. en Literatura<\/li>\n<!-- \/divi:list-item --><\/ul>\n<!-- \/divi:list -->\n\n<!-- divi:image {\"align\":\"center\",\"id\":4832} -->\n<figure class=\"wp-block-image aligncenter\"><img decoding=\"async\" src=\"http:\/\/www.manuelrojas.cl\/wp-content\/uploads\/MR_hijos.jpg\" alt=\"MR_hijos\" class=\"wp-image-4832\"\/><\/figure>\n<!-- \/divi:image -->[\/et_pb_text][\/et_pb_column][\/et_pb_row][\/et_pb_section]\n","protected":false},"excerpt":{"rendered":"<p>Biograf\u00eda Fundadores Los fundadores son los hijos y nietos de Manuel Rojas : Mar\u00eda Eugenia Rojas, Patricio Rojas y Paz Rojas Estela Ortiz, Mar\u00eda Luisa Ortiz, Mauricio Mu\u00f1oz y Daniel Mu\u00f1oz Directorio (2015-2018) Jorge Guerra Carre\u00f1o &#8211; Presidente \/ Arquitecto Daniel Mu\u00f1oz Rojas &#8211; Coordinador \/ Psic\u00f3logo Social Ignacio \u00c1lvarez &#8211; Dr. en Literatura Andrea [&hellip;]<\/p>\n","protected":false},"author":1,"featured_media":7799,"parent":606,"menu_order":0,"comment_status":"closed","ping_status":"closed","template":"","meta":{"_et_pb_use_builder":"on","_et_pb_old_content":"<!-- wp:image {\"align\":\"center\",\"id\":6777,\"linkDestination\":\"custom\"} -->\n<figure class=\"wp-block-image aligncenter\"><a href=\"http:\/\/www.manuelrojas.cl\/wp-content\/uploads\/MR_hijos-1.jpg\"><img src=\"http:\/\/www.manuelrojas.cl\/wp-content\/uploads\/MR_hijos-1.jpg\" alt=\"\" class=\"wp-image-6777\"\/><\/a><\/figure>\n<!-- \/wp:image -->\n\n<!-- wp:separator -->\n<hr class=\"wp-block-separator has-alpha-channel-opacity\"\/>\n<!-- \/wp:separator -->\n\n<!-- wp:heading {\"level\":3} -->\n<h3>Fundadores<\/h3>\n<!-- \/wp:heading -->\n\n<!-- wp:separator -->\n<hr class=\"wp-block-separator has-alpha-channel-opacity\"\/>\n<!-- \/wp:separator -->\n\n<!-- wp:paragraph -->\n<p>Los fundadores son los hijos y nietos de Manuel Rojas :<\/p>\n<!-- \/wp:paragraph -->\n\n<!-- wp:list -->\n<ul><!-- wp:list-item -->\n<li>Mar\u00eda Eugenia Rojas, Patricio Rojas y Paz Rojas<\/li>\n<!-- \/wp:list-item -->\n\n<!-- wp:list-item -->\n<li>Estela Ortiz, Mar\u00eda Luisa Ortiz, Mauricio Mu\u00f1oz y Daniel Mu\u00f1oz<\/li>\n<!-- \/wp:list-item --><\/ul>\n<!-- \/wp:list -->\n\n<!-- wp:heading {\"level\":3} -->\n<h3>Directorio (2015-2018)<\/h3>\n<!-- \/wp:heading -->\n\n<!-- wp:separator -->\n<hr class=\"wp-block-separator has-alpha-channel-opacity\"\/>\n<!-- \/wp:separator -->\n\n<!-- wp:list -->\n<ul><!-- wp:list-item -->\n<li>Jorge Guerra Carre\u00f1o - <strong>Presidente<\/strong> \/ Arquitecto<\/li>\n<!-- \/wp:list-item -->\n\n<!-- wp:list-item -->\n<li>Daniel Mu\u00f1oz Rojas - <strong>Coordinador<\/strong> \/ Psic\u00f3logo Social<\/li>\n<!-- \/wp:list-item -->\n\n<!-- wp:list-item -->\n<li>Ignacio \u00c1lvarez - Dr. en Literatura<\/li>\n<!-- \/wp:list-item -->\n\n<!-- wp:list-item -->\n<li>Andrea Palet - Editora<\/li>\n<!-- \/wp:list-item -->\n\n<!-- wp:list-item -->\n<li>Gabirel Romero - Profesor<\/li>\n<!-- \/wp:list-item -->\n\n<!-- wp:list-item -->\n<li>Pedro Pablo Guerrero - Periodista<\/li>\n<!-- \/wp:list-item -->\n\n<!-- wp:list-item -->\n<li>Dar\u00edo Cort\u00e9s - Dr. en Literatura<\/li>\n<!-- \/wp:list-item --><\/ul>\n<!-- \/wp:list -->\n\n<!-- wp:image {\"align\":\"center\",\"id\":4832} -->\n<figure class=\"wp-block-image aligncenter\"><img src=\"http:\/\/www.manuelrojas.cl\/wp-content\/uploads\/MR_hijos.jpg\" alt=\"MR_hijos\" class=\"wp-image-4832\"\/><\/figure>\n<!-- \/wp:image -->","_et_gb_content_width":"","footnotes":""},"class_list":["post-7829","page","type-page","status-publish","has-post-thumbnail","hentry"],"_links":{"self":[{"href":"https:\/\/manuelrojas.cl\/index.php\/wp-json\/wp\/v2\/pages\/7829","targetHints":{"allow":["GET"]}}],"collection":[{"href":"https:\/\/manuelrojas.cl\/index.php\/wp-json\/wp\/v2\/pages"}],"about":[{"href":"https:\/\/manuelrojas.cl\/index.php\/wp-json\/wp\/v2\/types\/page"}],"author":[{"embeddable":true,"href":"https:\/\/manuelrojas.cl\/index.php\/wp-json\/wp\/v2\/users\/1"}],"replies":[{"embeddable":true,"href":"https:\/\/manuelrojas.cl\/index.php\/wp-json\/wp\/v2\/comments?post=7829"}],"version-history":[{"count":4,"href":"https:\/\/manuelrojas.cl\/index.php\/wp-json\/wp\/v2\/pages\/7829\/revisions"}],"predecessor-version":[{"id":11398,"href":"https:\/\/manuelrojas.cl\/index.php\/wp-json\/wp\/v2\/pages\/7829\/revisions\/11398"}],"up":[{"embeddable":true,"href":"https:\/\/manuelrojas.cl\/index.php\/wp-json\/wp\/v2\/pages\/606"}],"wp:featuredmedia":[{"embeddable":true,"href":"https:\/\/manuelrojas.cl\/index.php\/wp-json\/wp\/v2\/posts\/7799"}],"wp:attachment":[{"href":"https:\/\/manuelrojas.cl\/index.php\/wp-json\/wp\/v2\/media?parent=7829"}],"curies":[{"name":"wp","href":"https:\/\/api.w.org\/{rel}","templated":true}]}}